000
CXUS55 KALY 010710
CF6GFL
PRELIMINARY LOCAL CLIMATOLOGICAL DATA (WS FORM: F-6)
STATION: GLENS FALLS NY
MONTH: JULY
YEAR: 2022
LATITUDE: 43 20 N
LONGITUDE: 73 37 W
TEMPERATURE IN F: :PCPN: SNOW: WIND :SUNSHINE: SKY :PK WND
================================================================================
1 2 3 4 5 6A 6B 7 8 9 10 11 12 13 14 15 16 17 18
12Z AVG MX 2MIN
DY MAX MIN AVG DEP HDD CDD WTR SNW DPTH SPD SPD DIR MIN PSBL S-S WX SPD DR
================================================================================
1 90 58 74 5 0 9 0.00 M M 7.0 18 240 M M 1 3 26 220
2 84 53 69 0 0 4 0.14 M M 6.2 15 290 M M 5 1 20 180
3 82 52 67 -2 0 2 0.00 M M 3.5 14 340 M M 1 18 340
4 82 49 66 -3 0 1 0.00 M M 3.5 12 150 M M 1 17 170
5 67 55 61 -8 4 0 0.64 M M 1.8 12 190 M M 9 1 14 190
6 78 56 67 -2 0 2 T M M 6.5 17 50 M M 7 1 22 40
7 82 51 67 -2 0 2 0.00 M M 4.1 13 210 M M 4 1 17 190
8 84 53 69 -1 0 4 T M M 4.3 14 320 M M 5 12 19 220
9 76 50 63 -7 2 0 0.00 M M 5.9 14 80 M M 0 17 90
10 79 46 63 -7 2 0 0.00 M M 2.6 10 160 M M 0 1 13 160
11 86 46 66 -4 0 1 0.00 M M 5.9 18 200 M M 0 12 26 210
12 86 65 76 6 0 11 0.41 M M 7.3 20 220 M M 4 13 27 220
13 83 59 71 1 0 6 0.00 M M 2.3 10 30 M M 3 1 14 300
14 79 53 66 -4 0 1 T M M 3.6 16 340 M M 4 13 21 350
15 81 49 65 -5 0 0 0.00 M M 1.9 10 150 M M 1 12 14 160
16 85 54 70 0 0 5 0.00 M M 5.0 16 220 M M 1 20 220
17 89 61 75 5 0 10 0.00 M M 2.8 13 210 M M 2 1 18 180
18 77 64 71 1 0 6 1.10 M M 6.1 18 190 M M 7 13 27 190
19 89 65 77 7 0 12 0.00 M M 5.9 16 230 M M 3 23 240
20 91 66 79 9 0 14 0.00 M M 5.2 16 170 M M 0 1 19 180
21 87 67 77 7 0 12 0.53 M M 5.6 21 300 M M 2 13 27 300
22 89 61 75 5 0 10 T M M 5.5 18 230 M M 1 123 26 230
23 91 60 76 6 0 11 0.00 M M 4.6 17 200 M M 1 12 22 210
24 87 63 75 5 0 10 0.23 M M 6.8 20 200 M M 1 13 25 210
25 85 56 71 1 0 6 0.41 M M 7.2 24 300 M M 4 13 33 300
26 77 51 64 -6 1 0 0.00 M M 4.6 15 220 M M 2 1 21 200
27 79 48 64 -6 1 0 0.00 M M 2.8 10 180 M M 0 1 16 170
28 85 58 72 2 0 7 0.99 M M 3.5 29 310 M M 5 13 36 310
29 84 59 72 2 0 7 0.00 M M 4.7 16 220 M M 4 12 25 230
30 80 53 67 -3 0 2 0.00 M M 4.8 15 310 M M 4 1 21 320
31 81 52 67 -3 0 2 0.00 M M 4.2 15 210 M M 0 12 22 150
================================================================================
SM 2575 1733 10 157 4.45 M 145.7 M 82
================================================================================
AV 83.1 55.9 4.7 FASTST M M 3 MAX(MPH)
MISC ----> 29 310 36 310
================================================================================
NOTES:
# LAST OF SEVERAL OCCURRENCES
COLUMN 17 PEAK WIND IN M.P.H.
PRELIMINARY LOCAL CLIMATOLOGICAL DATA (WS FORM: F-6) , PAGE 2
STATION: GLENS FALLS NY
MONTH: JULY
YEAR: 2022
LATITUDE: 43 20 N
LONGITUDE: 73 37 W
[TEMPERATURE DATA] [PRECIPITATION DATA] SYMBOLS USED IN COLUMN 16
AVERAGE MONTHLY: 69.5 TOTAL FOR MONTH: 4.45 1 = FOG OR MIST
DPTR FM NORMAL: -0.2 DPTR FM NORMAL: 0.19 2 = FOG REDUCING VISIBILITY
HIGHEST: 91 ON 23,20 GRTST 24HR 1.10 ON 18-18 TO 1/4 MILE OR LESS
LOWEST: 46 ON 11,10 3 = THUNDER
SNOW, ICE PELLETS, HAIL 4 = ICE PELLETS
TOTAL MONTH: M 5 = HAIL
GRTST 24HR M ON M 6 = FREEZING RAIN OR DRIZZLE
GRTST DEPTH: M ON M 7 = DUSTSTORM OR SANDSTORM:
VSBY 1/2 MILE OR LESS
8 = SMOKE OR HAZE
[NO. OF DAYS WITH] [WEATHER - DAYS WITH] 9 = BLOWING SNOW
X = TORNADO
MAX 32 OR BELOW: 0 0.01 INCH OR MORE: 8
MAX 90 OR ABOVE: 3 0.10 INCH OR MORE: 8
MIN 32 OR BELOW: 0 0.50 INCH OR MORE: 4
MIN 0 OR BELOW: 0 1.00 INCH OR MORE: 1
[HDD (BASE 65) ]
TOTAL THIS MO. 10 CLEAR (SCALE 0-3) 17
DPTR FM NORMAL -4 PTCLDY (SCALE 4-7) 13
TOTAL FM JUL 1 10 CLOUDY (SCALE 8-10) 1
DPTR FM NORMAL 4
[CDD (BASE 65) ]
TOTAL THIS MO. 157
DPTR FM NORMAL -1 [PRESSURE DATA]
TOTAL FM JAN 1 250 HIGHEST SLP M ON M
DPTR FM NORMAL -4 LOWEST SLP 29.54 ON 21
[REMARKS]
#FINAL-07-22#