000
CXUS55 KGJT 190910
CF6GJT
PRELIMINARY LOCAL CLIMATOLOGICAL DATA (WS FORM: F-6)
STATION: GRAND JUNCTION CO
MONTH: APRIL
YEAR: 2024
LATITUDE: 39 7 N
LONGITUDE: 108 32 W
TEMPERATURE IN F: :PCPN: SNOW: WIND :SUNSHINE: SKY :PK WND
================================================================================
1 2 3 4 5 6A 6B 7 8 9 10 11 12 13 14 15 16 17 18
12Z AVG MX 2MIN
DY MAX MIN AVG DEP HDD CDD WTR SNW DPTH SPD SPD DIR MIN PSBL S-S WX SPD DR
================================================================================
1 56 33 45 -4 20 0 T M M 4.9 24 330 M M 6 29 340
2 64 33 49 0 16 0 0.00 0.0 M 6.4 14 40 M M 1 23 360
3 71 36 54 5 11 0 0.00 0.0 0 5.3 14 110 M M 0 16 120
4 77 43 60 11 5 0 0.00 0.0 M 13.6 24 110 M M 0 33 220
5 72 40 56 6 9 0 0.16 0.0 0 18.8 41 210 M M 2 18 55 220
6 49 34 42 -8 23 0 0.03 T 0 10.4 32 290 M M 6 44 290
7 55 25 40 -10 25 0 0.00 0.0 0 5.6 20 280 M M 2 26 290
8 60 28 44 -6 21 0 0.00 0.0 0 4.3 15 290 M M 0 18 290
9 64 30 47 -3 18 0 0.00 0.0 0 6.2 16 280 M M 1 24 280
10 68 36 52 2 13 0 0.00 0.0 M 3.9 17 300 M M 1 8 21 290
11 71 36 54 3 11 0 0.00 0.0 0 7.1 16 290 M M 0 8 21 280
12 82 44 63 12 2 0 0.00 0.0 0 11.5 24 120 M M 0 8 36 190
13 78 54 66 15 0 1 0.00 0.0 0 8.1 24 120 M M 0 8 34 120
14 80 48 64 13 1 0 0.00 0.0 0 14.0 26 190 M M 0 8 35 190
15 62 43 53 1 12 0 0.05 0.0 0 10.4 30 280 M M 5 8 38 280
16 71 41 56 4 9 0 0.00 0.0 0 5.6 16 310 M M 4 8 22 300
17 78 49 64 12 1 0 0.00 0.0 0 11.7 30 250 M M 2 37 260
18 77 48 63 11 2 0 0.00 0.0 0 9.0 28 250 M M 3 35 250
================================================================================
SM 1235 701 199 1 0.24 T 156.8 M 33
================================================================================
AV 68.6 38.9 8.7 FASTST M M 2 MAX(MPH)
MISC ----> 41 210 55 220
================================================================================
NOTES:
# LAST OF SEVERAL OCCURRENCES
COLUMN 17 PEAK WIND IN M.P.H.
PRELIMINARY LOCAL CLIMATOLOGICAL DATA (WS FORM: F-6) , PAGE 2
STATION: GRAND JUNCTION CO
MONTH: APRIL
YEAR: 2024
LATITUDE: 39 7 N
LONGITUDE: 108 32 W
[TEMPERATURE DATA] [PRECIPITATION DATA] SYMBOLS USED IN COLUMN 16
AVERAGE MONTHLY: 53.8 TOTAL FOR MONTH: 0.24 1 = FOG OR MIST
DPTR FM NORMAL: 3.3 DPTR FM NORMAL: -0.36 2 = FOG REDUCING VISIBILITY
HIGHEST: 82 ON 12 GRTST 24HR 0.19 ON 5- 6 TO 1/4 MILE OR LESS
LOWEST: 25 ON 7 3 = THUNDER
SNOW, ICE PELLETS, HAIL 4 = ICE PELLETS
TOTAL MONTH: T 5 = HAIL
GRTST 24HR T ON 6- 6 6 = FREEZING RAIN OR DRIZZLE
GRTST DEPTH: 0 7 = DUSTSTORM OR SANDSTORM:
VSBY 1/2 MILE OR LESS
8 = SMOKE OR HAZE
[NO. OF DAYS WITH] [WEATHER - DAYS WITH] 9 = BLOWING SNOW
X = TORNADO
MAX 32 OR BELOW: 0 0.01 INCH OR MORE: 3
MAX 90 OR ABOVE: 0 0.10 INCH OR MORE: 1
MIN 32 OR BELOW: 3 0.50 INCH OR MORE: 0
MIN 0 OR BELOW: 0 1.00 INCH OR MORE: 0
[HDD (BASE 65) ]
TOTAL THIS MO. 199 CLEAR (SCALE 0-3) 14
DPTR FM NORMAL -63 PTCLDY (SCALE 4-7) 4
TOTAL FM JUL 1 4346 CLOUDY (SCALE 8-10) 0
DPTR FM NORMAL -850
[CDD (BASE 65) ]
TOTAL THIS MO. 1
DPTR FM NORMAL 1 [PRESSURE DATA]
TOTAL FM JAN 1 1 HIGHEST SLP M ON M
DPTR FM NORMAL 1 LOWEST SLP 29.31 ON 5
[REMARKS]