000
CXUS54 KFWD 161603
CF6GKY
PRELIMINARY LOCAL CLIMATOLOGICAL DATA (WS FORM: F-6)
STATION: ARLINGTON
MONTH: JANUARY
YEAR: 2024
LATITUDE: 32 39 N
LONGITUDE: 97 6 W
TEMPERATURE IN F: :PCPN: SNOW: WIND :SUNSHINE: SKY :PK WND
================================================================================
1 2 3 4 5 6A 6B 7 8 9 10 11 12 13 14 15 16 17 18
12Z AVG MX 2MIN
DY MAX MIN AVG DEP HDD CDD WTR SNW DPTH SPD SPD DIR MIN PSBL S-S WX SPD DR
================================================================================
1 48 30 39 -8 26 0 0.00 M M 9.5 20 360 M M 1 1 24 350
2 49 28 39 -8 26 0 0.55 M M 3.6 13 80 M M 5 1 16 90
3 57 36 47 0 18 0 T M M 2.7 12 350 M M 5 1 15 330
4 59 32 46 -1 19 0 0.04 M M 7.4 21 110 M M 5 12 27 110
5 57 43 50 3 15 0 0.43 M M 6.8 23 120 M M 9 1 30 120
6 52 35 44 -3 21 0 0.00 M M 6.9 17 310 M M 5 22 300
7 60 29 45 -2 20 0 0.00 M M 10.0 22 150 M M 0 1 31 160
8 59 40 50 3 15 0 1.02 M M 14.0 26 270 M M 8 13 49 250
9 51 28 40 -7 25 0 0.00 M M 15.3 32 290 M M 2 53 300
10 68 28 48 1 17 0 0.00 M M 9.6 22 210 M M 0 36 230
11 70 31 51 4 14 0 0.00 M M 9.0 23 150 M M 0 33 170
12 62 29 46 -1 19 0 0.11 M M 11.9 30 290 M M 1 138 45 280
13 66 24 45 -2 20 0 0.00 M M 12.2 31 340 M M 0 37 340
14 24 14 19 -28 46 0 T M M 14.9 21 350 M M 8 30 330
15 27 11 19 -28 46 0 T M M 14.4 26 340 M M 6 1 37 360
16 29 13 21 -26 44 0 0.00 M M 10.6 25 340 M M 0 34 330
17 44 13 29 -18 36 0 0.00 M M 11.1 23 150 M M 0 34 140
18 63 39 51 4 14 0 0.00 M M 9.3 17 180 M M 0 31 180
19 47 27 37 -10 28 0 0.00 M M 16.1 26 340 M M 0 34 330
20 38 22 30 -17 35 0 0.00 M M 8.1 16 10 M M 0 22 360
21 42 33 38 -10 27 0 0.04 M M 11.6 17 130 M M 10 23 120
22 42 34 38 -10 27 0 0.35 M M 4.7 13 110 M M 10 18 17 110
23 52 42 47 -1 18 0 0.33 M M 5.8 12 310 M M 10 12 15 320
24 53 47 50 2 15 0 0.02 M M 4.6 12 310 M M 10 1 14 320
25 56 47 52 4 13 0 T M M 5.5 10 290 M M 9 1 17 270
26 53 48 51 3 14 0 0.82 M M 7.5 15 20 M M 10 18 19 40
27 53 39 46 -2 19 0 0.18 M M 13.9 22 310 M M 7 1 31 300
28 65 30 48 0 17 0 0.00 M M 3.5 13 340 M M 0 18 16 330
29 74 35 55 7 10 0 0.00 M M 3.0 13 220 M M 0 19 310
30 77 41 59 11 6 0 0.00 M M 3.5 12 290 M M 0 17 280
31 76 40 58 9 7 0 0.00 M M 2.4 13 100 M M 0 17 130
================================================================================
SM 1673 988 677 0 3.89 M 269.4 M 121
================================================================================
AV 54.0 31.9 8.7 FASTST M M 4 MAX(MPH)
MISC ----> 32 290 53 300
================================================================================
NOTES:
# LAST OF SEVERAL OCCURRENCES
COLUMN 17 PEAK WIND IN M.P.H.
PRELIMINARY LOCAL CLIMATOLOGICAL DATA (WS FORM: F-6) , PAGE 2
STATION: ARLINGTON
MONTH: JANUARY
YEAR: 2024
LATITUDE: 32 39 N
LONGITUDE: 97 6 W
[TEMPERATURE DATA] [PRECIPITATION DATA] SYMBOLS USED IN COLUMN 16
AVERAGE MONTHLY: 42.9 TOTAL FOR MONTH: 3.89 1 = FOG OR MIST
DPTR FM NORMAL: -4.4 DPTR FM NORMAL: 1.55 2 = FOG REDUCING VISIBILITY
HIGHEST: 77 ON 30 GRTST 24HR 1.03 ON 22-23 TO 1/4 MILE OR LESS
LOWEST: 11 ON 15 3 = THUNDER
SNOW, ICE PELLETS, HAIL 4 = ICE PELLETS
TOTAL MONTH: M 5 = HAIL
GRTST 24HR M ON M 6 = FREEZING RAIN OR DRIZZLE
GRTST DEPTH: M ON M 7 = DUSTSTORM OR SANDSTORM:
VSBY 1/2 MILE OR LESS
8 = SMOKE OR HAZE
[NO. OF DAYS WITH] [WEATHER - DAYS WITH] 9 = BLOWING SNOW
X = TORNADO
MAX 32 OR BELOW: 3 0.01 INCH OR MORE: 11
MAX 90 OR ABOVE: 0 0.10 INCH OR MORE: 8
MIN 32 OR BELOW: 16 0.50 INCH OR MORE: 3
MIN 0 OR BELOW: 0 1.00 INCH OR MORE: 1
[HDD (BASE 65) ]
TOTAL THIS MO. 677 CLEAR (SCALE 0-3) 16
DPTR FM NORMAL 124 PTCLDY (SCALE 4-7) 7
TOTAL FM JUL 1 1423 CLOUDY (SCALE 8-10) 8
DPTR FM NORMAL 22
[CDD (BASE 65) ]
TOTAL THIS MO. 0
DPTR FM NORMAL -3 [PRESSURE DATA]
TOTAL FM JAN 1 0 HIGHEST SLP 30.64 ON 20
DPTR FM NORMAL -3 LOWEST SLP 29.43 ON 12
[REMARKS]
#FINAL-01-24#