000
CXUS53 KGLD 010800
CF6GLD
PRELIMINARY LOCAL CLIMATOLOGICAL DATA (WS FORM: F-6)
STATION: GOODLAND KS
MONTH: APRIL
YEAR: 2022
LATITUDE: 39 22 N
LONGITUDE: 101 42 W
TEMPERATURE IN F: :PCPN: SNOW: WIND :SUNSHINE: SKY :PK WND
================================================================================
1 2 3 4 5 6A 6B 7 8 9 10 11 12 13 14 15 16 17 18
12Z AVG MX 2MIN
DY MAX MIN AVG DEP HDD CDD WTR SNW DPTH SPD SPD DIR MIN PSBL S-S WX SPD DR
================================================================================
1 56 26 41 -5 24 0 0.00 0.0 0 14.6 35 350 M M 2 44 350
2 66 23 45 -1 20 0 0.00 0.0 0 12.0 24 160 M M 0 33 160
3 58 31 45 -2 20 0 0.00 0.0 0 13.6 32 10 M M 2 41 10
4 66 32 49 2 16 0 0.00 0.0 0 15.3 29 200 M M 2 40 200
5 68 40 54 7 11 0 0.00 0.0 0 23.0 44 330 M M 4 57 330
6 53 34 44 -3 21 0 0.00 0.0 0 32.3 52 320 M M 3 8 69 340
7 54 26 40 -7 25 0 0.00 0.0 0 30.6 53 330 M M 2 8 70 330
8 60 27 44 -4 21 0 0.00 0.0 0 14.6 29 340 M M 0 37 350
9 85 37 61 13 4 0 0.00 0.0 0 13.6 24 320 M M 0 34 290
10 61 29 45 -3 20 0 0.00 0.0 0 20.5 43 330 M M 3 52 340
11 66 26 46 -2 19 0 0.00 0.0 0 20.1 38 160 M M 1 49 160
12 79 29 54 6 11 0 0.00 0.0 0 24.9 44 240 M M 2 8 59 230
13 46 17 32 -17 33 0 0.00 0.0 0 15.1 38 300 M M 2 46 300
14 63 14 39 -10 26 0 0.00 0.0 0 12.0 24 240 M M 1 38 230
15 53 23 38 -11 27 0 0.00 0.0 0 10.3 20 80 M M 0 26 50
16 51 18 35 -14 30 0 0.00 0.0 0 12.4 28 120 M M 2 35 110
17 73 26 50 1 15 0 0.00 0.0 0 15.3 32 330 M M 2 45 320
18 59 24 42 -8 23 0 0.00 0.0 0 12.1 25 150 M M 1 33 150
19 77 36 57 7 8 0 0.00 0.0 0 28.8 41 180 M M 1 55 180
20 73 43 58 8 7 0 0.00 0.0 0 14.5 37 350 M M 0 52 360
21 78 43 61 11 4 0 0.00 0.0 0 18.4 35 120 M M 2 1 43 130
22 92 48 70 19 0 5 T T 0 29.9 58 160 M M 2 358 74 160
23 67 34 51 0 14 0 0.00 0.0 0 17.5 35 330 M M 2 49 260
24 63 28 46 -5 19 0 0.00 0.0 0 20.0 38 330 M M 0 48 330
25 60 22 41 -11 24 0 0.00 0.0 0 8.4 16 330 M M 2 25 340
26 79 31 55 3 10 0 0.00 0.0 0 17.4 32 190 M M 0 43 190
27 82 42 62 10 3 0 0.00 0.0 0 8.9 17 180 M M 0 23 180
28 84 45 65 13 0 0 0.00 0.0 0 11.2 21 150 M M 1 3 28 130
29 74 45 60 7 5 0 0.04 0.0 0 20.0 46 320 M M 6 1238 57 320
30 67 34 51 -2 14 0 0.00 0.0 0 24.2 41 330 M M 0 52 310
================================================================================
SM 2013 933 474 5 0.04 T 531.5 M 45
================================================================================
AV 67.1 31.1 17.7 FASTST M M 2 MAX(MPH)
MISC ----> 58 160 74 160
================================================================================
NOTES:
# LAST OF SEVERAL OCCURRENCES
COLUMN 17 PEAK WIND IN M.P.H.
PRELIMINARY LOCAL CLIMATOLOGICAL DATA (WS FORM: F-6) , PAGE 2
STATION: GOODLAND KS
MONTH: APRIL
YEAR: 2022
LATITUDE: 39 22 N
LONGITUDE: 101 42 W
[TEMPERATURE DATA] [PRECIPITATION DATA] SYMBOLS USED IN COLUMN 16
AVERAGE MONTHLY: 49.1 TOTAL FOR MONTH: 0.04 1 = FOG OR MIST
DPTR FM NORMAL: -0.2 DPTR FM NORMAL: -1.65 2 = FOG REDUCING VISIBILITY
HIGHEST: 92 ON 22 GRTST 24HR 0.04 ON 29-29 TO 1/4 MILE OR LESS
LOWEST: 14 ON 14 3 = THUNDER
SNOW, ICE PELLETS, HAIL 4 = ICE PELLETS
TOTAL MONTH: T 5 = HAIL
GRTST 24HR T ON 22-22 6 = FREEZING RAIN OR DRIZZLE
GRTST DEPTH: 1 ON M 7 = DUSTSTORM OR SANDSTORM:
VSBY 1/2 MILE OR LESS
8 = SMOKE OR HAZE
[NO. OF DAYS WITH] [WEATHER - DAYS WITH] 9 = BLOWING SNOW
X = TORNADO
MAX 32 OR BELOW: 0 0.01 INCH OR MORE: 1
MAX 90 OR ABOVE: 1 0.10 INCH OR MORE: 0
MIN 32 OR BELOW: 18 0.50 INCH OR MORE: 0
MIN 0 OR BELOW: 0 1.00 INCH OR MORE: 0
[HDD (BASE 65) ]
TOTAL THIS MO. 474 CLEAR (SCALE 0-3) 27
DPTR FM NORMAL 0 PTCLDY (SCALE 4-7) 3
TOTAL FM JUL 1 5194 CLOUDY (SCALE 8-10) 0
DPTR FM NORMAL -356
[CDD (BASE 65) ]
TOTAL THIS MO. 5
DPTR FM NORMAL 2 [PRESSURE DATA]
TOTAL FM JAN 1 5 HIGHEST SLP M ON M
DPTR FM NORMAL 2 LOWEST SLP 29.15 ON 12
[REMARKS]
#FINAL-04-22#