000
CXUS53 KAPX 010730
CF6GLR
PRELIMINARY LOCAL CLIMATOLOGICAL DATA (WS FORM: F-6)
STATION: GAYLORD
MONTH: JULY
YEAR: 2022
LATITUDE: 45 0 N
LONGITUDE: 84 42 W
TEMPERATURE IN F: :PCPN: SNOW: WIND :SUNSHINE: SKY :PK WND
================================================================================
1 2 3 4 5 6A 6B 7 8 9 10 11 12 13 14 15 16 17 18
12Z AVG MX 2MIN
DY MAX MIN AVG DEP HDD CDD WTR SNW DPTH SPD SPD DIR MIN PSBL S-S WX SPD DR
================================================================================
1 76 57 67 1 0 2 0.41 M M 7.6 25 220 M M 4 13 39 220
2 73 53 63 -3 2 0 0.00 M M 6.8 15 270 M M 2 31 250
3 79 47 63 -3 2 0 0.00 M M 3.7 14 260 M M 1 22 270
4 82 59 71 5 0 6 0.15 M M 5.6 10 170 M M 6 1 15 170
5 79 64 72 6 0 7 0.70 M M 4.3 8 270 M M 9 12 M M
6 74 60 67 1 0 2 0.00 M M 5.8 14 50 M M 9 1 18 50
7 81 57 69 3 0 4 0.00 M M 4.7 14 260 M M 3 19 270
8 75 57 66 0 0 1 0.00 M M 6.5 14 30 M M 2 20 40
9 79 52 66 0 0 1 0.00 M M 4.4 13 60 M M 0 20 50
10 84 49 67 0 0 2 0.00 M M 5.4 17 220 M M 1 23 270
11 78 63 71 4 0 6 0.20 M M 10.0 21 220 M M 6 18 30 220
12 72 58 65 -2 0 0 0.16 M M 6.7 14 280 M M 7 1 22 270
13 76 58 67 0 0 2 0.03 M M 4.1 13 40 M M 5 18 40
14 78 46 62 -5 3 0 0.00 M M 2.1 10 40 M M 1 16 20
15 77 49 63 -4 2 0 0.00 M M 4.0 14 200 M M 1 19 190
16 80 51 66 -1 0 1 0.00 M M 1.6 9 150 M M 3 13 130
17 85 59 72 5 0 7 0.00 M M 2.9 13 130 M M 2 18 16 130
18 87 53 70 3 0 5 0.00 M M 6.2 18 240 M M 0 26 290
19 88 71 80 13 0 15 T M M 8.9 20 240 M M 0 28 240
20 85 68 77 10 0 12 0.17 M M 14.5 29 260 M M 5 45 260
21 83 62 73 6 0 8 0.01 M M 9.6 23 250 M M 4 8 36 270
22 90 56 73 6 0 8 0.06 M M 10.6 26 250 M M 2 3 41 250
23 91 67 79 12 0 14 T M M 8.7 22 210 M M 2 34 210
24 78 60 69 2 0 4 0.04 M M 9.3 22 220 M M 8 31 230
25 69 52 61 -6 4 0 0.00 M M 5.9 18 260 M M 5 28 250
26 80 52 66 -1 0 1 0.00 M M 4.1 15 250 M M 3 21 250
27 82 54 68 1 0 3 0.05 M M 6.3 23 230 M M 4 3 34 230
28 75 58 67 0 0 2 0.01 M M 9.7 23 250 M M 6 37 240
29 73 53 63 -4 2 0 T M M 6.7 18 260 M M 6 29 260
30 81 54 68 1 0 3 0.00 M M 5.6 17 250 M M 2 26 260
31 86 55 71 5 0 6 0.00 M M 7.2 20 220 M M 3 29 260
================================================================================
SM 2476 1754 15 122 1.99 M 199.5 M 112
================================================================================
AV 79.9 56.6 6.4 FASTST M M 4 MAX(MPH)
MISC ----> 29 260 45 260
================================================================================
NOTES:
# LAST OF SEVERAL OCCURRENCES
COLUMN 17 PEAK WIND IN M.P.H.
PRELIMINARY LOCAL CLIMATOLOGICAL DATA (WS FORM: F-6) , PAGE 2
STATION: GAYLORD
MONTH: JULY
YEAR: 2022
LATITUDE: 45 0 N
LONGITUDE: 84 42 W
[TEMPERATURE DATA] [PRECIPITATION DATA] SYMBOLS USED IN COLUMN 16
AVERAGE MONTHLY: 68.2 TOTAL FOR MONTH: 1.99 1 = FOG OR MIST
DPTR FM NORMAL: 1.6 DPTR FM NORMAL: -0.82 2 = FOG REDUCING VISIBILITY
HIGHEST: 91 ON 23 GRTST 24HR 0.81 ON 4- 5 TO 1/4 MILE OR LESS
LOWEST: 46 ON 14 3 = THUNDER
SNOW, ICE PELLETS, HAIL 4 = ICE PELLETS
TOTAL MONTH: M 5 = HAIL
GRTST 24HR M ON M 6 = FREEZING RAIN OR DRIZZLE
GRTST DEPTH: M ON M 7 = DUSTSTORM OR SANDSTORM:
VSBY 1/2 MILE OR LESS
8 = SMOKE OR HAZE
[NO. OF DAYS WITH] [WEATHER - DAYS WITH] 9 = BLOWING SNOW
X = TORNADO
MAX 32 OR BELOW: 0 0.01 INCH OR MORE: 12
MAX 90 OR ABOVE: 2 0.10 INCH OR MORE: 6
MIN 32 OR BELOW: 0 0.50 INCH OR MORE: 1
MIN 0 OR BELOW: 0 1.00 INCH OR MORE: 0
[HDD (BASE 65) ]
TOTAL THIS MO. 15 CLEAR (SCALE 0-3) 15
DPTR FM NORMAL -40 PTCLDY (SCALE 4-7) 14
TOTAL FM JUL 1 15 CLOUDY (SCALE 8-10) 2
DPTR FM NORMAL -47
[CDD (BASE 65) ]
TOTAL THIS MO. 122
DPTR FM NORMAL 17 [PRESSURE DATA]
TOTAL FM JAN 1 286 HIGHEST SLP 30.27 ON 9
DPTR FM NORMAL 108 LOWEST SLP 29.38 ON 20
[REMARKS]
#FINAL-07-22#