000
CXUS53 KAPX 010731
CF6GLR
PRELIMINARY LOCAL CLIMATOLOGICAL DATA (WS FORM: F-6)
STATION: GAYLORD
MONTH: MARCH
YEAR: 2022
LATITUDE: 45 0 N
LONGITUDE: 84 42 W
TEMPERATURE IN F: :PCPN: SNOW: WIND :SUNSHINE: SKY :PK WND
================================================================================
1 2 3 4 5 6A 6B 7 8 9 10 11 12 13 14 15 16 17 18
12Z AVG MX 2MIN
DY MAX MIN AVG DEP HDD CDD WTR SNW DPTH SPD SPD DIR MIN PSBL S-S WX SPD DR
================================================================================
1 31 20 26 4 39 0 0.00 M M 5.3 14 300 M M 9 8 24 300
2 30 5 18 -4 47 0 0.05 M M 6.2 16 260 M M 6 18 27 330
3 24 -5 10 -13 55 0 T M M 4.2 16 270 M M 2 8 23 310
4 32 -2 15 -8 50 0 0.00 M M 5.0 16 260 M M 1 21 250
5 41 26 34 11 31 0 0.76 M M 10.6 23 150 M M 9 1 33 130
6 48 28 38 14 27 0 0.27 M M 13.8 33 250 M M 10 18 46 240
7 30 14 22 -2 43 0 0.18 M M 5.6 14 310 M M 9 1 26 290
8 35 8 22 -2 43 0 T M M 9.5 22 230 M M 1 8 30 220
9 31 18 25 0 40 0 T M M 11.1 23 260 M M 6 18 31 270
10 24 11 18 -7 47 0 T M M 6.5 16 260 M M 7 23 260
11 28 5 17 -9 48 0 T M M 9.3 24 270 M M 6 8 36 280
12 17 7 12 -14 53 0 0.02 M M 10.4 18 300 M M 10 8 35 290
13 29 7 18 -8 47 0 T M M 8.9 20 250 M M 10 8 28 260
14 35 17 26 -1 39 0 0.08 M M 1.8 7 30 M M 8 18 11 30
15 46 26 36 9 29 0 0.00 M M 5.0 14 250 M M 4 128 18 240
16 54 31 43 15 22 0 0.00 M M 7.1 16 210 M M 1 8 21 210
17 58 38 48 20 17 0 0.00 M M 6.1 13 260 M M 2 8 18 270
18 38 34 36 8 29 0 0.24 M M 7.1 15 60 M M 10 126 27 60
19 36 33 35 6 30 0 0.32 M M 8.2 18 50 M M 10 1 26 50
20 51 27 39 10 26 0 0.00 M M 4.9 14 260 M M 0 19 260
21 43 25 34 4 31 0 0.03 M M 3.7 12 170 M M 6 18 14 170
22 38 32 35 5 30 0 T M M 8.3 22 130 M M 8 34 140
23 37 32 35 5 30 0 0.33 M M 10.3 22 120 M M 10 168 34 130
24 34 32 33 2 32 0 0.18 M M 3.4 12 60 M M 10 16 18 60
25 45 28 37 6 28 0 0.00 M M 8.4 17 250 M M 8 1 22 290
26 35 19 27 -5 38 0 T M M 10.6 18 300 M M 10 1 34 300
27 19 13 16 -16 49 0 0.02 M M 9.7 20 310 M M 10 128 39 300
28 23 -1 11 -21 54 0 T M M 5.1 15 290 M M 5 18 25 320
29 41 1 21 -12 44 0 0.00 M M 5.8 18 140 M M 2 25 130
30 37 29 33 0 32 0 0.54 M M 12.2 28 140 M M 10 16 42 110
31 37 28 33 -1 32 0 0.69 M M 8.4 18 290 M M 10 16 35 270
================================================================================
SM 1107 586 1162 0 3.71 M 232.5 M 210
================================================================================
AV 35.7 18.9 7.5 FASTST M M 7 MAX(MPH)
MISC ----> 33 250 46 240
================================================================================
NOTES:
# LAST OF SEVERAL OCCURRENCES
COLUMN 17 PEAK WIND IN M.P.H.
PRELIMINARY LOCAL CLIMATOLOGICAL DATA (WS FORM: F-6) , PAGE 2
STATION: GAYLORD
MONTH: MARCH
YEAR: 2022
LATITUDE: 45 0 N
LONGITUDE: 84 42 W
[TEMPERATURE DATA] [PRECIPITATION DATA] SYMBOLS USED IN COLUMN 16
AVERAGE MONTHLY: 27.3 TOTAL FOR MONTH: 3.71 1 = FOG OR MIST
DPTR FM NORMAL: -0.4 DPTR FM NORMAL: 2.29 2 = FOG REDUCING VISIBILITY
HIGHEST: 58 ON 17 GRTST 24HR 1.03 ON 5- 6 TO 1/4 MILE OR LESS
LOWEST: -5 ON 3 3 = THUNDER
SNOW, ICE PELLETS, HAIL 4 = ICE PELLETS
TOTAL MONTH: M 5 = HAIL
GRTST 24HR M ON M 6 = FREEZING RAIN OR DRIZZLE
GRTST DEPTH: M ON M 7 = DUSTSTORM OR SANDSTORM:
VSBY 1/2 MILE OR LESS
8 = SMOKE OR HAZE
[NO. OF DAYS WITH] [WEATHER - DAYS WITH] 9 = BLOWING SNOW
X = TORNADO
MAX 32 OR BELOW: 12 0.01 INCH OR MORE: 14
MAX 90 OR ABOVE: 0 0.10 INCH OR MORE: 9
MIN 32 OR BELOW: 28 0.50 INCH OR MORE: 3
MIN 0 OR BELOW: 3 1.00 INCH OR MORE: 0
[HDD (BASE 65) ]
TOTAL THIS MO. 1162 CLEAR (SCALE 0-3) 7
DPTR FM NORMAL 5 PTCLDY (SCALE 4-7) 9
TOTAL FM JUL 1 6521 CLOUDY (SCALE 8-10) 15
DPTR FM NORMAL -581
[CDD (BASE 65) ]
TOTAL THIS MO. 0
DPTR FM NORMAL 0 [PRESSURE DATA]
TOTAL FM JAN 1 0 HIGHEST SLP 30.48 ON 3
DPTR FM NORMAL 0 LOWEST SLP 28.95 ON 31
[REMARKS]
#FINAL-03-22#