000
CXUS54 KMAF 011110
CF6GNC
PRELIMINARY LOCAL CLIMATOLOGICAL DATA (WS FORM: F-6)
STATION: GAINES COUNTY AIRPORT
MONTH: JUNE
YEAR: 2020
LATITUDE: 32 40 N
LONGITUDE: 102 39 W
TEMPERATURE IN F: :PCPN: SNOW: WIND :SUNSHINE: SKY :PK WND
================================================================================
1 2 3 4 5 6A 6B 7 8 9 10 11 12 13 14 15 16 17 18
12Z AVG MX 2MIN
DY MAX MIN AVG DEP HDD CDD WTR SNW DPTH SPD SPD DIR MIN PSBL S-S WX SPD DR
================================================================================
1 87 61 74 M 0 9 M M M 6.9 14 130 M M 1 25 140
2 91 61 76 M 0 11 M M M 5.8 13 140 M M 2 17 140
3 94 63 79 M 0 14 M M M 2.4 10 110 M M 1 M M
4 101 68 85 M 0 20 M M M 8.6 16 220 M M 0 21 220
5 100 69 85 M 0 20 M M M 10.2 17 120 M M 0 23 130
6 96 66 81 M 0 16 M M M 10.6 20 140 M M 0 29 150
7 99 65 82 M 0 17 M M M 10.1 17 160 M M 0 26 140
8 103 67 85 M 0 20 M M M 8.4 18 220 M M 0 26 250
9 87 62 75 M 0 10 M M M 16.0 28 320 M M 0 8 43 320
10 90 53 72 M 0 7 M M M 5.1 13 140 M M 0 16 130
11 95 62 79 M 0 14 M M M 10.1 18 170 M M 0 28 160
12 94 60 77 M 0 12 M M M 8.5 18 170 M M 0 25 170
13 94 57 76 M 0 11 M M M 9.3 18 150 M M 0 25 160
14 92 62 77 M 0 12 M M M 9.2 15 150 M M 0 24 180
15 90 60 75 M 0 10 M M M 8.4 16 170 M M 0 22 170
16 93 64 79 M 0 14 M M M 8.8 17 160 M M 0 24 140
17 98 70 84 M 0 19 0.03 M M 11.5 21 130 M M 1 8 28 130
18 102 68 85 M 0 20 M M M 9.9 20 140 M M 0 26 140
19 98 70 84 M 0 19 0.01 M M 13.3 25 100 M M 0 35 100
20 94 63 79 M 0 14 M M M 10.6 18 110 M M 4 28 110
21 106 65 86 M 0 21 M M M 8.6 15 270 M M 0 28 220
22 100 69 85 M 0 20 M M M 9.7 18 100 M M 0 37 110
23 88 66 77 M 0 12 M M M 10.6 20 60 M M 2 8 37 70
24 93 66 80 M 0 15 M M M 8.4 15 120 M M 0 28 140
25 95 63 79 M 0 14 M M M 7.0 13 140 M M 0 21 160
26 98 67 83 M 0 18 M M M 8.7 14 170 M M 0 24 150
27 98 70 84 M 0 19 M M M 11.5 21 270 M M 2 41 200
28 99 72 86 M 0 21 M M M 9.5 14 200 M M 0 25 260
29 101 71 86 M 0 21 M M M 15.5 23 210 M M 0 30 250
30 102 70 86 M 0 21 M M M 11.0 21 240 M M 1 29 240
================================================================================
SM 2878 1950 0 471 0.04 M 284.4 M 14
================================================================================
AV 95.9 65.0 9.5 FASTST M M 0 MAX(MPH)
MISC ----> 28 320 43 320
================================================================================
NOTES:
# LAST OF SEVERAL OCCURRENCES
COLUMN 17 PEAK WIND IN M.P.H.
PRELIMINARY LOCAL CLIMATOLOGICAL DATA (WS FORM: F-6) , PAGE 2
STATION: GAINES COUNTY AIRPORT
MONTH: JUNE
YEAR: 2020
LATITUDE: 32 40 N
LONGITUDE: 102 39 W
[TEMPERATURE DATA] [PRECIPITATION DATA] SYMBOLS USED IN COLUMN 16
AVERAGE MONTHLY: 80.5 TOTAL FOR MONTH: 0.04 1 = FOG OR MIST
DPTR FM NORMAL: 0.0 DPTR FM NORMAL: M 2 = FOG REDUCING VISIBILITY
HIGHEST: 106 ON 21 GRTST 24HR 0.03 ON 17-17 TO 1/4 MILE OR LESS
LOWEST: 53 ON 10 3 = THUNDER
SNOW, ICE PELLETS, HAIL 4 = ICE PELLETS
TOTAL MONTH: M 5 = HAIL
GRTST 24HR M ON M 6 = FREEZING RAIN OR DRIZZLE
GRTST DEPTH: M ON M 7 = DUSTSTORM OR SANDSTORM:
VSBY 1/2 MILE OR LESS
8 = SMOKE OR HAZE
[NO. OF DAYS WITH] [WEATHER - DAYS WITH] 9 = BLOWING SNOW
X = TORNADO
MAX 32 OR BELOW: 0 0.01 INCH OR MORE: 2
MAX 90 OR ABOVE: 27 0.10 INCH OR MORE: 0
MIN 32 OR BELOW: 0 0.50 INCH OR MORE: 0
MIN 0 OR BELOW: 0 1.00 INCH OR MORE: 0
[HDD (BASE 65) ]
TOTAL THIS MO. 0 CLEAR (SCALE 0-3) 29
DPTR FM NORMAL M PTCLDY (SCALE 4-7) 1
TOTAL FM JUL 1 2809 CLOUDY (SCALE 8-10) 0
DPTR FM NORMAL M
[CDD (BASE 65) ]
TOTAL THIS MO. 471
DPTR FM NORMAL M [PRESSURE DATA]
TOTAL FM JAN 1 827 HIGHEST SLP M ON M
DPTR FM NORMAL M LOWEST SLP M ON M
[REMARKS]
#FINAL-06-20#