000
CXUS54 KOUN 310810
CF6GOK
PRELIMINARY LOCAL CLIMATOLOGICAL DATA (WS FORM: F-6)
STATION: GUTHRIE MUNICIPAL
MONTH: OCTOBER
YEAR: 2020
LATITUDE: 35 50 N
LONGITUDE: 97 25 W
TEMPERATURE IN F: :PCPN: SNOW: WIND :SUNSHINE: SKY :PK WND
================================================================================
1 2 3 4 5 6A 6B 7 8 9 10 11 12 13 14 15 16 17 18
12Z AVG MX 2MIN
DY MAX MIN AVG DEP HDD CDD WTR SNW DPTH SPD SPD DIR MIN PSBL S-S WX SPD DR
================================================================================
1 74 45 60 -7 5 0 0.00 M M 5.8 14 30 M M 3 23 10
2 73 40 57 -10 8 0 0.00 M M 6.7 17 180 M M 0 18 22 170
3 73 50 62 -4 3 0 0.00 M M 6.0 14 280 M M 1 18 10
4 73 42 58 -8 7 0 0.00 M M 5.4 14 80 M M 0 18 90
5 78 50 64 -2 1 0 0.00 M M 11.5 22 180 M M 0 27 180
6 82 51 67 2 0 2 0.00 M M 5.0 12 200 M M 0 16 200
7 89 59 74 9 0 9 0.00 0.0 M 7.6 14 190 M M 0 1 18 170
8 87 63 75 10 0 10 0.00 M M 10.0 18 180 M M 0 26 180
9 85 65 75 11 0 10 0.00 M M 11.2 20 170 M M 3 1 27 180
10 85 59 72 8 0 7 0.00 M M 4.6 12 150 M M 2 12 14 160
11 92 64 78 15 0 13 0.00 M M 13.5 26 300 M M 0 8 35 300
12 77 50 64 1 1 0 0.00 M M 6.0 17 350 M M 2 8 32 330
13 82 50 66 3 0 1 0.00 0.0 0 9.1 17 200 M M 0 23 180
14 91 61 76 14 0 11 0.00 0.0 0 14.8 28 190 M M 0 35 180
15 71 48 60 -2 5 0 0.00 0.0 0 10.5 24 40 M M 5 39 30
16 68 38 53 -9 12 0 0.00 0.0 0 5.1 16 180 M M 1 20 190
17 76 53 65 4 0 0 0.00 0.0 0 14.8 31 180 M M 0 38 180
18 68 45 57 -4 8 0 0.00 0.0 0 8.7 18 20 M M 8 1 29 30
19 58 41 50 -10 15 0 T M M 5.0 12 80 M M 7 1 16 40
20 72 47 60 0 5 0 0.00 M M 5.9 12 180 M M 9 1 17 10
21 86 54 70 10 0 5 0.00 M M 10.8 24 200 M M 4 1 29 200
22 87 69 78 19 0 13 0.00 M M 15.4 28 190 M M 0 3 37 160
23 68 40 54 -5 11 0 0.00 M M 9.5 17 360 M M 9 1 29 350
24 56 39 48 -11 17 0 0.00 M M 6.3 14 60 M M 5 19 40
25 49 37 43 -15 22 0 0.01 M M 8.7 13 30 M M 9 18 20 30
26 37 28 33 -25 32 0 0.90 M M 9.8 16 20 M M 10 136 26 360
27 32 28 30 -28 35 0 M M M 8.9 14 30 M M 9 16 22 360
28 36 34 35 -22 30 0 0.34 M M 5.8 10 40 M M 10 13 M M
29 M M M M M M M M M M M M M M M M M
30 M M M M M M M M M M M M M M M M M
================================================================================
SM 2005 1350 217 81 1.25 0.0 242.4 M 97
================================================================================
AV 71.6 48.2 8.7 FASTST M M 3 MAX(MPH)
MISC ----> 31 180 39 30
================================================================================
NOTES:
# LAST OF SEVERAL OCCURRENCES
COLUMN 17 PEAK WIND IN M.P.H.
PRELIMINARY LOCAL CLIMATOLOGICAL DATA (WS FORM: F-6) , PAGE 2
STATION: GUTHRIE MUNICIPAL
MONTH: OCTOBER
YEAR: 2020
LATITUDE: 35 50 N
LONGITUDE: 97 25 W
[TEMPERATURE DATA] [PRECIPITATION DATA] SYMBOLS USED IN COLUMN 16
AVERAGE MONTHLY: 59.9 TOTAL FOR MONTH: 1.25 1 = FOG OR MIST
DPTR FM NORMAL: -1.9 DPTR FM NORMAL: -2.26 2 = FOG REDUCING VISIBILITY
HIGHEST: 92 ON 11 GRTST 24HR 0.91 ON 25-26 TO 1/4 MILE OR LESS
LOWEST: 28 ON 27,26 3 = THUNDER
SNOW, ICE PELLETS, HAIL 4 = ICE PELLETS
TOTAL MONTH: 0.0 INCH 5 = HAIL
GRTST 24HR 0.0 6 = FREEZING RAIN OR DRIZZLE
GRTST DEPTH: 0 7 = DUSTSTORM OR SANDSTORM:
VSBY 1/2 MILE OR LESS
8 = SMOKE OR HAZE
[NO. OF DAYS WITH] [WEATHER - DAYS WITH] 9 = BLOWING SNOW
X = TORNADO
MAX 32 OR BELOW: 1 0.01 INCH OR MORE: 3
MAX 90 OR ABOVE: 2 0.10 INCH OR MORE: 2
MIN 32 OR BELOW: 2 0.50 INCH OR MORE: 1
MIN 0 OR BELOW: 0 1.00 INCH OR MORE: 0
[HDD (BASE 65) ]
TOTAL THIS MO. 217 CLEAR (SCALE 0-3) 16
DPTR FM NORMAL 55 PTCLDY (SCALE 4-7) 6
TOTAL FM JUL 1 252 CLOUDY (SCALE 8-10) 8
DPTR FM NORMAL 71
[CDD (BASE 65) ]
TOTAL THIS MO. 81
DPTR FM NORMAL 13 [PRESSURE DATA]
TOTAL FM JAN 1 1925 HIGHEST SLP M ON M
DPTR FM NORMAL -142 LOWEST SLP 29.58 ON 11
[REMARKS]