000
CXUS54 KFWD 161604
CF6GOP
PRELIMINARY LOCAL CLIMATOLOGICAL DATA (WS FORM: F-6)
STATION: GATESVILLE
MONTH: JANUARY
YEAR: 2024
LATITUDE: 31 25 N
LONGITUDE: 97 48 W
TEMPERATURE IN F: :PCPN: SNOW: WIND :SUNSHINE: SKY :PK WND
================================================================================
1 2 3 4 5 6A 6B 7 8 9 10 11 12 13 14 15 16 17 18
12Z AVG MX 2MIN
DY MAX MIN AVG DEP HDD CDD WTR SNW DPTH SPD SPD DIR MIN PSBL S-S WX SPD DR
================================================================================
1 50 34 42 -3 23 0 0.00 M M 7.2 13 350 M M 1 20 350
2 52 30 41 -4 24 0 0.70 M M 4.7 10 80 M M 4 15 99
3 48 41 45 0 20 0 0.00 M M 4.6 8 350 M M 8 M M
4 55 41 48 3 17 0 0.02 M M 4.2 10 110 M M 9 1 20 140
5 61 43 52 7 13 0 0.21 M M 4.5 12 270 M M 5 1 17 290
6 57 34 46 1 19 0 0.00 M M 3.9 9 310 M M 0 14 290
7 61 30 46 1 19 0 0.00 M M 7.2 15 140 M M 2 28 170
8 61 43 52 7 13 0 0.04 M M 16.7 31 280 M M 7 3 48 280
9 54 34 44 -1 21 0 0.00 M M 14.3 25 300 M M 0 39 300
10 68 32 50 5 15 0 0.00 M M 9.5 22 220 M M 0 31 210
11 75 37 56 11 9 0 0.00 M M 7.7 18 180 M M 0 28 180
12 63 30 47 2 18 0 0.00 M M 11.0 21 280 M M 3 33 280
13 63 28 46 1 19 0 0.00 M M 8.3 18 350 M M 0 25 350
14 27 14 21 -24 44 0 0.00 M M 11.0 15 360 M M 7 22 350
15 23 14 19 -26 46 0 M M M 11.1 17 350 M M 4 24 360
16 28 16 22 -23 43 0 0.00 M M 9.7 17 360 M M 1 25 360
17 46 14 30 -15 35 0 0.00 M M 6.3 12 200 M M 0 24 170
18 73 34 54 9 11 0 0.00 M M 6.7 13 250 M M 2 21 250
19 46 27 37 -8 28 0 0.00 M M 11.9 22 350 M M 2 32 360
20 39 21 30 -16 35 0 0.00 M M 5.7 9 60 M M 5 15 30
21 41 36 39 -7 26 0 0.00 M M 5.8 9 130 M M 10 20 100
22 46 36 41 -5 24 0 1.03 M M 1.8 7 99 M M 10 1 14 70
23 54 46 50 4 15 0 0.42 M M 2.9 6 60 M M 8 1 15 99
24 54 48 51 5 14 0 0.28 M M 3.5 7 120 M M 7 1 M M
25 55 50 53 7 12 0 0.00 M M 4.1 9 140 M M 8 15 140
26 54 46 50 4 15 0 0.08 M M 3.9 9 10 M M 9 1 15 M
27 61 41 51 5 14 0 0.00 M M 9.1 16 330 M M 5 23 310
28 64 34 49 3 16 0 0.00 M M 3.1 8 340 M M 0 13 99
29 72 41 57 11 8 0 0.00 M M 4.0 12 250 M M 0 16 250
30 73 43 58 12 7 0 0.00 M M 5.1 12 260 M M 0 15 260
31 75 46 61 14 4 0 0.00 M M 4.4 8 180 M M 0 15 140
================================================================================
SM 1699 1064 627 0 2.78 M 213.7 M 117
================================================================================
AV 54.8 34.3 6.9 FASTST M M 4 MAX(MPH)
MISC ----> 31 280 48 280
================================================================================
NOTES:
# LAST OF SEVERAL OCCURRENCES
COLUMN 17 PEAK WIND IN M.P.H.
PRELIMINARY LOCAL CLIMATOLOGICAL DATA (WS FORM: F-6) , PAGE 2
STATION: GATESVILLE
MONTH: JANUARY
YEAR: 2024
LATITUDE: 31 25 N
LONGITUDE: 97 48 W
[TEMPERATURE DATA] [PRECIPITATION DATA] SYMBOLS USED IN COLUMN 16
AVERAGE MONTHLY: 44.6 TOTAL FOR MONTH: 2.78 1 = FOG OR MIST
DPTR FM NORMAL: -0.8 DPTR FM NORMAL: M 2 = FOG REDUCING VISIBILITY
HIGHEST: 75 ON 31,11 GRTST 24HR 1.03 ON 22-22 TO 1/4 MILE OR LESS
LOWEST: 14 ON 17,15 3 = THUNDER
SNOW, ICE PELLETS, HAIL 4 = ICE PELLETS
TOTAL MONTH: M 5 = HAIL
GRTST 24HR M ON M 6 = FREEZING RAIN OR DRIZZLE
GRTST DEPTH: M ON M 7 = DUSTSTORM OR SANDSTORM:
VSBY 1/2 MILE OR LESS
8 = SMOKE OR HAZE
[NO. OF DAYS WITH] [WEATHER - DAYS WITH] 9 = BLOWING SNOW
X = TORNADO
MAX 32 OR BELOW: 3 0.01 INCH OR MORE: 8
MAX 90 OR ABOVE: 0 0.10 INCH OR MORE: 5
MIN 32 OR BELOW: 11 0.50 INCH OR MORE: 2
MIN 0 OR BELOW: 0 1.00 INCH OR MORE: 1
[HDD (BASE 65) ]
TOTAL THIS MO. 627 CLEAR (SCALE 0-3) 16
DPTR FM NORMAL 17 PTCLDY (SCALE 4-7) 9
TOTAL FM JUL 1 1315 CLOUDY (SCALE 8-10) 6
DPTR FM NORMAL -263
[CDD (BASE 65) ]
TOTAL THIS MO. 0
DPTR FM NORMAL -1 [PRESSURE DATA]
TOTAL FM JAN 1 0 HIGHEST SLP M ON M
DPTR FM NORMAL -1 LOWEST SLP M ON M
[REMARKS]
#FINAL-01-24#