000
CXUS55 KMSO 082052
CF6GPI
PRELIMINARY LOCAL CLIMATOLOGICAL DATA (WS FORM: F-6)
STATION: KALISPELL MT
MONTH: MAY
YEAR: 2023
LATITUDE: 48 17 N
LONGITUDE: 114 16 W
TEMPERATURE IN F: :PCPN: SNOW: WIND :SUNSHINE: SKY :PK WND
================================================================================
1 2 3 4 5 6A 6B 7 8 9 10 11 12 13 14 15 16 17 18
12Z AVG MX 2MIN
DY MAX MIN AVG DEP HDD CDD WTR SNW DPTH SPD SPD DIR MIN PSBL S-S WX SPD DR
================================================================================
1 86 48 67 20 0 2 0.00 0.0 0 10.5 20 30 M M 0 26 10
2 85 53 69 22 0 4 0.00 0.0 0 12.7 21 20 M M 0 27 20
3 82 48 65 17 0 0 0.00 0.0 0 5.9 17 40 M M 0 23 120
4 85 48 67 19 0 2 0.00 0.0 0 10.5 32 60 M M 0 41 60
5 66 49 58 10 7 0 0.17 0.0 0 5.4 21 10 M M 6 1 28 140
6 51 41 46 -3 19 0 1.14 0.0 0 10.5 18 150 M M 10 13 26 140
7 56 40 48 -1 17 0 0.30 0.0 0 4.0 13 190 M M 8 1 18 260
8 58 41 50 1 15 0 0.11 0.0 0 4.1 17 150 M M 7 1 24 140
9 68 33 51 1 14 0 0.18 0.0 0 5.3 17 150 M M 5 123 23 160
10 66 43 55 5 10 0 T 0.0 0 2.8 12 180 M M 5 17 180
11 71 37 54 4 11 0 0.00 0.0 0 3.8 15 200 M M 1 19 200
12 77 39 58 7 7 0 0.00 0.0 0 3.6 16 120 M M 0 21 10
13 76 41 59 8 6 0 0.00 0.0 0 6.5 22 90 M M 1 33 60
14 73 46 60 9 5 0 0.00 0.0 0 8.1 16 90 M M 0 23 140
15 79 45 62 10 3 0 0.00 0.0 0 5.3 15 230 M M 1 20 230
16 79 44 62 10 3 0 0.00 0.0 0 4.1 14 20 M M 1 38 19 10
17 72 50 61 9 4 0 T 0.0 0 4.4 14 30 M M 0 18 18 30
18 77 50 64 12 1 0 0.00 0.0 0 2.5 10 170 M M 2 18 14 130
19 81 46 64 11 1 0 0.00 0.0 0 5.5 16 170 M M 0 18 27 140
20 84 46 65 12 0 0 0.00 0.0 0 3.5 14 180 M M 0 1 30 200
21 82 47 65 12 0 0 T 0.0 0 4.0 16 360 M M 1 3 24 350
22 67 44 56 2 9 0 0.25 0.0 0 8.4 22 230 M M 6 1 29 230
23 68 34 51 -3 14 0 0.00 0.0 0 5.7 16 170 M M 0 22 150
24 72 46 59 5 6 0 0.01 0.0 0 3.7 12 140 M M 2 22 130
25 68 49 59 5 6 0 0.01 0.0 0 8.3 21 30 M M 7 27 30
26 65 49 57 3 8 0 0.10 0.0 0 4.6 13 40 M M 7 1 17 20
27 67 49 58 4 7 0 0.02 0.0 0 2.4 10 340 M M 5 14 330
28 71 49 60 5 5 0 0.00 0.0 0 5.1 17 170 M M 7 22 170
29 73 46 60 5 5 0 0.01 0.0 0 6.4 21 210 M M 3 3 28 210
30 78 39 59 4 6 0 0.00 0.0 0 6.6 18 150 M M 1 12 26 140
31 72 40 56 1 9 0 0.01 0.0 0 3.2 17 130 M M 2 22 140
================================================================================
SM 2255 1380 198 8 2.31 0.0 177.4 M 88
================================================================================
AV 72.7 44.5 5.7 FASTST M M 3 MAX(MPH)
MISC ----> 32 60 41 60
================================================================================
NOTES:
# LAST OF SEVERAL OCCURRENCES
COLUMN 17 PEAK WIND IN M.P.H.
PRELIMINARY LOCAL CLIMATOLOGICAL DATA (WS FORM: F-6) , PAGE 2
STATION: KALISPELL MT
MONTH: MAY
YEAR: 2023
LATITUDE: 48 17 N
LONGITUDE: 114 16 W
[TEMPERATURE DATA] [PRECIPITATION DATA] SYMBOLS USED IN COLUMN 16
AVERAGE MONTHLY: 58.6 TOTAL FOR MONTH: 2.31 1 = FOG OR MIST
DPTR FM NORMAL: 7.0 DPTR FM NORMAL: 0.47 2 = FOG REDUCING VISIBILITY
HIGHEST: 86 ON 1 GRTST 24HR 1.19 ON 6- 7 TO 1/4 MILE OR LESS
LOWEST: 33 ON 9 3 = THUNDER
SNOW, ICE PELLETS, HAIL 4 = ICE PELLETS
TOTAL MONTH: 0.0 INCH 5 = HAIL
GRTST 24HR 0.0 6 = FREEZING RAIN OR DRIZZLE
GRTST DEPTH: 0 7 = DUSTSTORM OR SANDSTORM:
VSBY 1/2 MILE OR LESS
8 = SMOKE OR HAZE
[NO. OF DAYS WITH] [WEATHER - DAYS WITH] 9 = BLOWING SNOW
X = TORNADO
MAX 32 OR BELOW: 0 0.01 INCH OR MORE: 12
MAX 90 OR ABOVE: 0 0.10 INCH OR MORE: 7
MIN 32 OR BELOW: 0 0.50 INCH OR MORE: 1
MIN 0 OR BELOW: 0 1.00 INCH OR MORE: 1
[HDD (BASE 65) ]
TOTAL THIS MO. 198 CLEAR (SCALE 0-3) 19
DPTR FM NORMAL -219 PTCLDY (SCALE 4-7) 10
TOTAL FM JUL 1 7901 CLOUDY (SCALE 8-10) 2
DPTR FM NORMAL 27
[CDD (BASE 65) ]
TOTAL THIS MO. 8
DPTR FM NORMAL 7 [PRESSURE DATA]
TOTAL FM JAN 1 8 HIGHEST SLP 30.44 ON 13
DPTR FM NORMAL 7 LOWEST SLP 29.51 ON 4
[REMARKS]
#FINAL-05-23#