000
CXUS53 KGRR 280910
CF6GRR
PRELIMINARY LOCAL CLIMATOLOGICAL DATA (WS FORM: F-6)
STATION: GRAND RAPIDS
MONTH: MARCH
YEAR: 2024
LATITUDE: 42 52 N
LONGITUDE: 85 31 W
TEMPERATURE IN F: :PCPN: SNOW: WIND :SUNSHINE: SKY :PK WND
================================================================================
1 2 3 4 5 6A 6B 7 8 9 10 11 12 13 14 15 16 17 18
12Z AVG MX 2MIN
DY MAX MIN AVG DEP HDD CDD WTR SNW DPTH SPD SPD DIR MIN PSBL S-S WX SPD DR
================================================================================
1 49 25 37 7 28 0 T 0.0 0 10.0 20 190 M M 5 24 190
2 54 38 46 15 19 0 0.00 0.0 0 5.8 13 200 M M 7 16 210
3 66 38 52 21 13 0 0.00 0.0 0 14.7 25 150 M M 5 1 33 150
4 70 49 60 29 5 0 0.00 0.0 0 11.7 23 180 M M 5 3 32 190
5 64 42 53 21 12 0 0.61 0.0 0 10.7 22 20 M M 9 13 27 190
6 52 35 44 12 21 0 0.00 0.0 0 12.6 23 50 M M 6 31 50
7 48 31 40 8 25 0 0.00 0.0 0 9.1 17 110 M M 7 25 120
8 51 38 45 12 20 0 0.97 0.0 0 9.5 16 320 M M 9 1 23 290
9 47 31 39 6 26 0 0.20 T 0 13.7 21 280 M M 10 14 29 270
10 39 29 34 0 31 0 0.01 0.2 T 15.4 26 320 M M 7 1 36 320
11 61 29 45 11 20 0 0.00 0.0 0 13.1 32 240 M M 2 44 240
12 70 44 57 23 8 0 0.00 0.0 0 12.7 29 240 M M 5 39 210
13 71 40 56 22 9 0 T 0.0 0 4.3 15 230 M M 4 3 19 240
14 58 43 51 16 14 0 0.81 0.0 0 12.4 32 40 M M 10 13 41 30
15 53 31 42 7 23 0 0.00 0.0 0 8.8 16 260 M M 3 23 310
16 53 30 42 6 23 0 0.04 0.0 0 14.9 33 240 M M 7 47 230
17 38 29 34 -2 31 0 0.04 0.2 0 11.1 24 290 M M 9 128 33 290
18 35 25 30 -6 35 0 0.01 T 0 12.7 21 300 M M 10 1 29 310
19 44 30 37 0 28 0 0.00 0.0 0 16.1 35 250 M M 8 46 250
20 37 21 29 -8 36 0 0.01 0.3 0 12.8 28 320 M M 7 18 37 320
21 35 17 26 -11 39 0 0.00 0.0 0 4.7 14 260 M M 6 18 280
22 30 26 28 -10 37 0 0.40 6.5 1 7.2 13 70 M M 10 12 18 140
23 36 23 30 -8 35 0 T T 6 6.3 14 290 M M 6 1 19 20
24 40 22 31 -8 34 0 0.00 0.0 T 11.2 24 110 M M 8 33 110
25 63 33 48 9 17 0 0.00 0.0 0 13.6 24 150 M M 8 29 130
26 61 36 49 10 16 0 0.44 0.0 0 19.7 35 170 M M 10 138 47 160
27 36 31 34 -6 31 0 T T 0 16.3 30 240 M M 9 37 250
================================================================================
SM 1361 866 636 0 3.54 7.2 311.1 M 192
================================================================================
AV 50.4 32.1 11.5 FASTST M M 7 MAX(MPH)
MISC ----> # 35 250 # 47 230
================================================================================
NOTES:
# LAST OF SEVERAL OCCURRENCES
COLUMN 17 PEAK WIND IN M.P.H.
PRELIMINARY LOCAL CLIMATOLOGICAL DATA (WS FORM: F-6) , PAGE 2
STATION: GRAND RAPIDS
MONTH: MARCH
YEAR: 2024
LATITUDE: 42 52 N
LONGITUDE: 85 31 W
[TEMPERATURE DATA] [PRECIPITATION DATA] SYMBOLS USED IN COLUMN 16
AVERAGE MONTHLY: 41.2 TOTAL FOR MONTH: 3.54 1 = FOG OR MIST
DPTR FM NORMAL: 6.3 DPTR FM NORMAL: 1.52 2 = FOG REDUCING VISIBILITY
HIGHEST: 71 ON 13 GRTST 24HR 1.17 ON 8- 9 TO 1/4 MILE OR LESS
LOWEST: 17 ON 21 3 = THUNDER
SNOW, ICE PELLETS, HAIL 4 = ICE PELLETS
TOTAL MONTH: 7.2 INCHES 5 = HAIL
GRTST 24HR 6.5 ON 22-22 6 = FREEZING RAIN OR DRIZZLE
GRTST DEPTH: 6 ON 23 7 = DUSTSTORM OR SANDSTORM:
VSBY 1/2 MILE OR LESS
8 = SMOKE OR HAZE
[NO. OF DAYS WITH] [WEATHER - DAYS WITH] 9 = BLOWING SNOW
X = TORNADO
MAX 32 OR BELOW: 1 0.01 INCH OR MORE: 11
MAX 90 OR ABOVE: 0 0.10 INCH OR MORE: 6
MIN 32 OR BELOW: 16 0.50 INCH OR MORE: 3
MIN 0 OR BELOW: 0 1.00 INCH OR MORE: 0
[HDD (BASE 65) ]
TOTAL THIS MO. 636 CLEAR (SCALE 0-3) 1
DPTR FM NORMAL -176 PTCLDY (SCALE 4-7) 16
TOTAL FM JUL 1 4722 CLOUDY (SCALE 8-10) 10
DPTR FM NORMAL -796
[CDD (BASE 65) ]
TOTAL THIS MO. 0
DPTR FM NORMAL 0 [PRESSURE DATA]
TOTAL FM JAN 1 0 HIGHEST SLP M ON M
DPTR FM NORMAL 0 LOWEST SLP 29.46 ON 26
[REMARKS]