000
CXUS53 KIWX 010810
CF6GSH
PRELIMINARY LOCAL CLIMATOLOGICAL DATA (WS FORM: F-6)
STATION: GOSHEN
MONTH: JUNE
YEAR: 2023
LATITUDE: 41 31 N
LONGITUDE: 85 47 W
TEMPERATURE IN F: :PCPN: SNOW: WIND :SUNSHINE: SKY :PK WND
================================================================================
1 2 3 4 5 6A 6B 7 8 9 10 11 12 13 14 15 16 17 18
12Z AVG MX 2MIN
DY MAX MIN AVG DEP HDD CDD WTR SNW DPTH SPD SPD DIR MIN PSBL S-S WX SPD DR
================================================================================
1 92 62 77 11 0 12 0.00 M M 4.7 16 130 M M 2 19 130
2 92 57 75 9 0 10 0.00 M M 4.6 17 60 M M 1 8 27 90
3 92 59 76 9 0 11 T M M 8.1 22 50 M M 1 38 32 50
4 84 58 71 4 0 6 0.00 M M 8.4 17 90 M M 0 24 90
5 83 48 66 -1 0 1 0.00 M M 5.2 16 320 M M 0 8 23 10
6 80 56 68 0 0 3 0.01 M M 6.5 15 290 M M 2 8 18 290
7 77 44 61 -7 4 0 0.00 M M 7.6 20 320 M M 1 18 26 330
8 76 46 61 -7 4 0 0.00 M M 6.6 21 300 M M 0 8 27 300
9 77 48 63 -5 2 0 0.00 M M 5.1 16 320 M M 0 8 23 30
10 86 49 68 -1 0 3 0.00 M M 6.0 17 250 M M 1 18 26 240
11 69 60 65 -4 0 0 0.10 M M 7.7 15 20 M M 6 1 21 20
12 63 50 57 -12 8 0 T M M 11.5 18 290 M M 7 1 24 300
13 65 55 60 -10 5 0 0.52 M M 12.1 23 280 M M 9 1 34 290
14 70 53 62 -8 3 0 0.00 M M 4.8 12 270 M M 6 17 280
15 82 52 67 -3 0 2 0.00 M M 9.8 23 340 M M 1 128 30 330
16 75 54 65 -5 0 0 0.00 0.0 0 9.6 17 330 M M 6 1 22 350
17 80 49 65 -5 0 0 T 0.0 0 3.9 15 340 M M 0 18 20 10
18 85 53 69 -2 0 4 0.00 0.0 0 4.5 15 140 M M 0 128 21 200
19 87 60 74 3 0 9 0.00 0.0 0 9.3 15 80 M M 1 22 100
20 91 64 78 7 0 13 0.00 0.0 0 10.4 22 120 M M 0 32 120
21 90 63 77 6 0 12 0.00 M M 10.5 22 100 M M 0 18 32 100
22 83 62 73 1 0 8 0.00 M M 6.6 21 60 M M 5 8 33 60
23 82 64 73 1 0 8 0.00 M M 3.5 12 40 M M 9 16 30
24 89 62 76 4 0 11 0.00 M M 3.6 12 20 M M 4 1 17 30
25 86 64 75 3 0 10 0.04 M M 10.8 29 310 M M 4 13 38 310
26 73 63 68 -4 0 3 0.13 M M 13.6 26 300 M M 9 18 33 300
27 71 57 64 -8 1 0 0.00 M M 9.6 18 320 M M 6 18 26 300
28 82 51 67 -5 0 2 T M M 2.9 10 80 M M 7 128 15 80
29 87 64 76 4 0 11 0.05 M M 10.7 25 170 M M 5 138 36 130
30 88 67 78 5 0 13 T M M 5.5 21 340 M M 6 1238 27 330
================================================================================
SM 2437 1694 27 152 0.85 0.0 223.7 M 99
================================================================================
AV 81.2 56.5 7.5 FASTST M M 3 MAX(MPH)
MISC ----> 29 310 38 310
================================================================================
NOTES:
# LAST OF SEVERAL OCCURRENCES
COLUMN 17 PEAK WIND IN M.P.H.
PRELIMINARY LOCAL CLIMATOLOGICAL DATA (WS FORM: F-6) , PAGE 2
STATION: GOSHEN
MONTH: JUNE
YEAR: 2023
LATITUDE: 41 31 N
LONGITUDE: 85 47 W
[TEMPERATURE DATA] [PRECIPITATION DATA] SYMBOLS USED IN COLUMN 16
AVERAGE MONTHLY: 68.9 TOTAL FOR MONTH: 0.85 1 = FOG OR MIST
DPTR FM NORMAL: -1.1 DPTR FM NORMAL: -2.62 2 = FOG REDUCING VISIBILITY
HIGHEST: 92 ON 3, 2 GRTST 24HR 0.52 ON 12-13 TO 1/4 MILE OR LESS
LOWEST: 44 ON 7 3 = THUNDER
SNOW, ICE PELLETS, HAIL 4 = ICE PELLETS
TOTAL MONTH: 0.0 INCH 5 = HAIL
GRTST 24HR 0.0 6 = FREEZING RAIN OR DRIZZLE
GRTST DEPTH: 0 7 = DUSTSTORM OR SANDSTORM:
VSBY 1/2 MILE OR LESS
8 = SMOKE OR HAZE
[NO. OF DAYS WITH] [WEATHER - DAYS WITH] 9 = BLOWING SNOW
X = TORNADO
MAX 32 OR BELOW: 0 0.01 INCH OR MORE: 6
MAX 90 OR ABOVE: 5 0.10 INCH OR MORE: 3
MIN 32 OR BELOW: 0 0.50 INCH OR MORE: 1
MIN 0 OR BELOW: 0 1.00 INCH OR MORE: 0
[HDD (BASE 65) ]
TOTAL THIS MO. 27 CLEAR (SCALE 0-3) 16
DPTR FM NORMAL -3 PTCLDY (SCALE 4-7) 11
TOTAL FM JUL 1 5401 CLOUDY (SCALE 8-10) 3
DPTR FM NORMAL -775
[CDD (BASE 65) ]
TOTAL THIS MO. 152
DPTR FM NORMAL -24 [PRESSURE DATA]
TOTAL FM JAN 1 205 HIGHEST SLP 30.12 ON 21
DPTR FM NORMAL -34 LOWEST SLP 29.52 ON 13
[REMARKS]
#FINAL-06-23#