000
CXGM50 PGUM 010030
CF6GSN
PRELIMINARY LOCAL CLIMATOLOGICAL DATA (WS FORM: F-6)
STATION: SAIPAN/ISLEY_(CGS) MP
MONTH: AUGUST
YEAR: 2023
LATITUDE: 15 7 N
LONGITUDE: 145-44 E
TEMPERATURE IN F: :PCPN: SNOW: WIND :SUNSHINE: SKY :PK WND
================================================================================
1 2 3 4 5 6A 6B 7 8 9 10 11 12 13 14 15 16 17 18
12Z AVG MX 2MIN
DY MAX MIN AVG DEP HDD CDD WTR SNW DPTH SPD SPD DIR MIN PSBL S-S WX SPD DR
================================================================================
1 89 79 84 2 0 19 0.05 0.0 0 4.4 12 90 M M 4 15 80
2 88 80 84 2 0 19 0.52 0.0 0 2.9 12 190 M M 3 15 240
3 89 78 84 2 0 19 T 0.0 0 3.3 12 180 M M 2 15 140
4 90 80 85 3 0 20 0.01 0.0 0 4.2 12 310 M M 2 14 320
5 89 79 84 2 0 19 0.06 0.0 0 2.6 14 100 M M 2 16 90
6 89 79 84 2 0 19 0.07 0.0 0 3.5 12 170 M M 3 15 170
7 91 80 86 4 0 21 0.13 0.0 0 3.0 17 10 M M 5 22 10
8 89 78 84 2 0 19 0.07 0.0 0 4.2 12 160 M M 5 15 150
9 88 79 84 2 0 19 0.67 0.0 0 5.7 13 300 M M 5 19 200
10 86 78 82 0 0 17 0.51 0.0 0 9.0 21 250 M M 7 30 230
11 84 76 80 -2 0 15 2.53 0.0 0 10.8 25 240 M M 8 38 240
12 87 76 82 0 0 17 0.61 0.0 0 10.0 21 220 M M 6 27 210
13 88 76 82 0 0 17 1.64 0.0 0 12.3 23 250 M M 7 29 250
14 83 76 80 -2 0 15 1.15 0.0 0 8.7 23 240 M M 8 30 240
15 89 79 84 2 0 19 0.11 0.0 0 8.4 16 200 M M 4 21 190
16 88 78 83 1 0 18 0.01 0.0 0 5.0 13 150 M M 3 16 150
17 89 78 84 2 0 19 0.13 0.0 0 5.5 15 70 M M 2 18 70
18 89 80 85 3 0 20 T 0.0 0 8.2 15 90 M M 2 18 70
19 89 79 84 2 0 19 0.06 0.0 0 5.0 12 140 M M 3 15 140
20 89 79 84 2 0 19 0.17 M M 5.3 13 60 M M 3 1 15 150
21 89 81 85 3 0 20 0.01 M M 6.2 14 150 M M 3 17 150
22 89 81 85 3 0 20 0.50 M M 2.4 12 100 M M 3 18 13 80
23 90 80 85 3 0 20 0.02 0.0 0 7.3 15 330 M M 2 1 21 310
24 87 80 84 2 0 19 1.80 0.0 0 5.8 14 330 M M 6 1 18 320
25 88 80 84 2 0 19 0.07 M M 4.6 14 120 M M 5 1 19 120
26 88 80 84 2 0 19 0.09 M M 5.5 15 250 M M 5 13 18 240
27 88 79 84 2 0 19 0.77 M M 12.8 25 210 M M 6 18 32 210
28 89 77 83 1 0 18 0.66 M M 8.1 15 220 M M 6 1 21 220
29 83 76 80 -2 0 15 2.11 M M 2.9 13 50 M M 8 1 13 50
30 88 77 83 1 0 18 0.68 M M 4.4 18 150 M M 4 1 26 100
31 87 77 82 0 0 17 1.05 M M 7.7 18 120 M M 6 138 25 120
================================================================================
SM 2729 2435 0 573 16.26 0.0 189.7 M 138
================================================================================
AV 88.0 78.5 6.1 FASTST M M 4 MAX(MPH)
MISC ----> # 25 240 38 240
================================================================================
NOTES:
# LAST OF SEVERAL OCCURRENCES
COLUMN 17 PEAK WIND IN M.P.H.
PRELIMINARY LOCAL CLIMATOLOGICAL DATA (WS FORM: F-6) , PAGE 2
STATION: SAIPAN/ISLEY_(CGS) MP
MONTH: AUGUST
YEAR: 2023
LATITUDE: 15 7 N
LONGITUDE: 145-44 E
[TEMPERATURE DATA] [PRECIPITATION DATA] SYMBOLS USED IN COLUMN 16
AVERAGE MONTHLY: 83.3 TOTAL FOR MONTH: 16.26 1 = FOG OR MIST
DPTR FM NORMAL: 0.9 DPTR FM NORMAL: 3.40 2 = FOG REDUCING VISIBILITY
HIGHEST: 91 ON 7 GRTST 24HR 2.75 ON 28-29 TO 1/4 MILE OR LESS
LOWEST: 76 ON 14,13 3 = THUNDER
SNOW, ICE PELLETS, HAIL 4 = ICE PELLETS
TOTAL MONTH: 0.0 INCH 5 = HAIL
GRTST 24HR 0.0 6 = FREEZING RAIN OR DRIZZLE
GRTST DEPTH: 0 7 = DUSTSTORM OR SANDSTORM:
VSBY 1/2 MILE OR LESS
8 = SMOKE OR HAZE
[NO. OF DAYS WITH] [WEATHER - DAYS WITH] 9 = BLOWING SNOW
X = TORNADO
MAX 32 OR BELOW: 0 0.01 INCH OR MORE: 29
MAX 90 OR ABOVE: 3 0.10 INCH OR MORE: 18
MIN 32 OR BELOW: 0 0.50 INCH OR MORE: 14
MIN 0 OR BELOW: 0 1.00 INCH OR MORE: 6
[HDD (BASE 65) ]
TOTAL THIS MO. 0 CLEAR (SCALE 0-3) 10
DPTR FM NORMAL 0 PTCLDY (SCALE 4-7) 21
TOTAL FM JUL 1 0 CLOUDY (SCALE 8-10) 0
DPTR FM NORMAL 0
[CDD (BASE 65) ]
TOTAL THIS MO. 573
DPTR FM NORMAL 35 [PRESSURE DATA]
TOTAL FM JAN 1 4323 HIGHEST SLP 29.94 ON 1
DPTR FM NORMAL 296 LOWEST SLP 29.85 ON 1
[REMARKS]
#FINAL-08-23#