000
CXUS52 KRAH 010845
CF6GSO
PRELIMINARY LOCAL CLIMATOLOGICAL DATA (WS FORM: F-6)
STATION: GREENSBORO NC
MONTH: JUNE
YEAR: 2022
LATITUDE: 36 4 N
LONGITUDE: 79 57 W
TEMPERATURE IN F: :PCPN: SNOW: WIND :SUNSHINE: SKY :PK WND
================================================================================
1 2 3 4 5 6A 6B 7 8 9 10 11 12 13 14 15 16 17 18
12Z AVG MX 2MIN
DY MAX MIN AVG DEP HDD CDD WTR SNW DPTH SPD SPD DIR MIN PSBL S-S WX SPD DR
================================================================================
1 91 66 79 7 0 14 0.00 0.0 0 4.2 9 320 M M 4 16 50
2 91 68 80 8 0 15 0.09 0.0 0 7.2 30 290 M M 7 13 36 310
3 76 65 71 -1 0 6 T 0.0 0 4.8 13 320 M M 8 17 260
4 81 60 71 -1 0 6 0.00 0.0 0 6.9 15 60 M M 5 21 40
5 80 57 69 -4 0 4 0.00 0.0 0 5.7 17 70 M M 5 24 70
6 81 58 70 -3 0 5 0.00 0.0 0 4.5 15 160 M M 4 19 150
7 82 64 73 0 0 8 T 0.0 0 8.3 16 220 M M 8 21 220
8 87 68 78 4 0 13 T 0.0 0 7.4 16 180 M M 9 3 21 220
9 87 66 77 3 0 12 0.00 0.0 0 10.9 24 280 M M 7 30 280
10 80 60 70 -4 0 5 0.00 0.0 0 4.5 12 40 M M 6 16 350
11 85 63 74 0 0 9 0.00 0.0 0 5.3 16 170 M M 8 21 150
12 91 69 80 5 0 15 0.00 0.0 0 8.0 16 290 M M 7 22 280
13 93 72 83 8 0 18 0.00 0.0 0 5.9 12 290 M M 6 15 300
14 93 71 82 7 0 17 0.01 0.0 0 7.9 25 340 M M 9 3 37 320
15 95 74 85 10 0 20 0.00 0.0 0 5.4 12 160 M M 5 19 160
16 95 70 83 7 0 18 1.06 0.0 0 9.1 22 20 M M 6 13 29 20
17 95 67 81 5 0 16 0.21 0.0 0 10.9 38 270 M M 7 3 50 270
18 84 64 74 -2 0 9 0.00 0.0 0 10.4 22 320 M M 2 28 310
19 80 56 68 -8 0 3 0.00 0.0 0 5.2 13 40 M M 4 23 300
20 81 58 70 -6 0 5 0.00 0.0 M 3.1 10 50 M M 7 14 330
21 88 63 76 -1 0 11 0.00 0.0 0 4.1 10 50 M M 8 16 300
22 96 64 80 3 0 15 0.00 0.0 0 7.0 17 100 M M 6 21 320
23 89 71 80 3 0 15 0.00 0.0 0 7.0 18 60 M M 7 24 60
24 88 66 77 0 0 12 0.00 0.0 0 5.4 14 140 M M 6 18 130
25 87 68 78 0 0 13 0.00 0.0 0 7.5 15 150 M M 6 8 18 120
26 88 67 78 0 0 13 0.02 0.0 0 8.2 20 250 M M 7 23 260
27 85 70 78 0 0 13 0.51 0.0 0 6.8 26 310 M M 9 13 32 310
28 81 65 73 -5 0 8 0.00 0.0 0 6.4 17 60 M M 8 21 60
29 85 69 77 -1 0 12 0.00 0.0 0 4.8 14 170 M M 8 17 170
30 88 68 78 0 0 13 0.00 0.0 0 6.4 15 180 M M 7 1 19 140
================================================================================
SM 2603 1967 0 343 1.90 0.0 199.2 M 196
================================================================================
AV 86.8 65.6 6.6 FASTST M M 7 MAX(MPH)
MISC ----> 38 270 50 270
================================================================================
NOTES:
# LAST OF SEVERAL OCCURRENCES
COLUMN 17 PEAK WIND IN M.P.H.
PRELIMINARY LOCAL CLIMATOLOGICAL DATA (WS FORM: F-6) , PAGE 2
STATION: GREENSBORO NC
MONTH: JUNE
YEAR: 2022
LATITUDE: 36 4 N
LONGITUDE: 79 57 W
[TEMPERATURE DATA] [PRECIPITATION DATA] SYMBOLS USED IN COLUMN 16
AVERAGE MONTHLY: 76.2 TOTAL FOR MONTH: 1.90 1 = FOG OR MIST
DPTR FM NORMAL: 0.9 DPTR FM NORMAL: -2.19 2 = FOG REDUCING VISIBILITY
HIGHEST: 96 ON 22 GRTST 24HR 1.06 ON 16-16 TO 1/4 MILE OR LESS
LOWEST: 56 ON 19 3 = THUNDER
SNOW, ICE PELLETS, HAIL 4 = ICE PELLETS
TOTAL MONTH: 0.0 INCH 5 = HAIL
GRTST 24HR 0.0 6 = FREEZING RAIN OR DRIZZLE
GRTST DEPTH: 0 7 = DUSTSTORM OR SANDSTORM:
VSBY 1/2 MILE OR LESS
8 = SMOKE OR HAZE
[NO. OF DAYS WITH] [WEATHER - DAYS WITH] 9 = BLOWING SNOW
X = TORNADO
MAX 32 OR BELOW: 0 0.01 INCH OR MORE: 6
MAX 90 OR ABOVE: 9 0.10 INCH OR MORE: 3
MIN 32 OR BELOW: 0 0.50 INCH OR MORE: 2
MIN 0 OR BELOW: 0 1.00 INCH OR MORE: 1
[HDD (BASE 65) ]
TOTAL THIS MO. 0 CLEAR (SCALE 0-3) 1
DPTR FM NORMAL -5 PTCLDY (SCALE 4-7) 25
TOTAL FM JUL 1 3071 CLOUDY (SCALE 8-10) 4
DPTR FM NORMAL -424
[CDD (BASE 65) ]
TOTAL THIS MO. 343
DPTR FM NORMAL 29 [PRESSURE DATA]
TOTAL FM JAN 1 553 HIGHEST SLP 30.26 ON 20
DPTR FM NORMAL 56 LOWEST SLP 29.71 ON 2
[REMARKS]
#FINAL-06-22#