000
CXUS52 KRAH 290845
CF6GSO
PRELIMINARY LOCAL CLIMATOLOGICAL DATA (WS FORM: F-6)
STATION: GREENSBORO NC
MONTH: MARCH
YEAR: 2024
LATITUDE: 36 4 N
LONGITUDE: 79 57 W
TEMPERATURE IN F: :PCPN: SNOW: WIND :SUNSHINE: SKY :PK WND
================================================================================
1 2 3 4 5 6A 6B 7 8 9 10 11 12 13 14 15 16 17 18
12Z AVG MX 2MIN
DY MAX MIN AVG DEP HDD CDD WTR SNW DPTH SPD SPD DIR MIN PSBL S-S WX SPD DR
================================================================================
1 47 34 41 -5 24 0 0.71 0.0 0 5.4 14 60 M M 9 1 18 110
2 66 42 54 8 11 0 0.19 0.0 0 5.1 12 20 M M 8 1 18 20
3 67 47 57 10 8 0 0.00 0.0 0 3.4 13 120 M M 7 12 17 140
4 70 48 59 12 6 0 T 0.0 0 6.3 16 60 M M 8 1 20 50
5 69 45 57 10 8 0 0.00 0.0 0 3.7 12 220 M M 8 15 210
6 60 54 57 9 8 0 0.36 0.0 0 5.6 14 70 M M 10 1 18 50
7 71 53 62 14 3 0 0.00 0.0 0 3.6 12 70 M M 7 16 20
8 61 52 57 9 8 0 0.02 0.0 0 8.3 15 100 M M 9 20 100
9 54 47 51 3 14 0 1.26 0.0 0 7.2 16 150 M M 10 1 22 150
10 55 40 48 -1 17 0 0.00 0.0 0 16.8 32 300 M M 2 47 290
11 62 34 48 -1 17 0 0.00 0.0 0 9.7 22 300 M M 1 29 280
12 71 31 51 2 14 0 0.00 0.0 0 5.6 17 250 M M 2 22 270
13 75 40 58 9 7 0 0.00 0.0 0 3.0 16 240 M M 3 22 230
14 79 43 61 11 4 0 0.00 0.0 0 5.1 17 220 M M 4 22 220
15 67 55 61 11 4 0 0.25 0.0 0 8.1 18 250 M M 8 1 25 250
16 71 51 61 11 4 0 T 0.0 0 6.6 14 220 M M 5 1 20 220
17 71 48 60 10 5 0 T 0.0 0 9.2 18 300 M M 8 26 300
18 59 37 48 -3 17 0 0.00 0.0 0 12.6 24 320 M M 7 37 310
19 55 28 42 -9 23 0 0.00 0.0 0 11.2 22 230 M M 2 30 250
20 71 38 55 4 10 0 0.00 0.0 0 11.1 28 300 M M 1 39 310
21 65 44 55 3 10 0 0.00 0.0 0 5.1 15 50 M M 1 20 20
22 61 41 51 -1 14 0 0.42 0.0 0 7.9 15 100 M M 9 1 19 110
23 67 39 53 1 12 0 0.46 0.0 0 11.2 21 330 M M 8 1 32 340
24 55 34 45 -7 20 0 0.00 0.0 0 10.3 21 60 M M 1 27 60
25 60 32 46 -7 19 0 0.00 0.0 0 6.8 16 80 M M 7 22 80
26 55 40 48 -5 17 0 0.02 0.0 0 6.4 14 110 M M 10 38 18 100
27 52 47 50 -4 15 0 0.92 0.0 0 7.1 14 80 M M 10 13 17 50
28 65 41 53 -1 12 0 0.02 0.0 0 8.7 21 300 M M 6 13 29 310
================================================================================
SM 1781 1185 331 0 4.63 0.0 211.1 M 171
================================================================================
AV 63.6 42.3 7.5 FASTST M M 6 MAX(MPH)
MISC ----> 32 300 47 290
================================================================================
NOTES:
# LAST OF SEVERAL OCCURRENCES
COLUMN 17 PEAK WIND IN M.P.H.
PRELIMINARY LOCAL CLIMATOLOGICAL DATA (WS FORM: F-6) , PAGE 2
STATION: GREENSBORO NC
MONTH: MARCH
YEAR: 2024
LATITUDE: 36 4 N
LONGITUDE: 79 57 W
[TEMPERATURE DATA] [PRECIPITATION DATA] SYMBOLS USED IN COLUMN 16
AVERAGE MONTHLY: 53.0 TOTAL FOR MONTH: 4.63 1 = FOG OR MIST
DPTR FM NORMAL: 3.1 DPTR FM NORMAL: 1.29 2 = FOG REDUCING VISIBILITY
HIGHEST: 79 ON 14 GRTST 24HR 1.28 ON 8- 9 TO 1/4 MILE OR LESS
LOWEST: 28 ON 19 3 = THUNDER
SNOW, ICE PELLETS, HAIL 4 = ICE PELLETS
TOTAL MONTH: 0.0 INCH 5 = HAIL
GRTST 24HR 0.0 6 = FREEZING RAIN OR DRIZZLE
GRTST DEPTH: 0 7 = DUSTSTORM OR SANDSTORM:
VSBY 1/2 MILE OR LESS
8 = SMOKE OR HAZE
[NO. OF DAYS WITH] [WEATHER - DAYS WITH] 9 = BLOWING SNOW
X = TORNADO
MAX 32 OR BELOW: 0 0.01 INCH OR MORE: 11
MAX 90 OR ABOVE: 0 0.10 INCH OR MORE: 8
MIN 32 OR BELOW: 3 0.50 INCH OR MORE: 3
MIN 0 OR BELOW: 0 1.00 INCH OR MORE: 1
[HDD (BASE 65) ]
TOTAL THIS MO. 331 CLEAR (SCALE 0-3) 7
DPTR FM NORMAL -99 PTCLDY (SCALE 4-7) 12
TOTAL FM JUL 1 2859 CLOUDY (SCALE 8-10) 9
DPTR FM NORMAL -340
[CDD (BASE 65) ]
TOTAL THIS MO. 0
DPTR FM NORMAL 0 [PRESSURE DATA]
TOTAL FM JAN 1 0 HIGHEST SLP M ON M
DPTR FM NORMAL -1 LOWEST SLP 29.62 ON 9
[REMARKS]