000
CXUS54 KAMA 010710
CF6GUY
PRELIMINARY LOCAL CLIMATOLOGICAL DATA (WS FORM: F-6)
STATION: GUYMON
MONTH: JULY
YEAR: 2022
LATITUDE: 36 41 N
LONGITUDE: 101 30 W
TEMPERATURE IN F: :PCPN: SNOW: WIND :SUNSHINE: SKY :PK WND
================================================================================
1 2 3 4 5 6A 6B 7 8 9 10 11 12 13 14 15 16 17 18
12Z AVG MX 2MIN
DY MAX MIN AVG DEP HDD CDD WTR SNW DPTH SPD SPD DIR MIN PSBL S-S WX SPD DR
================================================================================
1 96 68 82 2 0 17 0.10 M M 13.1 32 280 M M 0 3 46 320
2 92 66 79 -1 0 14 0.96 M M 8.4 32 300 M M 2 13 48 310
3 98 69 84 4 0 19 0.01 M M 12.3 24 150 M M 1 3 35 170
4 98 70 84 4 0 19 0.00 M M 14.7 26 210 M M 1 35 180
5 102 75 89 9 0 24 0.00 M M 13.3 22 210 M M 0 3 31 220
6 89 71 80 0 0 15 0.01 M M 7.5 18 320 M M 1 3 25 360
7 95 62 79 -1 0 14 0.00 M M 5.9 25 360 M M 0 33 360
8 94 69 82 1 0 17 T M M 9.1 21 50 M M 1 3 28 330
9 99 64 82 1 0 17 0.00 M M 5.5 15 150 M M 0 21 190
10 103 66 85 4 0 20 0.00 M M 10.9 23 220 M M 0 30 200
11 100 69 85 4 0 20 0.00 M M 13.8 26 40 M M 0 3 36 50
12 91 66 79 -2 0 14 0.10 M M 9.2 28 20 M M 3 3 35 10
13 98 67 83 2 0 18 0.00 M M 9.8 18 190 M M 0 27 200
14 104 70 87 6 0 22 0.00 M M 11.5 23 210 M M 0 30 190
15 106 74 90 9 0 25 0.00 M M 11.5 18 200 M M 0 27 190
16 107 75 91 10 0 26 0.00 M M 11.8 23 10 M M 0 32 330
17 101 73 87 6 0 22 T M M 9.7 24 30 M M 0 30 30
18 102 65 84 3 0 19 0.00 M M 7.4 15 140 M M 0 24 150
19 107 76 92 11 0 27 0.00 M M 11.0 20 40 M M 0 31 20
20 97 75 86 5 0 21 0.03 M M 11.8 33 260 M M 1 3 44 240
21 99 68 84 3 0 19 0.04 M M 7.3 23 110 M M 2 3 31 170
22 103 66 85 4 0 20 0.00 M M 12.5 23 160 M M 0 34 170
23 105 71 88 7 0 23 0.00 M M 14.2 23 200 M M 0 38 210
24 100 73 87 6 0 22 0.00 M M 9.5 17 350 M M 0 23 340
25 101 69 85 4 0 20 0.00 M M 8.0 25 10 M M 1 33 10
26 104 68 86 5 0 21 0.12 M M 10.7 25 360 M M 3 3 36 350
27 97 70 84 3 0 19 T M M 8.2 24 310 M M 2 3 40 300
28 88 70 79 -2 0 14 0.03 M M 8.2 17 50 M M 3 3 23 40
29 76 63 70 -11 0 5 1.27 M M 8.6 16 160 M M 8 13 24 120
30 86 66 76 -5 0 11 0.01 M M 8.1 24 210 M M 4 31 200
31 94 68 81 0 0 16 0.00 M M 6.1 16 170 M M 1 1 22 150
================================================================================
SM 3032 2142 0 580 2.68 M 309.6 M 34
================================================================================
AV 97.8 69.1 10.0 FASTST M M 1 MAX(MPH)
MISC ----> 33 260 48 310
================================================================================
NOTES:
# LAST OF SEVERAL OCCURRENCES
COLUMN 17 PEAK WIND IN M.P.H.
PRELIMINARY LOCAL CLIMATOLOGICAL DATA (WS FORM: F-6) , PAGE 2
STATION: GUYMON
MONTH: JULY
YEAR: 2022
LATITUDE: 36 41 N
LONGITUDE: 101 30 W
[TEMPERATURE DATA] [PRECIPITATION DATA] SYMBOLS USED IN COLUMN 16
AVERAGE MONTHLY: 83.5 TOTAL FOR MONTH: 2.68 1 = FOG OR MIST
DPTR FM NORMAL: 2.7 DPTR FM NORMAL: 0.29 2 = FOG REDUCING VISIBILITY
HIGHEST: 107 ON 19,16 GRTST 24HR 1.27 ON 29-29 TO 1/4 MILE OR LESS
LOWEST: 62 ON 7 3 = THUNDER
SNOW, ICE PELLETS, HAIL 4 = ICE PELLETS
TOTAL MONTH: M 5 = HAIL
GRTST 24HR M ON M 6 = FREEZING RAIN OR DRIZZLE
GRTST DEPTH: M ON M 7 = DUSTSTORM OR SANDSTORM:
VSBY 1/2 MILE OR LESS
8 = SMOKE OR HAZE
[NO. OF DAYS WITH] [WEATHER - DAYS WITH] 9 = BLOWING SNOW
X = TORNADO
MAX 32 OR BELOW: 0 0.01 INCH OR MORE: 11
MAX 90 OR ABOVE: 27 0.10 INCH OR MORE: 5
MIN 32 OR BELOW: 0 0.50 INCH OR MORE: 2
MIN 0 OR BELOW: 0 1.00 INCH OR MORE: 1
[HDD (BASE 65) ]
TOTAL THIS MO. 0 CLEAR (SCALE 0-3) 29
DPTR FM NORMAL 0 PTCLDY (SCALE 4-7) 1
TOTAL FM JUL 1 0 CLOUDY (SCALE 8-10) 1
DPTR FM NORMAL 0
[CDD (BASE 65) ]
TOTAL THIS MO. 580
DPTR FM NORMAL 92 [PRESSURE DATA]
TOTAL FM JAN 1 1286 HIGHEST SLP M ON M
DPTR FM NORMAL 316 LOWEST SLP 29.62 ON 19
[REMARKS]
#FINAL-07-22#