000
CXUS52 KFFC 011110
CF6GVL
PRELIMINARY LOCAL CLIMATOLOGICAL DATA (WS FORM: F-6)
STATION: GAINESVILLE
MONTH: JANUARY
YEAR: 2021
LATITUDE: 34 16 N
LONGITUDE: 83 50 W
TEMPERATURE IN F: :PCPN: SNOW: WIND :SUNSHINE: SKY :PK WND
================================================================================
1 2 3 4 5 6A 6B 7 8 9 10 11 12 13 14 15 16 17 18
12Z AVG MX 2MIN
DY MAX MIN AVG DEP HDD CDD WTR SNW DPTH SPD SPD DIR MIN PSBL S-S WX SPD DR
================================================================================
1 56 46 51 10 14 0 1.42 M M 10.2 18 90 M M 10 123 22 90
2 61 46 54 13 11 0 0.00 M M 2.8 9 260 M M 8 12 11 240
3 54 38 46 5 19 0 0.00 M M 12.4 20 260 M M 3 1 27 290
4 56 32 44 3 21 0 T M M 4.8 14 290 M M 1 18 250
5 56 39 48 7 17 0 T M M 9.5 21 290 M M 3 28 320
6 54 31 43 2 22 0 0.00 M M 3.2 10 310 M M 0 12 310
7 44 35 40 -1 25 0 0.18 M M 10.1 18 80 M M 4 1 27 70
8 41 34 38 -3 27 0 0.06 M M 8.9 17 70 M M 8 1 24 80
9 46 29 38 -3 27 0 0.00 M M 10.0 16 290 M M 1 21 290
10 47 26 37 -4 28 0 0.00 M M 2.6 12 80 M M 0 16 80
11 42 38 40 -1 25 0 0.09 M M 5.6 10 30 M M 9 1 13 50
12 50 35 43 2 22 0 T 0.0 M 7.4 14 260 M M 6 1 17 250
13 51 29 40 -1 25 0 0.00 0.0 M 6.6 15 260 M M 3 12 20 290
14 54 32 43 2 22 0 0.00 M M 7.5 16 260 M M 0 23 280
15 51 37 44 3 21 0 T M M 7.8 21 260 M M 3 28 250
16 41 34 38 -4 27 0 0.00 M M 12.5 22 280 M M 7 31 260
17 49 34 42 0 23 0 0.00 M M 8.5 18 240 M M 7 24 240
18 51 35 43 1 22 0 0.00 M M 9.4 23 280 M M 1 31 280
19 58 31 45 3 20 0 T M M 8.0 17 270 M M 5 25 260
20 56 41 49 7 16 0 0.00 M M 11.4 20 280 M M 1 26 290
21 48 39 44 2 21 0 0.06 M M 9.2 16 270 M M 7 1 23 260
22 59 41 50 8 15 0 0.00 M M 6.7 13 300 M M 0 16 310
23 59 32 46 4 19 0 0.00 M M 4.6 9 280 M M 2 12 160
24 55 37 46 4 19 0 T M M 6.8 14 60 M M 7 17 100
25 52 42 47 5 18 0 0.06 M M 4.2 9 50 M M 10 123 11 140
26 69 51 60 18 5 0 0.91 M M 7.0 15 270 M M 8 13 23 280
27 61 43 52 10 13 0 0.50 M M 7.1 24 280 M M 8 1 31 280
28 47 32 40 -3 25 0 0.00 M M 14.4 25 310 M M 3 34 290
29 51 27 39 -4 26 0 0.00 M M 4.3 12 280 M M 0 15 270
30 42 31 37 -6 28 0 0.00 M M 7.9 15 100 M M 4 20 90
31 45 35 40 -3 25 0 0.45 M M 6.4 14 70 M M 10 1 20 70
================================================================================
SM 1606 1112 648 0 3.73 0.0 237.8 M 139
================================================================================
AV 51.8 35.9 7.7 FASTST M M 4 MAX(MPH)
MISC ----> 25 310 34 290
================================================================================
NOTES:
# LAST OF SEVERAL OCCURRENCES
COLUMN 17 PEAK WIND IN M.P.H.
PRELIMINARY LOCAL CLIMATOLOGICAL DATA (WS FORM: F-6) , PAGE 2
STATION: GAINESVILLE
MONTH: JANUARY
YEAR: 2021
LATITUDE: 34 16 N
LONGITUDE: 83 50 W
[TEMPERATURE DATA] [PRECIPITATION DATA] SYMBOLS USED IN COLUMN 16
AVERAGE MONTHLY: 43.8 TOTAL FOR MONTH: 3.73 1 = FOG OR MIST
DPTR FM NORMAL: 2.2 DPTR FM NORMAL: -1.30 2 = FOG REDUCING VISIBILITY
HIGHEST: 69 ON 26 GRTST 24HR 1.42 ON 1- 1 TO 1/4 MILE OR LESS
LOWEST: 26 ON 10 3 = THUNDER
SNOW, ICE PELLETS, HAIL 4 = ICE PELLETS
TOTAL MONTH: 0.0 INCH 5 = HAIL
GRTST 24HR 0.0 6 = FREEZING RAIN OR DRIZZLE
GRTST DEPTH: M ON M 7 = DUSTSTORM OR SANDSTORM:
VSBY 1/2 MILE OR LESS
8 = SMOKE OR HAZE
[NO. OF DAYS WITH] [WEATHER - DAYS WITH] 9 = BLOWING SNOW
X = TORNADO
MAX 32 OR BELOW: 0 0.01 INCH OR MORE: 9
MAX 90 OR ABOVE: 0 0.10 INCH OR MORE: 5
MIN 32 OR BELOW: 11 0.50 INCH OR MORE: 3
MIN 0 OR BELOW: 0 1.00 INCH OR MORE: 1
[HDD (BASE 65) ]
TOTAL THIS MO. 648 CLEAR (SCALE 0-3) 14
DPTR FM NORMAL -74 PTCLDY (SCALE 4-7) 13
TOTAL FM JUL 1 1627 CLOUDY (SCALE 8-10) 4
DPTR FM NORMAL -295
[CDD (BASE 65) ]
TOTAL THIS MO. 0
DPTR FM NORMAL 0 [PRESSURE DATA]
TOTAL FM JAN 1 0 HIGHEST SLP 30.40 ON 28
DPTR FM NORMAL 0 LOWEST SLP 29.66 ON 15
[REMARKS]
#FINAL-01-21#