000
CXUS54 KJAN 020354
CF6GWO
PRELIMINARY LOCAL CLIMATOLOGICAL DATA (WS FORM: F-6)
STATION: GREENWOOD
MONTH: JUNE
YEAR: 2022
LATITUDE: 33 30 N
LONGITUDE: 90 5 W
TEMPERATURE IN F: :PCPN: SNOW: WIND :SUNSHINE: SKY :PK WND
================================================================================
1 2 3 4 5 6A 6B 7 8 9 10 11 12 13 14 15 16 17 18
12Z AVG MX 2MIN
DY MAX MIN AVG DEP HDD CDD WTR SNW DPTH SPD SPD DIR MIN PSBL S-S WX SPD DR
================================================================================
1 93 70 82 6 0 17 0.00 0.0 0 2.9 13 10 M M 1 20 20
2 80 71 76 -1 0 11 0.50 0.0 0 3.0 14 350 M M 3 3 20 350
3 87 68 78 1 0 13 0.01 0.0 0 4.5 13 20 M M 6 1 19 20
4 88 64 76 -1 0 11 0.00 0.0 0 3.1 12 70 M M 0 8 18 50
5 91 64 78 1 0 13 0.00 0.0 0 1.9 7 160 M M 0 12 230
6 91 69 80 2 0 15 T 0.0 0 6.6 16 190 M M 1 23 230
7 92 75 84 6 0 19 0.00 0.0 0 6.2 17 210 M M 2 21 210
8 91 72 82 4 0 17 0.12 0.0 0 6.2 17 360 M M 3 13 29 270
9 87 69 78 0 0 13 0.00 0.0 0 1.6 8 350 M M 6 12 13 340
10 79 67 73 -5 0 8 0.16 0.0 0 2.4 15 110 M M 4 138 19 110
11 88 66 77 -1 0 12 0.00 0.0 0 2.7 8 180 M M 5 12 13 240
12 97 72 85 6 0 20 0.00 0.0 0 5.9 15 210 M M 2 24 200
13 97 77 87 8 0 22 0.00 0.0 0 6.9 16 200 M M 0 21 210
14 96 77 87 8 0 22 0.00 0.0 0 4.5 12 210 M M 0 8 17 210
15 97 75 86 7 0 21 0.00 0.0 0 2.8 10 210 M M 0 14 180
16 100 77 89 10 0 24 0.00 0.0 0 3.0 14 100 M M 0 20 110
17 99 75 87 8 0 22 0.00 0.0 0 2.0 9 340 M M 1 18 16 340
18 100 77 89 9 0 24 0.00 0.0 0 5.0 14 20 M M 1 13 19 20
19 94 69 82 2 0 17 0.00 0.0 0 6.8 14 40 M M 0 18 60
20 99 68 84 4 0 19 0.00 0.0 0 4.4 13 30 M M 0 17 80
21 101 77 89 9 0 24 0.00 0.0 0 2.2 10 110 M M 1 15 120
22 99 77 88 8 0 23 0.00 0.0 0 2.3 10 30 M M 0 18 15 20
23 99 74 87 7 0 22 0.00 0.0 0 3.6 13 20 M M 1 1 18 20
24 98 71 85 5 0 20 0.00 0.0 0 3.5 15 30 M M 0 18 19 30
25 99 70 85 5 0 20 0.00 0.0 0 3.0 10 360 M M 0 14 360
26 101 73 87 7 0 22 0.01 0.0 0 5.6 29 360 M M 1 3 45 350
27 89 70 80 0 0 15 0.00 0.0 0 6.9 15 50 M M 4 21 20
28 94 68 81 0 0 16 0.00 0.0 0 5.5 12 350 M M 3 16 360
29 96 69 83 2 0 18 0.00 0.0 0 6.9 17 160 M M 2 23 140
30 95 74 85 4 0 20 1.53 0.0 0 4.5 26 100 M M 2 13 37 90
================================================================================
SM 2817 2145 0 540 2.33 0.0 126.4 M 49
================================================================================
AV 93.9 71.5 4.2 FASTST M M 2 MAX(MPH)
MISC ----> 29 360 45 350
================================================================================
NOTES:
# LAST OF SEVERAL OCCURRENCES
COLUMN 17 PEAK WIND IN M.P.H.
PRELIMINARY LOCAL CLIMATOLOGICAL DATA (WS FORM: F-6) , PAGE 2
STATION: GREENWOOD
MONTH: JUNE
YEAR: 2022
LATITUDE: 33 30 N
LONGITUDE: 90 5 W
[TEMPERATURE DATA] [PRECIPITATION DATA] SYMBOLS USED IN COLUMN 16
AVERAGE MONTHLY: 82.7 TOTAL FOR MONTH: 2.33 1 = FOG OR MIST
DPTR FM NORMAL: 3.7 DPTR FM NORMAL: -1.41 2 = FOG REDUCING VISIBILITY
HIGHEST: 101 ON 21,26 GRTST 24HR 1.53 ON 30-30 TO 1/4 MILE OR LESS
LOWEST: 64 ON 5, 4 3 = THUNDER
SNOW, ICE PELLETS, HAIL 4 = ICE PELLETS
TOTAL MONTH: 0.0 INCH 5 = HAIL
GRTST 24HR 0.0 6 = FREEZING RAIN OR DRIZZLE
GRTST DEPTH: 0 7 = DUSTSTORM OR SANDSTORM:
VSBY 1/2 MILE OR LESS
8 = SMOKE OR HAZE
[NO. OF DAYS WITH] [WEATHER - DAYS WITH] 9 = BLOWING SNOW
X = TORNADO
MAX 32 OR BELOW: 0 0.01 INCH OR MORE: 6
MAX 90 OR ABOVE: 23 0.10 INCH OR MORE: 4
MIN 32 OR BELOW: 0 0.50 INCH OR MORE: 2
MIN 0 OR BELOW: 0 1.00 INCH OR MORE: 1
[HDD (BASE 65) ]
TOTAL THIS MO. 0 CLEAR (SCALE 0-3) 25
DPTR FM NORMAL 0 PTCLDY (SCALE 4-7) 5
TOTAL FM JUL 1 2113 CLOUDY (SCALE 8-10) 0
DPTR FM NORMAL -460
[CDD (BASE 65) ]
TOTAL THIS MO. 540
DPTR FM NORMAL 122 [PRESSURE DATA]
TOTAL FM JAN 1 1054 HIGHEST SLP 30.20 ON 21
DPTR FM NORMAL 279 LOWEST SLP 29.75 ON 6
[REMARKS]
#FINAL-06-22#