938
CXUS55 KBOU 010735
CF6GXY
PRELIMINARY LOCAL CLIMATOLOGICAL DATA (WS FORM: F-6)
STATION: GREELEY CO
MONTH: AUGUST
YEAR: 2020
LATITUDE: 40 25 N
LONGITUDE: 104 38 W
TEMPERATURE IN F: :PCPN: SNOW: WIND :SUNSHINE: SKY :PK WND
================================================================================
1 2 3 4 5 6A 6B 7 8 9 10 11 12 13 14 15 16 17 18
12Z AVG MX 2MIN
DY MAX MIN AVG DEP HDD CDD WTR SNW DPTH SPD SPD DIR MIN PSBL S-S WX SPD DR
================================================================================
1 90 54 72 M 0 7 M M M 3.3 7 310 M M 0 38 M M
2 87 56 72 M 0 7 M M M 7.3 13 90 M M 1 M M
3 91 55 73 M 0 8 M M M 6.3 13 100 M M 1 38 M M
4 93 56 75 M 0 10 M M M 6.6 13 10 M M 0 3 M M
5 85 60 73 M 0 8 M M M 7.6 16 130 M M 1 8 28 130
6 96 55 76 M 0 11 M M M 5.4 25 160 M M 0 38 31 160
7 101 54 78 M 0 13 M M M 4.6 13 180 M M 0 17 180
8 98 54 76 M 0 11 M M M 4.3 9 290 M M 0 M M
9 99 51 75 M 0 10 M M M 5.3 23 330 M M 0 38 340
10 88 60 74 M 0 9 M M M 8.2 17 10 M M 0 8 22 10
11 96 57 77 M 0 12 M M M 6.0 14 100 M M 0 20 130
12 96 61 79 M 0 14 M M M 8.3 24 220 M M 1 3 37 190
13 97 55 76 M 0 11 M M M 5.3 9 10 M M 0 M M
14 M M M M M M M M M M M M M M M M M
15 M M M M M M M M M M M M M M M M M
16 M M M M M M M M M M M M M M M M M
17 M M M M M M M M M M M M M M M M M
18 100 55 78 M 0 13 M M M 5.4 9 310 M M 0 M M
19 96 58 77 M 0 12 M M M 7.5 16 110 M M 0 38 35 230
20 92 57 75 M 0 10 M M M 4.7 15 30 M M 1 38 M M
21 96 57 77 M 0 12 M M M 4.9 8 120 M M 0 8 M M
22 98 54 76 M 0 11 M M M 4.3 9 270 M M 0 8 M M
23 96 54 75 M 0 10 M M M 4.1 8 100 M M 0 8 M M
24 98 62 80 M 0 15 M M M 4.0 10 290 M M 0 M M
25 100 60 80 M 0 15 M M M 4.8 12 220 M M 0 38 24 210
26 97 65 81 M 0 16 M M M 8.3 22 330 M M 0 30 340
27 96 55 76 M 0 11 M M M 4.9 12 350 M M 0 M M
28 81 60 71 M 0 6 M M M 10.0 21 360 M M 1 33 350
29 82 55 69 M 0 4 M M M 6.2 30 320 M M 1 8 46 320
30 93 49 71 M 0 6 M M M 10.5 29 20 M M 1 40 10
31 78 47 63 M 2 0 T M 0 7.4 17 160 M M 4 21 160
================================================================================
SM 2520 1516 2 272 T M 165.5 M 12
================================================================================
AV 93.3 56.2 6.1 FASTST M M 0 MAX(MPH)
MISC ----> # 30 320 # 46 320
================================================================================
NOTES:
# LAST OF SEVERAL OCCURRENCES
COLUMN 17 PEAK WIND IN M.P.H.
PRELIMINARY LOCAL CLIMATOLOGICAL DATA (WS FORM: F-6) , PAGE 2
STATION: GREELEY CO
MONTH: AUGUST
YEAR: 2020
LATITUDE: 40 25 N
LONGITUDE: 104 38 W
[TEMPERATURE DATA] [PRECIPITATION DATA] SYMBOLS USED IN COLUMN 16
AVERAGE MONTHLY: 74.7 TOTAL FOR MONTH: T 1 = FOG OR MIST
DPTR FM NORMAL: M DPTR FM NORMAL: M 2 = FOG REDUCING VISIBILITY
HIGHEST: 101 ON 7 GRTST 24HR T ON 31-31 TO 1/4 MILE OR LESS
LOWEST: 47 ON 31 3 = THUNDER
SNOW, ICE PELLETS, HAIL 4 = ICE PELLETS
TOTAL MONTH: M 5 = HAIL
GRTST 24HR M ON M 6 = FREEZING RAIN OR DRIZZLE
GRTST DEPTH: 0 7 = DUSTSTORM OR SANDSTORM:
VSBY 1/2 MILE OR LESS
8 = SMOKE OR HAZE
[NO. OF DAYS WITH] [WEATHER - DAYS WITH] 9 = BLOWING SNOW
X = TORNADO
MAX 32 OR BELOW: 0 0.01 INCH OR MORE: 0
MAX 90 OR ABOVE: 21 0.10 INCH OR MORE: 0
MIN 32 OR BELOW: 0 0.50 INCH OR MORE: 0
MIN 0 OR BELOW: 0 1.00 INCH OR MORE: 0
[HDD (BASE 65) ]
TOTAL THIS MO. 2 CLEAR (SCALE 0-3) 26
DPTR FM NORMAL M PTCLDY (SCALE 4-7) 1
TOTAL FM JUL 1 2 CLOUDY (SCALE 8-10) 0
DPTR FM NORMAL M
[CDD (BASE 65) ]
TOTAL THIS MO. 272
DPTR FM NORMAL M [PRESSURE DATA]
TOTAL FM JAN 1 854 HIGHEST SLP 30.13 ON 18
DPTR FM NORMAL M LOWEST SLP 29.61 ON 30
[REMARKS]
#FINAL-08-20#