000
CXUS54 KEWX 011110
CF6GYB
PRELIMINARY LOCAL CLIMATOLOGICAL DATA (WS FORM: F-6)
STATION: GIDDINGS-LEE COUNTY AIRPORT
MONTH: FEBRUARY
YEAR: 2021
LATITUDE: 30 10 N
LONGITUDE: 96 59 W
TEMPERATURE IN F: :PCPN: SNOW: WIND :SUNSHINE: SKY :PK WND
================================================================================
1 2 3 4 5 6A 6B 7 8 9 10 11 12 13 14 15 16 17 18
12Z AVG MX 2MIN
DY MAX MIN AVG DEP HDD CDD WTR SNW DPTH SPD SPD DIR MIN PSBL S-S WX SPD DR
================================================================================
1 61 38 50 M 15 0 0.00 M M 6.7 12 340 M M 0 20 M
2 66 36 51 M 14 0 0.00 M M 2.5 8 160 M M 0 M M
3 73 38 56 M 9 0 0.00 M M 7.0 17 210 M M 2 1 23 210
4 80 53 67 M 0 2 0.00 M M 10.5 16 20 M M 5 26 360
5 54 45 50 M 15 0 0.09 M M 5.5 10 30 M M 6 20 50
6 74 46 60 M 5 0 0.00 M M 4.6 18 320 M M 6 1 26 340
7 67 33 50 M 15 0 0.00 M M 6.1 10 160 M M 0 17 40
8 73 49 61 M 4 0 0.00 M M 6.0 15 200 M M 6 18 200
9 64 45 55 M 10 0 0.00 M M 5.4 9 10 M M 10 128 16 350
10 50 35 43 M 22 0 0.00 M M 8.6 12 20 M M 10 1 20 360
11 35 30 33 M 32 0 0.13 M M 9.1 16 340 M M 10 1 28 20
12 32 29 31 M 34 0 0.00 M M 6.8 10 10 M M 10 1 16 360
13 29 27 28 M 37 0 0.00 M M 8.2 12 10 M M 10 1 17 10
14 29 15 22 M 43 0 0.03 M M 8.2 14 360 M M 10 1 18 360
15 20 9 15 M 50 0 0.03 M M 8.8 14 340 M M 1 20 350
16 26 6 16 M 49 0 0.00 M M 3.8 8 350 M M 0 M M
17 33 24 29 M 36 0 0.07 M M 5.5 9 10 M M 5 1 M M
18 31 26 29 M 36 0 0.00 M M 6.4 10 360 M M 8 1 M M
19 41 20 31 M 34 0 0.00 M M 3.6 8 340 M M 0 M M
20 60 25 43 M 22 0 0.00 M M 5.1 10 150 M M 0 20 170
21 72 46 59 M 6 0 0.00 M M 6.5 17 200 M M 5 29 210
22 72 42 57 M 8 0 0.00 M M 2.9 9 10 M M 0 18 10
23 76 38 57 M 8 0 0.00 M M 7.1 14 210 M M 2 1 22 210
24 79 62 71 M 0 6 0.00 M M 7.0 13 210 M M 8 21 200
25 67 53 60 M 5 0 0.03 M M 5.6 13 140 M M 10 1 17 140
26 M 47 M M M M 0.00 M M 5.8 12 320 M M 10 18 16 330
27 78 58 68 M 0 3 0.01 M M 7.5 14 190 M M 8 1 23 180
28 81 59 70 M 0 5 0.00 M M 7.4 13 200 M M 8 18 25 180
================================================================================
SM 1523 1034 509 16 0.39 M 178.3 M 150
================================================================================
AV 56.4 36.9 6.4 FASTST M M 5 MAX(MPH)
MISC ----> 18 320 29 210
================================================================================
NOTES:
# LAST OF SEVERAL OCCURRENCES
COLUMN 17 PEAK WIND IN M.P.H.
PRELIMINARY LOCAL CLIMATOLOGICAL DATA (WS FORM: F-6) , PAGE 2
STATION: GIDDINGS-LEE COUNTY AIRPORT
MONTH: FEBRUARY
YEAR: 2021
LATITUDE: 30 10 N
LONGITUDE: 96 59 W
[TEMPERATURE DATA] [PRECIPITATION DATA] SYMBOLS USED IN COLUMN 16
AVERAGE MONTHLY: 46.7 TOTAL FOR MONTH: 0.39 1 = FOG OR MIST
DPTR FM NORMAL: 0.0 DPTR FM NORMAL: 0.39 2 = FOG REDUCING VISIBILITY
HIGHEST: 81 ON 28 GRTST 24HR 0.13 ON 11-11 TO 1/4 MILE OR LESS
LOWEST: 6 ON 16 3 = THUNDER
SNOW, ICE PELLETS, HAIL 4 = ICE PELLETS
TOTAL MONTH: M 5 = HAIL
GRTST 24HR M ON M 6 = FREEZING RAIN OR DRIZZLE
GRTST DEPTH: M ON M 7 = DUSTSTORM OR SANDSTORM:
VSBY 1/2 MILE OR LESS
8 = SMOKE OR HAZE
[NO. OF DAYS WITH] [WEATHER - DAYS WITH] 9 = BLOWING SNOW
X = TORNADO
MAX 32 OR BELOW: 6 0.01 INCH OR MORE: 7
MAX 90 OR ABOVE: 0 0.10 INCH OR MORE: 1
MIN 32 OR BELOW: 10 0.50 INCH OR MORE: 0
MIN 0 OR BELOW: 0 1.00 INCH OR MORE: 0
[HDD (BASE 65) ]
TOTAL THIS MO. 509 CLEAR (SCALE 0-3) 10
DPTR FM NORMAL M PTCLDY (SCALE 4-7) 10
TOTAL FM JUL 1 1299 CLOUDY (SCALE 8-10) 8
DPTR FM NORMAL M
[CDD (BASE 65) ]
TOTAL THIS MO. 16
DPTR FM NORMAL M [PRESSURE DATA]
TOTAL FM JAN 1 18 HIGHEST SLP M ON M
DPTR FM NORMAL M LOWEST SLP M ON M
[REMARKS]
#FINAL-02-21#