000
CXUS54 KFWD 010732
CF6GYI
PRELIMINARY LOCAL CLIMATOLOGICAL DATA (WS FORM: F-6)
STATION: SHERMAN/DENISON
MONTH: JULY
YEAR: 2021
LATITUDE: 33 42 N
LONGITUDE: 96 40 W
TEMPERATURE IN F: :PCPN: SNOW: WIND :SUNSHINE: SKY :PK WND
================================================================================
1 2 3 4 5 6A 6B 7 8 9 10 11 12 13 14 15 16 17 18
12Z AVG MX 2MIN
DY MAX MIN AVG DEP HDD CDD WTR SNW DPTH SPD SPD DIR MIN PSBL S-S WX SPD DR
================================================================================
1 95 74 85 4 0 20 0.11 M M 5.2 16 30 M M 3 3 23 30
2 86 73 80 -1 0 15 M M M 3.6 10 350 M M 6 M M
3 86 68 77 -4 0 12 0.02 M M 6.7 12 80 M M 6 1 17 90
4 88 69 79 -2 0 14 0.00 M M 5.7 9 80 M M 3 M M
5 90 68 79 -3 0 14 0.00 M M 6.5 10 80 M M 4 16 80
6 91 71 81 -1 0 16 0.00 M M 3.3 15 130 M M 2 20 130
7 93 72 83 1 0 18 0.00 M M 3.4 10 340 M M 2 18 340
8 94 73 84 2 0 19 0.00 M M 6.4 9 150 M M 1 M M
9 89 73 81 -1 0 16 M M M 9.3 16 160 M M 2 17 160
10 92 74 83 1 0 18 0.00 M M 11.4 20 190 M M 6 27 200
11 89 69 79 -3 0 14 0.20 M M 6.7 12 300 M M 3 3 35 300
12 89 66 78 -4 0 13 0.00 M M 1.8 6 280 M M 1 M M
13 94 71 83 1 0 18 0.00 M M 8.6 13 200 M M 2 17 200
14 91 69 80 -2 0 15 0.00 M M 10.9 16 150 M M 1 21 190
15 92 72 82 -1 0 17 M M M 11.3 16 150 M M 2 23 170
16 93 74 84 1 0 19 M M M 8.9 13 220 M M 3 3 20 220
17 92 76 84 1 0 19 M M M 9.3 14 170 M M 1 21 180
18 93 76 85 2 0 20 M M M 8.8 15 200 M M 2 8 21 200
19 87 73 80 -3 0 15 0.01 M M 4.3 16 40 M M 4 M M
20 88 69 79 -4 0 14 M M M 4.7 10 30 M M 3 1 M M
21 88 67 78 -5 0 13 0.00 M M 3.0 8 50 M M 1 1 M M
22 91 68 80 -3 0 15 0.00 M M 4.1 9 140 M M 2 M M
23 92 74 83 0 0 18 0.00 M M 9.1 15 170 M M 3 17 190
24 95 75 85 2 0 20 0.00 M M 9.8 14 190 M M 0 21 190
25 97 75 86 3 0 21 0.00 M M 7.8 12 140 M M 0 16 160
26 99 76 88 5 0 23 M M M 3.8 10 150 M M 3 M M
27 98 76 87 4 0 22 0.00 M M 4.5 9 170 M M 0 M M
28 97 73 85 2 0 20 0.00 M M 5.5 8 100 M M 0 M M
29 95 73 84 1 0 19 0.00 M M 4.0 8 110 M M 1 M M
30 97 76 87 4 0 22 0.00 M M 3.8 9 150 M M 1 M M
31 98 76 87 4 0 22 0.00 M M 7.0 10 160 M M 1 M M
================================================================================
SM 2859 2239 0 541 0.34 M 198.9 M 69
================================================================================
AV 92.2 72.2 6.4 FASTST M M 2 MAX(MPH)
MISC ----> 20 190 35 300
================================================================================
NOTES:
# LAST OF SEVERAL OCCURRENCES
COLUMN 17 PEAK WIND IN M.P.H.
PRELIMINARY LOCAL CLIMATOLOGICAL DATA (WS FORM: F-6) , PAGE 2
STATION: SHERMAN/DENISON
MONTH: JULY
YEAR: 2021
LATITUDE: 33 42 N
LONGITUDE: 96 40 W
[TEMPERATURE DATA] [PRECIPITATION DATA] SYMBOLS USED IN COLUMN 16
AVERAGE MONTHLY: 82.2 TOTAL FOR MONTH: 0.34 1 = FOG OR MIST
DPTR FM NORMAL: -0.3 DPTR FM NORMAL: -2.28 2 = FOG REDUCING VISIBILITY
HIGHEST: 99 ON 26 GRTST 24HR 0.20 ON 11-11 TO 1/4 MILE OR LESS
LOWEST: 66 ON 12 3 = THUNDER
SNOW, ICE PELLETS, HAIL 4 = ICE PELLETS
TOTAL MONTH: M 5 = HAIL
GRTST 24HR M ON M 6 = FREEZING RAIN OR DRIZZLE
GRTST DEPTH: M ON M 7 = DUSTSTORM OR SANDSTORM:
VSBY 1/2 MILE OR LESS
8 = SMOKE OR HAZE
[NO. OF DAYS WITH] [WEATHER - DAYS WITH] 9 = BLOWING SNOW
X = TORNADO
MAX 32 OR BELOW: 0 0.01 INCH OR MORE: 4
MAX 90 OR ABOVE: 22 0.10 INCH OR MORE: 2
MIN 32 OR BELOW: 0 0.50 INCH OR MORE: 0
MIN 0 OR BELOW: 0 1.00 INCH OR MORE: 0
[HDD (BASE 65) ]
TOTAL THIS MO. 0 CLEAR (SCALE 0-3) 24
DPTR FM NORMAL 0 PTCLDY (SCALE 4-7) 7
TOTAL FM JUL 1 0 CLOUDY (SCALE 8-10) 0
DPTR FM NORMAL 0
[CDD (BASE 65) ]
TOTAL THIS MO. 541
DPTR FM NORMAL -1 [PRESSURE DATA]
TOTAL FM JAN 1 1183 HIGHEST SLP M ON M
DPTR FM NORMAL -22 LOWEST SLP M ON M
[REMARKS]
#FINAL-07-21#