000
CXUS54 KFWD 010833
CF6GYI
PRELIMINARY LOCAL CLIMATOLOGICAL DATA (WS FORM: F-6)
STATION: SHERMAN/DENISON
MONTH: DECEMBER
YEAR: 2023
LATITUDE: 33 42 N
LONGITUDE: 96 40 W
TEMPERATURE IN F: :PCPN: SNOW: WIND :SUNSHINE: SKY :PK WND
================================================================================
1 2 3 4 5 6A 6B 7 8 9 10 11 12 13 14 15 16 17 18
12Z AVG MX 2MIN
DY MAX MIN AVG DEP HDD CDD WTR SNW DPTH SPD SPD DIR MIN PSBL S-S WX SPD DR
================================================================================
1 57 38 48 1 17 0 0.00 M M 6.5 12 280 M M 3 1 17 290
2 62 36 49 2 16 0 0.00 M M 6.1 13 170 M M 4 12 M M
3 70 32 51 5 14 0 0.00 M M 4.7 16 240 M M 0 23 240
4 65 34 50 4 15 0 0.00 M M 3.6 8 160 M M 0 M M
5 67 33 50 4 15 0 0.00 M M 4.2 10 300 M M 0 M M
6 65 38 52 7 13 0 0.00 M M 6.9 13 170 M M 0 20 170
7 70 47 59 14 6 0 0.00 M M 16.4 30 180 M M 0 39 180
8 77 58 68 23 0 3 0.00 M M 15.8 28 200 M M 4 1 35 200
9 63 37 50 5 15 0 0.00 M M 11.3 22 330 M M 2 29 350
10 54 28 41 -3 24 0 0.00 M M 6.3 12 340 M M 0 20 310
11 66 35 51 7 14 0 0.00 M M 7.5 10 170 M M 0 M M
12 65 37 51 7 14 0 0.00 M M 7.8 12 120 M M 0 M M
13 64 42 53 9 12 0 0.00 M M 8.1 16 90 M M 1 18 110
14 65 38 52 8 13 0 0.00 M M 8.4 14 120 M M 3 20 110
15 57 41 49 6 16 0 0.00 M M 8.6 17 140 M M 8 1 29 140
16 58 37 48 5 17 0 0.00 M M 5.5 15 300 M M 1 17 320
17 70 33 52 9 13 0 0.00 M M 3.5 10 180 M M 0 M M
18 59 37 48 5 17 0 0.00 M M 7.1 16 20 M M 0 22 10
19 58 33 46 3 19 0 0.00 M M 8.9 15 140 M M 0 20 140
20 65 42 54 11 11 0 0.00 M M 10.0 16 160 M M 4 21 160
21 59 55 57 15 8 0 0.12 M M 8.8 12 150 M M 9 1 M M
22 65 55 60 18 5 0 0.15 M M 7.9 12 160 M M 10 1 M M
23 64 59 62 20 3 0 0.58 M M 9.6 16 130 M M 10 1 20 130
24 64 46 55 13 10 0 1.02 M M 11.5 21 300 M M 9 29 280
25 50 32 41 -1 24 0 0.00 M M 11.9 18 330 M M 3 28 310
26 56 26 41 -1 24 0 0.00 M M 7.4 20 190 M M 1 26 200
27 50 32 41 -1 24 0 0.00 M M 9.9 21 320 M M 1 29 320
28 46 31 39 -3 26 0 M M M 8.4 14 330 M M 5 21 330
29 55 28 42 0 23 0 0.00 M M 7.2 16 270 M M 0 21 270
30 64 30 47 5 18 0 0.00 M M 5.7 9 150 M M 0 M M
31 58 36 47 5 18 0 0.00 M M 7.6 15 20 M M 0 20 20
================================================================================
SM 1908 1186 464 3 1.87 M 253.1 M 78
================================================================================
AV 61.5 38.3 8.2 FASTST M M 3 MAX(MPH)
MISC ----> 30 180 39 180
================================================================================
NOTES:
# LAST OF SEVERAL OCCURRENCES
COLUMN 17 PEAK WIND IN M.P.H.
PRELIMINARY LOCAL CLIMATOLOGICAL DATA (WS FORM: F-6) , PAGE 2
STATION: SHERMAN/DENISON
MONTH: DECEMBER
YEAR: 2023
LATITUDE: 33 42 N
LONGITUDE: 96 40 W
[TEMPERATURE DATA] [PRECIPITATION DATA] SYMBOLS USED IN COLUMN 16
AVERAGE MONTHLY: 49.9 TOTAL FOR MONTH: 1.87 1 = FOG OR MIST
DPTR FM NORMAL: 6.3 DPTR FM NORMAL: -1.27 2 = FOG REDUCING VISIBILITY
HIGHEST: 77 ON 8 GRTST 24HR 1.02 ON 24-24 TO 1/4 MILE OR LESS
LOWEST: 26 ON 26 3 = THUNDER
SNOW, ICE PELLETS, HAIL 4 = ICE PELLETS
TOTAL MONTH: M 5 = HAIL
GRTST 24HR M ON M 6 = FREEZING RAIN OR DRIZZLE
GRTST DEPTH: M ON M 7 = DUSTSTORM OR SANDSTORM:
VSBY 1/2 MILE OR LESS
8 = SMOKE OR HAZE
[NO. OF DAYS WITH] [WEATHER - DAYS WITH] 9 = BLOWING SNOW
X = TORNADO
MAX 32 OR BELOW: 0 0.01 INCH OR MORE: 4
MAX 90 OR ABOVE: 0 0.10 INCH OR MORE: 4
MIN 32 OR BELOW: 8 0.50 INCH OR MORE: 2
MIN 0 OR BELOW: 0 1.00 INCH OR MORE: 1
[HDD (BASE 65) ]
TOTAL THIS MO. 464 CLEAR (SCALE 0-3) 20
DPTR FM NORMAL -199 PTCLDY (SCALE 4-7) 6
TOTAL FM JUL 1 862 CLOUDY (SCALE 8-10) 5
DPTR FM NORMAL -281
[CDD (BASE 65) ]
TOTAL THIS MO. 3
DPTR FM NORMAL 2 [PRESSURE DATA]
TOTAL FM JAN 1 3096 HIGHEST SLP M ON M
DPTR FM NORMAL 930 LOWEST SLP M ON M
[REMARKS]
#FINAL-12-23#