000
CXUS54 KOUN 010910
CF6HBR
PRELIMINARY LOCAL CLIMATOLOGICAL DATA (WS FORM: F-6)
STATION: HOBART
MONTH: FEBRUARY
YEAR: 2024
LATITUDE: 35 0 N
LONGITUDE: 99 3 W
TEMPERATURE IN F: :PCPN: SNOW: WIND :SUNSHINE: SKY :PK WND
================================================================================
1 2 3 4 5 6A 6B 7 8 9 10 11 12 13 14 15 16 17 18
12Z AVG MX 2MIN
DY MAX MIN AVG DEP HDD CDD WTR SNW DPTH SPD SPD DIR MIN PSBL S-S WX SPD DR
================================================================================
1 70 47 59 18 6 0 T M M 15.2 25 190 M M 2 32 190
2 63 50 57 16 8 0 0.44 M M 15.6 37 160 M M 4 13 51 250
3 61 47 54 13 11 0 0.00 M M 13.5 22 190 M M 5 12 30 180
4 55 46 51 10 14 0 0.05 M M 14.6 28 10 M M 9 1 36 10
5 60 40 50 9 15 0 T 0.0 M 9.9 22 40 M M 5 28 30
6 58 34 46 4 19 0 0.00 0.0 M 7.9 16 150 M M 0 18 20 170
7 59 44 52 10 13 0 T 0.0 M 17.1 26 190 M M 1 34 170
8 67 42 55 13 10 0 0.00 M M 16.4 26 230 M M 0 37 240
9 61 40 51 9 14 0 0.00 M M 11.4 23 250 M M 0 28 250
10 46 37 42 0 23 0 0.04 M M 13.3 24 360 M M 5 1 30 350
11 39 33 36 -6 29 0 0.24 M M 17.6 25 40 M M 10 1 32 50
12 53 29 41 -2 24 0 0.00 M M 8.2 13 200 M M 1 18 290
13 60 31 46 3 19 0 0.00 M M 12.2 20 200 M M 0 25 210
14 64 38 51 8 14 0 0.00 M M 16.5 29 200 M M 0 37 190
15 56 38 47 4 18 0 0.00 M M 9.9 22 60 M M 0 1 27 60
16 48 31 40 -4 25 0 0.00 M M 19.6 35 20 M M 3 1 44 20
17 35 23 29 -15 36 0 0.00 M M 15.0 29 50 M M 6 35 40
18 54 20 37 -7 28 0 0.00 M M 9.6 18 210 M M 0 25 220
19 71 34 53 9 12 0 0.00 M M 9.3 17 340 M M 0 23 350
20 74 34 54 10 11 0 0.00 M M 10.1 21 190 M M 0 26 190
21 79 38 59 14 6 0 0.00 M M 13.1 28 190 M M 0 39 180
22 73 42 58 13 7 0 0.00 M M 14.4 26 360 M M 0 37 350
23 70 35 53 8 12 0 0.00 M M 9.2 18 330 M M 1 24 330
24 75 31 53 7 12 0 0.00 M M 11.6 26 210 M M 0 33 210
25 79 40 60 14 5 0 0.00 M M 9.5 17 200 M M 0 20 220
26 90 42 66 20 0 1 0.00 M M 14.1 26 270 M M 0 8 39 260
27 82 38 60 14 5 0 0.00 0.0 0 20.0 37 360 M M 2 49 270
28 48 29 39 -8 26 0 0.00 M M 13.9 32 10 M M 1 40 10
29 41 26 34 -13 31 0 0.06 M M 8.5 20 180 M M 5 1 24 180
================================================================================
SM 1791 1059 453 1 0.83 0.0 377.2 M 60
================================================================================
AV 61.8 36.5 13.0 FASTST M M 2 MAX(MPH)
MISC ----> # 37 160 51 250
================================================================================
NOTES:
# LAST OF SEVERAL OCCURRENCES
COLUMN 17 PEAK WIND IN M.P.H.
PRELIMINARY LOCAL CLIMATOLOGICAL DATA (WS FORM: F-6) , PAGE 2
STATION: HOBART
MONTH: FEBRUARY
YEAR: 2024
LATITUDE: 35 0 N
LONGITUDE: 99 3 W
[TEMPERATURE DATA] [PRECIPITATION DATA] SYMBOLS USED IN COLUMN 16
AVERAGE MONTHLY: 49.1 TOTAL FOR MONTH: 0.83 1 = FOG OR MIST
DPTR FM NORMAL: 5.7 DPTR FM NORMAL: -0.15 2 = FOG REDUCING VISIBILITY
HIGHEST: 90 ON 26 GRTST 24HR 0.44 ON 2- 2 TO 1/4 MILE OR LESS
LOWEST: 20 ON 18 3 = THUNDER
SNOW, ICE PELLETS, HAIL 4 = ICE PELLETS
TOTAL MONTH: 0.0 INCH 5 = HAIL
GRTST 24HR 0.0 6 = FREEZING RAIN OR DRIZZLE
GRTST DEPTH: 0 7 = DUSTSTORM OR SANDSTORM:
VSBY 1/2 MILE OR LESS
8 = SMOKE OR HAZE
[NO. OF DAYS WITH] [WEATHER - DAYS WITH] 9 = BLOWING SNOW
X = TORNADO
MAX 32 OR BELOW: 0 0.01 INCH OR MORE: 5
MAX 90 OR ABOVE: 1 0.10 INCH OR MORE: 2
MIN 32 OR BELOW: 8 0.50 INCH OR MORE: 0
MIN 0 OR BELOW: 0 1.00 INCH OR MORE: 0
[HDD (BASE 65) ]
TOTAL THIS MO. 453 CLEAR (SCALE 0-3) 21
DPTR FM NORMAL -153 PTCLDY (SCALE 4-7) 6
TOTAL FM JUL 1 2503 CLOUDY (SCALE 8-10) 2
DPTR FM NORMAL -292
[CDD (BASE 65) ]
TOTAL THIS MO. 1
DPTR FM NORMAL 0 [PRESSURE DATA]
TOTAL FM JAN 1 1 HIGHEST SLP 30.53 ON 17
DPTR FM NORMAL 0 LOWEST SLP 29.41 ON 27
[REMARKS]
#FINAL-02-24#