000
CXUS53 KGID 011344
CF6HDE
PRELIMINARY LOCAL CLIMATOLOGICAL DATA (WS FORM: F-6)
STATION: HOLDREGE NE
MONTH: JANUARY
YEAR: 2024
LATITUDE: 40 27 N
LONGITUDE: 99 20 W
TEMPERATURE IN F: :PCPN: SNOW: WIND :SUNSHINE: SKY :PK WND
================================================================================
1 2 3 4 5 6A 6B 7 8 9 10 11 12 13 14 15 16 17 18
12Z AVG MX 2MIN
DY MAX MIN AVG DEP HDD CDD WTR SNW DPTH SPD SPD DIR MIN PSBL S-S WX SPD DR
================================================================================
1 29 14 22 M 43 0 0.00 M M 3.8 7 200 M M 6 12 M M
2 41 20 31 M 34 0 0.00 M M 5.0 10 350 M M 0 M M
3 39 22 31 M 34 0 0.00 M M 7.2 13 60 M M 2 12 M M
4 32 25 29 M 36 0 0.00 M M 7.7 10 150 M M 10 12 M M
5 31 28 30 M 35 0 M M M 1.4 10 150 M M 10 12 M M
6 33 19 26 M 39 0 M M M 4.7 10 340 M M 8 1 20 330
7 33 13 23 M 42 0 0.00 M M 9.0 18 130 M M 2 1 24 120
8 33 17 25 M 40 0 M M M 20.4 37 360 M M 8 44 360
9 28 18 23 M 42 0 M M M 16.6 35 350 M M 5 1 41 350
10 43 21 32 M 33 0 0.00 M M 9.3 15 320 M M 2 18 250
11 29 5 17 M 48 0 M M M 18.7 30 40 M M 6 1 33 40
12 6 -7 0 M 65 0 M M M 20.8 25 350 M M 4 32 350
13 -1 -14 -7 M 72 0 M M M 17.5 29 350 M M 4 8 38 350
14 0 -12 -6 M 71 0 0.00 M M 7.6 15 340 M M 6 21 340
15 1 -9 -4 M 69 0 M M M 11.4 22 320 M M 5 8 28 320
16 19 -11 4 M 61 0 0.00 M M 8.3 14 240 M M 0 22 240
17 27 6 17 M 48 0 0.00 M M 6.4 13 80 M M 2 20 260
18 24 2 13 M 52 0 M M M 10.9 36 350 M M 5 8 40 350
19 14 -1 7 M 58 0 0.00 M M 10.0 21 340 M M 0 24 340
20 10 -6 2 M 63 0 0.00 M M 10.7 18 170 M M 0 22 160
21 30 7 19 M 46 0 0.00 M M 16.1 22 210 M M 1 29 190
22 36 22 29 M 36 0 0.00 M M 7.4 15 170 M M 6 1 M M
23 32 31 32 M 33 0 0.00 M M 3.2 9 120 M M 10 1 M M
24 33 29 31 M 34 0 0.00 M M 6.7 12 220 M M 10 1 M M
25 45 26 36 M 29 0 0.00 M M 3.2 8 220 M M 6 12 M M
26 39 24 32 M 33 0 0.00 M M 2.6 10 290 M M 9 128 M M
27 47 28 38 M 27 0 0.00 M M 4.6 8 330 M M 0 1 M M
28 53 25 39 M 26 0 0.00 M M 3.6 10 280 M M 0 M M
29 59 32 46 M 19 0 0.00 M M 7.5 13 340 M M 0 16 310
30 61 33 47 M 18 0 0.00 M M 5.5 8 320 M M 0 M M
31 64 34 49 M 16 0 0.00 M M 5.3 12 220 M M 0 M M
================================================================================
SM 970 441 1302 0 M M 273.1 M 127
================================================================================
AV 31.3 14.2 8.8 FASTST M M 4 MAX(MPH)
MISC ----> 37 360 M M
================================================================================
NOTES:
# LAST OF SEVERAL OCCURRENCES
COLUMN 17 PEAK WIND IN M.P.H.
PRELIMINARY LOCAL CLIMATOLOGICAL DATA (WS FORM: F-6) , PAGE 2
STATION: HOLDREGE NE
MONTH: JANUARY
YEAR: 2024
LATITUDE: 40 27 N
LONGITUDE: 99 20 W
[TEMPERATURE DATA] [PRECIPITATION DATA] SYMBOLS USED IN COLUMN 16
AVERAGE MONTHLY: 22.8 TOTAL FOR MONTH: M 1 = FOG OR MIST
DPTR FM NORMAL: M DPTR FM NORMAL: M 2 = FOG REDUCING VISIBILITY
HIGHEST: 64 ON 31 GRTST 24HR M ON M TO 1/4 MILE OR LESS
LOWEST: -14 ON 13 3 = THUNDER
SNOW, ICE PELLETS, HAIL 4 = ICE PELLETS
TOTAL MONTH: M 5 = HAIL
GRTST 24HR M ON M 6 = FREEZING RAIN OR DRIZZLE
GRTST DEPTH: M ON M 7 = DUSTSTORM OR SANDSTORM:
VSBY 1/2 MILE OR LESS
8 = SMOKE OR HAZE
[NO. OF DAYS WITH] [WEATHER - DAYS WITH] 9 = BLOWING SNOW
X = TORNADO
MAX 32 OR BELOW: 16 0.01 INCH OR MORE: M
MAX 90 OR ABOVE: 0 0.10 INCH OR MORE: M
MIN 32 OR BELOW: 29 0.50 INCH OR MORE: M
MIN 0 OR BELOW: 7 1.00 INCH OR MORE: M
[HDD (BASE 65) ]
TOTAL THIS MO. 1302 CLEAR (SCALE 0-3) 14
DPTR FM NORMAL M PTCLDY (SCALE 4-7) 11
TOTAL FM JUL 1 3304 CLOUDY (SCALE 8-10) 6
DPTR FM NORMAL M
[CDD (BASE 65) ]
TOTAL THIS MO. 0
DPTR FM NORMAL M [PRESSURE DATA]
TOTAL FM JAN 1 0 HIGHEST SLP M ON M
DPTR FM NORMAL M LOWEST SLP M ON M
[REMARKS]
#FINAL-01-24#