000
CXUS53 KBIS 010930
CF6HEI
PRELIMINARY LOCAL CLIMATOLOGICAL DATA (WS FORM: F-6)
STATION: HETTINGER ND
MONTH: NOVEMBER
YEAR: 2021
LATITUDE: 46 0 N
LONGITUDE: 102 39 W
TEMPERATURE IN F: :PCPN: SNOW: WIND :SUNSHINE: SKY :PK WND
================================================================================
1 2 3 4 5 6A 6B 7 8 9 10 11 12 13 14 15 16 17 18
12Z AVG MX 2MIN
DY MAX MIN AVG DEP HDD CDD WTR SNW DPTH SPD SPD DIR MIN PSBL S-S WX SPD DR
================================================================================
1 41 10 26 -9 39 0 0.00 M M 5.2 17 320 M M 1 25 320
2 46 9 28 -7 37 0 0.00 M M 3.3 12 160 M M 0 18 170
3 60 17 39 4 26 0 0.00 M M 4.6 15 280 M M 0 19 300
4 68 20 44 10 21 0 0.00 M M 5.9 14 220 M M 0 21 150
5 66 30 48 14 17 0 T M M 12.9 31 290 M M 0 45 300
6 71 23 47 14 18 0 0.00 M M 4.8 15 220 M M 0 21 220
7 62 31 47 14 18 0 0.00 M M 7.8 23 320 M M 2 30 330
8 54 29 42 10 23 0 0.00 M M 4.4 16 190 M M 1 1 26 200
9 54 21 38 6 27 0 T M M 8.1 22 130 M M 5 12 29 130
10 51 31 41 9 24 0 T M M 17.7 37 310 M M 3 53 310
11 35 25 30 -1 35 0 T M M 32.2 45 300 M M 7 63 310
12 36 21 29 -2 36 0 0.00 M M 16.3 33 320 M M 5 46 320
13 57 29 43 13 22 0 T M M 18.1 53 310 M M 5 68 300
14 50 27 39 9 26 0 0.01 M M 6.4 17 240 M M 7 1 21 260
15 65 32 49 19 16 0 0.00 M M 4.2 13 230 M M 1 16 240
16 56 32 44 15 21 0 0.00 M M 22.3 45 310 M M 2 62 320
17 35 19 27 -2 38 0 0.00 M M 29.4 43 290 M M 2 60 300
18 39 9 24 -4 41 0 0.00 M M 9.3 21 300 M M 0 27 310
19 54 18 36 8 29 0 0.00 M M 5.7 18 300 M M 3 23 280
20 45 24 35 7 30 0 0.00 M M 5.2 16 290 M M 6 22 280
21 33 18 26 -1 39 0 0.00 M M 7.6 20 330 M M 3 26 330
22 55 21 38 11 27 0 0.00 M M 6.2 14 280 M M 0 19 260
23 59 20 40 14 25 0 0.00 M M 5.2 14 320 M M 0 18 330
24 31 2 17 -9 48 0 T M M 12.8 29 330 M M 6 1 35 330
25 39 0 20 -6 45 0 0.00 M M 6.3 17 180 M M 3 22 190
26 63 26 45 20 20 0 0.00 M M 9.5 26 280 M M 0 35 270
27 47 17 32 7 33 0 0.00 M M 8.4 22 300 M M 1 29 300
28 58 20 39 15 26 0 0.00 M M 5.5 15 250 M M 2 19 230
29 61 30 46 22 19 0 0.00 M M 9.4 26 300 M M 0 40 300
30 50 19 35 11 30 0 0.00 M M 6.9 18 280 M M 2 12 25 270
================================================================================
SM 1541 630 856 0 0.01 M 301.6 M 67
================================================================================
AV 51.4 21.0 10.1 FASTST M M 2 MAX(MPH)
MISC ----> 53 310 68 300
================================================================================
NOTES:
# LAST OF SEVERAL OCCURRENCES
COLUMN 17 PEAK WIND IN M.P.H.
PRELIMINARY LOCAL CLIMATOLOGICAL DATA (WS FORM: F-6) , PAGE 2
STATION: HETTINGER ND
MONTH: NOVEMBER
YEAR: 2021
LATITUDE: 46 0 N
LONGITUDE: 102 39 W
[TEMPERATURE DATA] [PRECIPITATION DATA] SYMBOLS USED IN COLUMN 16
AVERAGE MONTHLY: 36.2 TOTAL FOR MONTH: 0.01 1 = FOG OR MIST
DPTR FM NORMAL: 6.8 DPTR FM NORMAL: -0.53 2 = FOG REDUCING VISIBILITY
HIGHEST: 71 ON 6 GRTST 24HR 0.01 ON 14-14 TO 1/4 MILE OR LESS
LOWEST: 0 ON 25 3 = THUNDER
SNOW, ICE PELLETS, HAIL 4 = ICE PELLETS
TOTAL MONTH: M 5 = HAIL
GRTST 24HR M ON M 6 = FREEZING RAIN OR DRIZZLE
GRTST DEPTH: M ON M 7 = DUSTSTORM OR SANDSTORM:
VSBY 1/2 MILE OR LESS
8 = SMOKE OR HAZE
[NO. OF DAYS WITH] [WEATHER - DAYS WITH] 9 = BLOWING SNOW
X = TORNADO
MAX 32 OR BELOW: 1 0.01 INCH OR MORE: 1
MAX 90 OR ABOVE: 0 0.10 INCH OR MORE: 0
MIN 32 OR BELOW: 30 0.50 INCH OR MORE: 0
MIN 0 OR BELOW: 1 1.00 INCH OR MORE: 0
[HDD (BASE 65) ]
TOTAL THIS MO. 856 CLEAR (SCALE 0-3) 21
DPTR FM NORMAL -210 PTCLDY (SCALE 4-7) 9
TOTAL FM JUL 1 1465 CLOUDY (SCALE 8-10) 0
DPTR FM NORMAL -609
[CDD (BASE 65) ]
TOTAL THIS MO. 0
DPTR FM NORMAL 0 [PRESSURE DATA]
TOTAL FM JAN 1 690 HIGHEST SLP 30.58 ON 24
DPTR FM NORMAL 303 LOWEST SLP 29.36 ON 16
[REMARKS]
#FINAL-11-21#