000
CXUS54 KJAN 011414
CF6HEZ
PRELIMINARY LOCAL CLIMATOLOGICAL DATA (WS FORM: F-6)
STATION: NATCHEZ
MONTH: APRIL
YEAR: 2020
LATITUDE: 31 37 N
LONGITUDE: 91 15 W
TEMPERATURE IN F: :PCPN: SNOW: WIND :SUNSHINE: SKY :PK WND
================================================================================
1 2 3 4 5 6A 6B 7 8 9 10 11 12 13 14 15 16 17 18
12Z AVG MX 2MIN
DY MAX MIN AVG DEP HDD CDD WTR SNW DPTH SPD SPD DIR MIN PSBL S-S WX SPD DR
================================================================================
1 72 41 57 M 8 0 0.00 0.0 0 2.2 7 290 M M 0 M M
2 74 49 62 M 3 0 T M 0 3.8 9 140 M M 1 M M
3 77 59 68 M 0 3 0.08 0.0 0 2.7 7 80 M M 2 M M
4 71 58 65 M 0 0 T 0.0 0 3.8 10 10 M M 3 M M
5 77 58 68 M 0 3 T 0.0 0 3.7 8 320 M M 1 18 M M
6 83 60 72 M 0 7 0.00 0.0 0 3.5 9 160 M M 1 M M
7 80 68 74 M 0 9 T 0.0 0 5.8 9 200 M M 6 1 M M
8 84 72 78 M 0 13 0.00 0.0 0 7.0 10 220 M M 7 17 210
9 81 61 71 M 0 6 0.39 0.0 0 7.4 12 350 M M 6 138 M M
10 66 47 57 M 8 0 0.01 M 0 6.8 13 360 M M 0 20 30
11 77 42 60 M 5 0 0.00 0.0 0 6.7 13 180 M M 1 8 M M
12 80 65 73 M 0 8 0.60 0.0 0 11.6 20 180 M M 8 138 33 180
13 65 45 55 M 10 0 0.00 0.0 0 8.5 14 360 M M 8 20 330
14 61 42 52 M 13 0 0.00 0.0 0 10.9 21 10 M M 1 8 25 10
15 61 39 50 M 15 0 0.00 0.0 0 7.2 16 20 M M 0 20 30
16 74 35 55 M 10 0 0.00 0.0 0 4.5 12 140 M M 0 17 110
17 76 45 61 M 4 0 0.00 0.0 0 4.4 16 170 M M 3 1 20 170
18 71 57 64 M 1 0 0.03 0.0 0 5.1 9 20 M M 5 13 M M
19 M M M M M M 1.89 M 0 4.5 18 360 M M 8 13 29 360
20 65 52 59 M 6 0 0.00 0.0 0 3.3 8 290 M M 5 1 M M
21 81 49 65 M 0 0 0.00 0.0 0 1.9 7 99 M M 0 M M
22 M M M M M M 1.96 M 0 6.7 14 140 M M 1 138 20 140
23 79 59 69 M 0 4 1.98 0.0 0 7.2 13 290 M M 0 13 17 230
24 82 53 68 M 0 3 T 0.0 0 3.9 12 180 M M 0 38 M M
25 75 59 67 M 0 2 0.04 0.0 0 7.8 16 330 M M 1 3 21 280
26 76 53 65 M 0 0 0.00 0.0 0 4.7 16 30 M M 0 22 30
27 79 54 67 M 0 2 0.00 0.0 0 6.5 10 120 M M 0 M M
28 79 54 67 M 0 2 0.45 0.0 0 7.8 20 130 M M 0 13 32 170
29 75 54 65 M 0 0 0.60 0.0 0 7.1 16 320 M M 0 13 23 320
30 76 47 62 M 3 0 0.00 0.0 0 5.6 16 310 M M 0 21 310
================================================================================
SM 2097 1477 86 62 8.03 0.0 172.6 M 68
================================================================================
AV 74.9 52.8 5.8 FASTST M M 2 MAX(MPH)
MISC ----> # 21 10 # 33 180
================================================================================
NOTES:
# LAST OF SEVERAL OCCURRENCES
COLUMN 17 PEAK WIND IN M.P.H.
PRELIMINARY LOCAL CLIMATOLOGICAL DATA (WS FORM: F-6) , PAGE 2
STATION: NATCHEZ
MONTH: APRIL
YEAR: 2020
LATITUDE: 31 37 N
LONGITUDE: 91 15 W
[TEMPERATURE DATA] [PRECIPITATION DATA] SYMBOLS USED IN COLUMN 16
AVERAGE MONTHLY: 63.8 TOTAL FOR MONTH: 8.03 1 = FOG OR MIST
DPTR FM NORMAL: M DPTR FM NORMAL: M 2 = FOG REDUCING VISIBILITY
HIGHEST: 84 ON 8 GRTST 24HR 1.98 ON 23-23 TO 1/4 MILE OR LESS
LOWEST: 35 ON 16 3 = THUNDER
SNOW, ICE PELLETS, HAIL 4 = ICE PELLETS
TOTAL MONTH: 0.0 INCH 5 = HAIL
GRTST 24HR 0.0 6 = FREEZING RAIN OR DRIZZLE
GRTST DEPTH: 0 7 = DUSTSTORM OR SANDSTORM:
VSBY 1/2 MILE OR LESS
8 = SMOKE OR HAZE
[NO. OF DAYS WITH] [WEATHER - DAYS WITH] 9 = BLOWING SNOW
X = TORNADO
MAX 32 OR BELOW: 0 0.01 INCH OR MORE: 11
MAX 90 OR ABOVE: 0 0.10 INCH OR MORE: 7
MIN 32 OR BELOW: 0 0.50 INCH OR MORE: 5
MIN 0 OR BELOW: 0 1.00 INCH OR MORE: 3
[HDD (BASE 65) ]
TOTAL THIS MO. 86 CLEAR (SCALE 0-3) 21
DPTR FM NORMAL M PTCLDY (SCALE 4-7) 8
TOTAL FM JUL 1 1729 CLOUDY (SCALE 8-10) 1
DPTR FM NORMAL M
[CDD (BASE 65) ]
TOTAL THIS MO. 62
DPTR FM NORMAL M [PRESSURE DATA]
TOTAL FM JAN 1 202 HIGHEST SLP M ON M
DPTR FM NORMAL M LOWEST SLP 29.45 ON 12
[REMARKS]
#FINAL-04-20#