000
CXUS54 KHGX 152048
CF6HGX
PRELIMINARY LOCAL CLIMATOLOGICAL DATA (WS FORM: F-6)
STATION: DICKINSON WFO
MONTH: SEPTEMBER
YEAR: 2023
LATITUDE: 29 28 N
LONGITUDE: 95 5 W
TEMPERATURE IN F: :PCPN: SNOW: WIND :SUNSHINE: SKY :PK WND
================================================================================
1 2 3 4 5 6A 6B 7 8 9 10 11 12 13 14 15 16 17 18
12Z AVG MX 2MIN
DY MAX MIN AVG DEP HDD CDD WTR SNW DPTH SPD SPD DIR MIN PSBL S-S WX SPD DR
================================================================================
1 99 73 86 3 0 21 0.00 0.0 0 M M M M M M M M
2 96 76 86 3 0 21 0.00 0.0 0 M M M M M M M M
3 96 79 88 6 0 23 0.00 0.0 0 M M M M M M M M
4 94 80 87 5 0 22 0.06 0.0 0 M M M M M M M M
5 97 82 90 8 0 25 0.01 0.0 0 M M M M M M M M
6 98 78 88 6 0 23 0.00 0.0 0 M M M M M M M M
7 99 79 89 7 0 24 0.00 0.0 0 M M M M M M M M
8 102 77 90 8 0 25 0.00 0.0 0 M M M M M M M M
9 96 72 84 2 0 19 0.47 0.0 0 M M M M M M 3 M M
10 94 72 83 2 0 18 0.00 0.0 0 M M M M M M M M
11 95 69 82 1 0 17 0.00 0.0 0 M M M M M M M M
12 96 73 85 4 0 20 0.00 0.0 0 M M M M M M M M
13 95 74 85 4 0 20 1.77 0.0 0 M M M M M M M M
14 87 75 81 0 0 16 0.34 M 0 M M M M M M M M
15 92 70 81 1 0 16 1.90 0.0 0 M M M M M M 3 M M
16 88 72 80 0 0 15 0.02 0.0 0 M M M M M M M M
17 92 73 83 3 0 18 T 0.0 0 M M M M M M M M
18 93 69 81 1 0 16 0.00 0.0 0 M M M M M M M M
19 92 69 81 1 0 16 0.00 0.0 0 M M M M M M M M
20 M M M M M M 0.00 0.0 0 M M M M M M M M
21 94 75 85 6 0 20 0.00 0.0 0 M M M M M M M M
22 94 76 85 6 0 20 0.00 0.0 0 M M M M M M M M
23 93 76 85 6 0 20 0.00 0.0 0 M M M M M M M M
24 93 75 84 6 0 19 0.00 0.0 0 M M M M M M M M
25 93 73 83 5 0 18 0.03 0.0 0 M M M M M M 3 M M
26 91 72 82 4 0 17 0.03 0.0 0 M M M M M M M M
27 92 74 83 5 0 18 0.01 0.0 M M M M M M M M M
28 92 74 83 6 0 18 0.00 0.0 0 M M M M M M M M
29 92 75 84 7 0 19 0.00 0.0 0 M M M M M M M M
30 91 75 83 6 0 18 0.02 0.0 0 M M M M M M M M
================================================================================
SM 2726 2157 0 562 4.66 0.0 M M M
================================================================================
AV 94.0 74.4 M FASTST M M M MAX(MPH)
MISC ----> M M M M
================================================================================
NOTES:
# LAST OF SEVERAL OCCURRENCES
COLUMN 17 PEAK WIND IN M.P.H.
PRELIMINARY LOCAL CLIMATOLOGICAL DATA (WS FORM: F-6) , PAGE 2
STATION: DICKINSON WFO
MONTH: SEPTEMBER
YEAR: 2023
LATITUDE: 29 28 N
LONGITUDE: 95 5 W
[TEMPERATURE DATA] [PRECIPITATION DATA] SYMBOLS USED IN COLUMN 16
AVERAGE MONTHLY: 84.2 TOTAL FOR MONTH: 4.66 1 = FOG OR MIST
DPTR FM NORMAL: 4.1 DPTR FM NORMAL: -2.68 2 = FOG REDUCING VISIBILITY
HIGHEST: 102 ON 8 GRTST 24HR 1.90 ON 15-15 TO 1/4 MILE OR LESS
LOWEST: 69 ON 19,18 3 = THUNDER
SNOW, ICE PELLETS, HAIL 4 = ICE PELLETS
TOTAL MONTH: 0.0 INCH 5 = HAIL
GRTST 24HR 0.0 6 = FREEZING RAIN OR DRIZZLE
GRTST DEPTH: 0 7 = DUSTSTORM OR SANDSTORM:
VSBY 1/2 MILE OR LESS
8 = SMOKE OR HAZE
[NO. OF DAYS WITH] [WEATHER - DAYS WITH] 9 = BLOWING SNOW
X = TORNADO
MAX 32 OR BELOW: 0 0.01 INCH OR MORE: 11
MAX 90 OR ABOVE: 27 0.10 INCH OR MORE: 4
MIN 32 OR BELOW: 0 0.50 INCH OR MORE: 2
MIN 0 OR BELOW: 0 1.00 INCH OR MORE: 2
[HDD (BASE 65) ]
TOTAL THIS MO. 0 CLEAR (SCALE 0-3) 0
DPTR FM NORMAL 0 PTCLDY (SCALE 4-7) 0
TOTAL FM JUL 1 0 CLOUDY (SCALE 8-10) 30
DPTR FM NORMAL 0
[CDD (BASE 65) ]
TOTAL THIS MO. 562
DPTR FM NORMAL 109 [PRESSURE DATA]
TOTAL FM JAN 1 3356 HIGHEST SLP M ON M
DPTR FM NORMAL 515 LOWEST SLP M ON M
[REMARKS]
#FINAL-09-23#