000
CXUS56 KPQR 011200
CF6HIO
PRELIMINARY LOCAL CLIMATOLOGICAL DATA (WS FORM: F-6)
STATION: HILLSBORO OR
MONTH: APRIL
YEAR: 2020
LATITUDE: 45 32 N
LONGITUDE: 122 57 W
TEMPERATURE IN F: :PCPN: SNOW: WIND :SUNSHINE: SKY :PK WND
================================================================================
1 2 3 4 5 6A 6B 7 8 9 10 11 12 13 14 15 16 17 18
12Z AVG MX 2MIN
DY MAX MIN AVG DEP HDD CDD WTR SNW DPTH SPD SPD DIR MIN PSBL S-S WX SPD DR
================================================================================
1 49 37 43 -5 22 0 0.10 M M 4.5 13 180 M M 8 1 15 180
2 52 34 43 -5 22 0 0.10 M M 3.0 17 280 M M 8 22 250
3 49 29 39 -9 26 0 T M M 2.3 12 310 M M 8 13 300
4 53 35 44 -4 21 0 0.08 M M 2.8 12 190 M M 9 1 14 60
5 63 39 51 2 14 0 0.01 M M 4.1 10 60 M M 6 1 14 360
6 63 38 51 2 14 0 0.00 M M 3.4 14 320 M M 5 18 330
7 61 36 49 0 16 0 0.00 M M 5.5 14 330 M M 1 17 340
8 74 34 54 5 11 0 0.00 M M 3.6 10 300 M M 0 18 13 50
9 77 38 58 9 7 0 0.00 M M 6.4 17 310 M M 0 8 20 320
10 71 39 55 6 10 0 0.00 M M 4.9 17 300 M M 0 21 300
11 62 38 50 1 15 0 0.00 M M 3.7 15 20 M M 3 19 10
12 66 34 50 1 15 0 0.00 M M 5.1 15 20 M M 0 19 10
13 67 32 50 0 15 0 0.00 M M 4.4 15 10 M M 0 19 10
14 69 33 51 1 14 0 0.00 M M 4.1 17 320 M M 1 22 330
15 67 44 56 6 9 0 0.00 M M 3.4 13 60 M M 7 1 18 20
16 69 36 53 3 12 0 0.00 M M 8.1 23 70 M M 0 30 70
17 77 33 55 5 10 0 0.00 M M 3.0 10 320 M M M 14 320
18 54 44 49 -1 16 0 0.08 M M 5.1 10 170 M M 9 1 12 170
19 61 40 51 1 14 0 0.00 M M 3.1 12 290 M M 5 1 14 280
20 69 36 53 2 12 0 0.00 M M 4.6 17 300 M M 2 12 23 290
21 61 44 53 2 12 0 0.00 M M 2.7 9 170 M M 9 14 150
22 61 46 54 3 11 0 0.23 M M 6.5 16 200 M M 10 1 22 200
23 61 45 53 2 12 0 0.00 M M 3.8 9 180 M M 5 13 220
24 62 47 55 4 10 0 0.04 M M 4.3 15 190 M M 8 18 19 190
25 67 42 55 3 10 0 0.18 M M 6.0 18 250 M M 5 1 25 260
26 65 36 51 -1 14 0 0.05 M M 5.1 14 160 M M 2 1 17 190
27 67 46 57 5 8 0 0.01 M M 9.0 18 190 M M 7 24 180
28 71 42 57 5 8 0 0.00 M M 2.9 10 170 M M 3 1 13 160
29 73 49 61 9 4 0 T M M 7.2 18 210 M M 6 24 200
30 65 40 53 0 12 0 T M M 6.3 17 300 M M 3 21 290
================================================================================
SM 1926 1166 396 0 0.88 M 138.9 M 130
================================================================================
AV 64.2 38.9 4.6 FASTST M M 4 MAX(MPH)
MISC ----> # 23 70 # 30 70
================================================================================
NOTES:
# LAST OF SEVERAL OCCURRENCES
COLUMN 17 PEAK WIND IN M.P.H.
PRELIMINARY LOCAL CLIMATOLOGICAL DATA (WS FORM: F-6) , PAGE 2
STATION: HILLSBORO OR
MONTH: APRIL
YEAR: 2020
LATITUDE: 45 32 N
LONGITUDE: 122 57 W
[TEMPERATURE DATA] [PRECIPITATION DATA] SYMBOLS USED IN COLUMN 16
AVERAGE MONTHLY: 51.5 TOTAL FOR MONTH: 0.88 1 = FOG OR MIST
DPTR FM NORMAL: 1.5 DPTR FM NORMAL: -2.13 2 = FOG REDUCING VISIBILITY
HIGHEST: 77 ON 17, 9 GRTST 24HR 0.23 ON 22-22 TO 1/4 MILE OR LESS
LOWEST: 29 ON 3 3 = THUNDER
SNOW, ICE PELLETS, HAIL 4 = ICE PELLETS
TOTAL MONTH: M 5 = HAIL
GRTST 24HR M ON M 6 = FREEZING RAIN OR DRIZZLE
GRTST DEPTH: M ON M 7 = DUSTSTORM OR SANDSTORM:
VSBY 1/2 MILE OR LESS
8 = SMOKE OR HAZE
[NO. OF DAYS WITH] [WEATHER - DAYS WITH] 9 = BLOWING SNOW
X = TORNADO
MAX 32 OR BELOW: 0 0.01 INCH OR MORE: 10
MAX 90 OR ABOVE: 0 0.10 INCH OR MORE: 4
MIN 32 OR BELOW: 2 0.50 INCH OR MORE: 0
MIN 0 OR BELOW: 0 1.00 INCH OR MORE: 0
[HDD (BASE 65) ]
TOTAL THIS MO. 396 CLEAR (SCALE 0-3) 13
DPTR FM NORMAL -52 PTCLDY (SCALE 4-7) 11
TOTAL FM JUL 1 4343 CLOUDY (SCALE 8-10) 5
DPTR FM NORMAL -219
[CDD (BASE 65) ]
TOTAL THIS MO. 0
DPTR FM NORMAL 0 [PRESSURE DATA]
TOTAL FM JAN 1 0 HIGHEST SLP 30.40 ON 14
DPTR FM NORMAL 0 LOWEST SLP 29.53 ON 5
[REMARKS]
#FINAL-04-20#