000
CXUS56 KHNX 012312
CF6HJO
PRELIMINARY LOCAL CLIMATOLOGICAL DATA (WS FORM: F-6)
STATION: HANFORD CA AIRPORT
MONTH: OCTOBER
YEAR: 2022
LATITUDE: 36 19 N
LONGITUDE: 119 38 W
TEMPERATURE IN F: :PCPN: SNOW: WIND :SUNSHINE: SKY :PK WND
================================================================================
1 2 3 4 5 6A 6B 7 8 9 10 11 12 13 14 15 16 17 18
12Z AVG MX 2MIN
DY MAX MIN AVG DEP HDD CDD WTR SNW DPTH SPD SPD DIR MIN PSBL S-S WX SPD DR
================================================================================
1 94 56 75 5 0 10 0.00 0.0 0 4.7 13 320 M M 0 17 320
2 87 59 73 3 0 8 0.00 0.0 0 7.2 13 320 M M 0 18 320
3 89 57 73 4 0 8 0.00 0.0 0 4.7 10 320 M M 0 13 310
4 91 56 74 5 0 9 0.00 0.0 0 4.5 10 340 M M 0 14 320
5 93 57 75 6 0 10 0.00 0.0 0 2.3 7 320 M M 0 1 10 30
6 96 56 76 8 0 11 0.00 0.0 0 2.4 8 310 M M 0 18 11 310
7 95 58 77 9 0 12 0.00 0.0 0 3.5 10 310 M M 0 8 13 310
8 95 56 76 8 0 11 0.00 0.0 0 3.0 12 320 M M 0 18 14 320
9 94 57 76 9 0 11 0.00 0.0 0 2.9 9 300 M M 0 18 13 300
10 93 58 76 9 0 11 0.00 0.0 0 3.2 12 320 M M 0 8 15 320
11 93 54 74 8 0 9 0.00 0.0 0 4.4 13 330 M M 0 8 17 330
12 91 53 72 6 0 7 0.00 0.0 0 2.9 13 330 M M 0 8 16 330
13 89 54 72 6 0 7 0.00 0.0 0 3.8 10 310 M M 0 18 13 310
14 90 52 71 6 0 6 0.00 0.0 0 2.3 8 350 M M 0 18 10 330
15 89 54 72 7 0 7 0.00 0.0 0 5.1 15 320 M M 0 18 19 310
16 80 54 67 2 0 2 0.00 0.0 0 6.1 12 320 M M 0 16 330
17 82 55 69 5 0 4 0.00 0.0 0 4.6 13 330 M M 0 16 330
18 85 57 71 7 0 6 0.00 0.0 0 3.6 8 320 M M 0 18 11 320
19 89 53 71 7 0 6 0.00 0.0 0 1.5 9 330 M M 0 18 11 330
20 92 53 73 10 0 8 0.00 0.0 0 2.3 7 140 M M 0 18 9 160
21 89 52 71 8 0 6 0.00 0.0 0 1.8 7 180 M M 0 18 9 190
22 77 52 65 3 0 0 0.00 0.0 0 7.8 20 330 M M 0 18 25 320
23 72 48 60 -2 5 0 0.00 0.0 0 10.4 22 330 M M 0 8 30 300
24 74 37 56 -6 9 0 0.00 0.0 0 1.8 8 290 M M 0 18 10 160
25 78 40 59 -2 6 0 0.00 0.0 0 2.0 9 310 M M 0 18 12 310
26 73 42 58 -3 7 0 0.00 0.0 0 6.3 16 310 M M 0 1 21 340
27 74 37 56 -4 9 0 0.00 0.0 0 1.1 8 300 M M 0 10 290
28 78 40 59 -1 6 0 0.00 0.0 0 4.0 13 310 M M 0 18 17 310
29 76 42 59 -1 6 0 0.00 0.0 0 3.9 13 330 M M 0 8 16 310
30 76 40 58 -1 7 0 0.00 0.0 0 1.3 10 310 M M 0 18 14 310
31 71 40 56 -3 9 0 0.00 0.0 0 1.5 7 70 M M 0 18 9 70
================================================================================
SM 2645 1579 64 169 0.00 0.0 116.9 M 0
================================================================================
AV 85.3 50.9 3.8 FASTST M M 0 MAX(MPH)
MISC ----> 22 330 30 300
================================================================================
NOTES:
# LAST OF SEVERAL OCCURRENCES
COLUMN 17 PEAK WIND IN M.P.H.
PRELIMINARY LOCAL CLIMATOLOGICAL DATA (WS FORM: F-6) , PAGE 2
STATION: HANFORD CA AIRPORT
MONTH: OCTOBER
YEAR: 2022
LATITUDE: 36 19 N
LONGITUDE: 119 38 W
[TEMPERATURE DATA] [PRECIPITATION DATA] SYMBOLS USED IN COLUMN 16
AVERAGE MONTHLY: 68.1 TOTAL FOR MONTH: 0.00 1 = FOG OR MIST
DPTR FM NORMAL: 3.5 DPTR FM NORMAL: -0.46 2 = FOG REDUCING VISIBILITY
HIGHEST: 96 ON 6 GRTST 24HR 0.00 ON 1- 1 TO 1/4 MILE OR LESS
LOWEST: 37 ON 27,24 3 = THUNDER
SNOW, ICE PELLETS, HAIL 4 = ICE PELLETS
TOTAL MONTH: 0.0 INCH 5 = HAIL
GRTST 24HR 0.0 6 = FREEZING RAIN OR DRIZZLE
GRTST DEPTH: 0 7 = DUSTSTORM OR SANDSTORM:
VSBY 1/2 MILE OR LESS
8 = SMOKE OR HAZE
[NO. OF DAYS WITH] [WEATHER - DAYS WITH] 9 = BLOWING SNOW
X = TORNADO
MAX 32 OR BELOW: 0 0.01 INCH OR MORE: 0
MAX 90 OR ABOVE: 12 0.10 INCH OR MORE: 0
MIN 32 OR BELOW: 0 0.50 INCH OR MORE: 0
MIN 0 OR BELOW: 0 1.00 INCH OR MORE: 0
[HDD (BASE 65) ]
TOTAL THIS MO. 64 CLEAR (SCALE 0-3) 31
DPTR FM NORMAL -17 PTCLDY (SCALE 4-7) 0
TOTAL FM JUL 1 64 CLOUDY (SCALE 8-10) 0
DPTR FM NORMAL -22
[CDD (BASE 65) ]
TOTAL THIS MO. 169
DPTR FM NORMAL 100 [PRESSURE DATA]
TOTAL FM JAN 1 2470 HIGHEST SLP 30.26 ON 29
DPTR FM NORMAL 603 LOWEST SLP 29.66 ON 22
[REMARKS]
#FINAL-10-22#