000
CXUS56 KHNX 021551
CF6HJO
PRELIMINARY LOCAL CLIMATOLOGICAL DATA (WS FORM: F-6)
STATION: HANFORD CA AIRPORT
MONTH: NOVEMBER
YEAR: 2021
LATITUDE: 36 19 N
LONGITUDE: 119 38 W
TEMPERATURE IN F: :PCPN: SNOW: WIND :SUNSHINE: SKY :PK WND
================================================================================
1 2 3 4 5 6A 6B 7 8 9 10 11 12 13 14 15 16 17 18
12Z AVG MX 2MIN
DY MAX MIN AVG DEP HDD CDD WTR SNW DPTH SPD SPD DIR MIN PSBL S-S WX SPD DR
================================================================================
1 74 53 64 5 1 0 0.00 0.0 0 4.3 12 200 M M 3 18 16 200
2 75 50 63 5 2 0 0.00 0.0 0 2.7 8 330 M M 1 1 11 330
3 75 51 63 5 2 0 0.00 0.0 0 2.1 8 320 M M 1 128 10 310
4 76 50 63 5 2 0 0.00 0.0 0 5.4 14 310 M M 2 128 17 320
5 74 51 63 6 2 0 0.00 0.0 0 3.4 10 330 M M 2 1 13 320
6 71 51 61 4 4 0 0.00 0.0 0 6.8 13 320 M M 4 1 16 300
7 67 48 58 2 7 0 0.00 0.0 0 8.1 16 330 M M 3 21 320
8 65 38 52 -4 13 0 0.07 0.0 0 2.8 8 170 M M 1 1 10 190
9 67 49 58 2 7 0 0.07 0.0 0 3.8 12 170 M M 7 128 14 100
10 62 46 54 -1 11 0 0.00 0.0 0 3.5 13 310 M M 6 12 16 320
11 65 47 56 1 9 0 0.00 0.0 0 1.4 7 190 M M 6 128 9 180
12 71 44 58 4 7 0 0.00 0.0 0 1.4 6 320 M M 3 128 9 40
13 62 49 56 2 9 0 0.00 0.0 0 2.3 8 320 M M 8 128 10 320
14 58 52 55 1 10 0 0.00 0.0 0 0.9 6 330 M M 10 12 7 320
15 58 51 55 2 10 0 0.00 0.0 0 2.7 10 310 M M 10 12 12 300
16 60 54 57 4 8 0 0.00 0.0 0 2.6 10 150 M M 10 18 13 150
17 63 45 54 2 11 0 0.00 0.0 0 1.4 8 50 M M 6 18 11 60
18 67 42 55 3 10 0 0.00 0.0 0 2.0 9 320 M M 4 128 10 320
19 68 45 57 5 8 0 0.00 0.0 0 2.5 7 320 M M 4 128 8 320
20 60 44 52 1 13 0 0.00 0.0 0 2.4 8 310 M M 7 12 10 300
21 65 41 53 2 12 0 0.00 0.0 0 0.9 5 160 M M 6 128 6 30
22 55 43 49 -2 16 0 0.00 0.0 0 1.8 7 180 M M 10 12 8 160
23 60 41 51 1 14 0 0.00 0.0 0 3.0 12 310 M M 6 128 14 320
24 60 36 48 -2 17 0 0.00 0.0 0 2.5 8 320 M M 4 128 11 320
25 67 35 51 1 14 0 0.00 0.0 0 1.1 6 100 M M 5 128 8 180
26 65 31 48 -1 17 0 0.00 0.0 0 1.3 8 320 M M 1 128 10 290
27 67 34 51 2 14 0 0.00 0.0 0 0.9 5 40 M M 0 18 8 180
28 71 34 53 4 12 0 0.00 0.0 0 0.8 6 330 M M 0 18 8 300
29 70 38 54 6 11 0 0.00 0.0 0 0.0 M M M M 0 1 M M
30 71 34 53 5 12 0 0.00 0.0 0 0.6 7 40 M M 0 18 8 160
================================================================================
SM 1989 1327 285 0 0.14 0.0 75.4 M 130
================================================================================
AV 66.3 44.2 2.5 FASTST M M 4 MAX(MPH)
MISC ----> 16 330 21 320
================================================================================
NOTES:
# LAST OF SEVERAL OCCURRENCES
COLUMN 17 PEAK WIND IN M.P.H.
PRELIMINARY LOCAL CLIMATOLOGICAL DATA (WS FORM: F-6) , PAGE 2
STATION: HANFORD CA AIRPORT
MONTH: NOVEMBER
YEAR: 2021
LATITUDE: 36 19 N
LONGITUDE: 119 38 W
[TEMPERATURE DATA] [PRECIPITATION DATA] SYMBOLS USED IN COLUMN 16
AVERAGE MONTHLY: 55.3 TOTAL FOR MONTH: 0.14 1 = FOG OR MIST
DPTR FM NORMAL: 2.1 DPTR FM NORMAL: -0.48 2 = FOG REDUCING VISIBILITY
HIGHEST: 76 ON 4 GRTST 24HR 0.14 ON 8- 9 TO 1/4 MILE OR LESS
LOWEST: 31 ON 26 3 = THUNDER
SNOW, ICE PELLETS, HAIL 4 = ICE PELLETS
TOTAL MONTH: 0.0 INCH 5 = HAIL
GRTST 24HR 0.0 6 = FREEZING RAIN OR DRIZZLE
GRTST DEPTH: 0 7 = DUSTSTORM OR SANDSTORM:
VSBY 1/2 MILE OR LESS
8 = SMOKE OR HAZE
[NO. OF DAYS WITH] [WEATHER - DAYS WITH] 9 = BLOWING SNOW
X = TORNADO
MAX 32 OR BELOW: 0 0.01 INCH OR MORE: 2
MAX 90 OR ABOVE: 0 0.10 INCH OR MORE: 0
MIN 32 OR BELOW: 1 0.50 INCH OR MORE: 0
MIN 0 OR BELOW: 0 1.00 INCH OR MORE: 0
[HDD (BASE 65) ]
TOTAL THIS MO. 285 CLEAR (SCALE 0-3) 13
DPTR FM NORMAL -70 PTCLDY (SCALE 4-7) 12
TOTAL FM JUL 1 399 CLOUDY (SCALE 8-10) 5
DPTR FM NORMAL -42
[CDD (BASE 65) ]
TOTAL THIS MO. 0
DPTR FM NORMAL -1 [PRESSURE DATA]
TOTAL FM JAN 1 2283 HIGHEST SLP 30.45 ON 25
DPTR FM NORMAL 415 LOWEST SLP 29.99 ON 23
[REMARKS]
#FINAL-11-21#