000
CXUS56 KHNX 060008
CF6HJO
PRELIMINARY LOCAL CLIMATOLOGICAL DATA (WS FORM: F-6)
STATION: HANFORD CA AIRPORT
MONTH: JANUARY
YEAR: 2021
LATITUDE: 36 19 N
LONGITUDE: 119 38 W
TEMPERATURE IN F: :PCPN: SNOW: WIND :SUNSHINE: SKY :PK WND
================================================================================
1 2 3 4 5 6A 6B 7 8 9 10 11 12 13 14 15 16 17 18
12Z AVG MX 2MIN
DY MAX MIN AVG DEP HDD CDD WTR SNW DPTH SPD SPD DIR MIN PSBL S-S WX SPD DR
================================================================================
1 58 33 46 2 19 0 0.00 0.0 0 1.7 7 80 M M 4 12 8 70
2 60 34 47 3 18 0 0.00 0.0 0 1.3 6 70 M M 3 128 8 70
3 63 46 55 11 10 0 0.00 0.0 0 1.8 9 320 M M 6 18 11 310
4 65 41 53 9 12 0 0.00 0.0 0 5.3 14 220 M M 4 18 18 210
5 61 44 53 9 12 0 0.00 0.0 0 5.9 12 330 M M 2 15 320
6 58 35 47 3 18 0 0.00 0.0 0 2.4 8 150 M M 3 128 10 150
7 57 37 47 3 18 0 0.00 0.0 0 2.4 9 320 M M 6 128 12 330
8 55 37 46 2 19 0 0.00 0.0 0 4.1 12 320 M M 5 128 14 190
9 53 36 45 1 20 0 0.00 0.0 0 2.7 12 320 M M 7 128 14 330
10 59 34 47 3 18 0 0.00 0.0 0 1.9 10 340 M M 5 128 12 340
11 58 34 46 1 19 0 0.00 0.0 0 2.9 7 270 M M 4 128 9 260
12 57 33 45 0 20 0 0.00 0.0 0 2.0 7 120 M M 2 128 9 130
13 65 35 50 5 15 0 0.00 0.0 0 2.6 7 100 M M 0 128 9 10
14 67 35 51 6 14 0 0.00 0.0 0 1.9 8 310 M M 0 18 12 10
15 68 40 54 9 11 0 0.00 0.0 0 3.6 10 310 M M 5 128 13 320
16 66 36 51 6 14 0 0.00 0.0 0 1.8 7 200 M M 2 128 9 200
17 70 37 54 9 11 0 0.00 0.0 0 2.2 7 300 M M 2 128 10 330
18 70 38 54 9 11 0 0.00 0.0 0 2.8 12 310 M M 0 18 16 310
19 69 35 52 6 13 0 0.00 0.0 0 5.3 12 310 M M 1 18 16 310
20 66 32 49 3 16 0 0.00 0.0 0 2.9 10 320 M M 0 8 13 310
21 68 30 49 3 16 0 0.00 0.0 0 2.4 7 120 M M 0 18 9 120
22 58 44 51 5 14 0 0.18 0.0 0 5.6 17 330 M M 6 1 20 330
23 54 36 45 -1 20 0 0.00 0.0 0 5.7 14 320 M M 6 12 18 300
24 56 33 45 -1 20 0 0.26 0.0 0 3.7 10 170 M M 7 1 13 140
25 49 37 43 -3 22 0 0.10 0.0 0 6.8 20 330 M M 8 1 23 320
26 52 29 41 -5 24 0 0.02 0.0 0 4.1 20 150 M M 2 1 26 150
27 58 44 51 4 14 0 0.23 0.0 0 10.7 22 150 M M 10 1 30 150
28 57 46 52 5 13 0 1.47 0.0 0 6.0 16 160 M M 10 1 23 150
29 58 39 49 2 16 0 0.10 0.0 0 3.3 13 160 M M 4 1 15 170
30 60 35 48 1 17 0 0.00 0.0 0 1.7 7 70 M M 2 12 9 130
31 63 35 49 2 16 0 0.00 0.0 0 2.4 6 210 M M 0 1 8 180
================================================================================
SM 1878 1140 500 0 2.36 0.0 109.9 M 116
================================================================================
AV 60.6 36.8 3.5 FASTST M M 4 MAX(MPH)
MISC ----> 22 150 30 150
================================================================================
NOTES:
# LAST OF SEVERAL OCCURRENCES
COLUMN 17 PEAK WIND IN M.P.H.
PRELIMINARY LOCAL CLIMATOLOGICAL DATA (WS FORM: F-6) , PAGE 2
STATION: HANFORD CA AIRPORT
MONTH: JANUARY
YEAR: 2021
LATITUDE: 36 19 N
LONGITUDE: 119 38 W
[TEMPERATURE DATA] [PRECIPITATION DATA] SYMBOLS USED IN COLUMN 16
AVERAGE MONTHLY: 48.7 TOTAL FOR MONTH: 2.36 1 = FOG OR MIST
DPTR FM NORMAL: 3.4 DPTR FM NORMAL: 0.32 2 = FOG REDUCING VISIBILITY
HIGHEST: 70 ON 18,17 GRTST 24HR 1.47 ON 28-28 TO 1/4 MILE OR LESS
LOWEST: 29 ON 26 3 = THUNDER
SNOW, ICE PELLETS, HAIL 4 = ICE PELLETS
TOTAL MONTH: 0.0 INCH 5 = HAIL
GRTST 24HR 0.0 6 = FREEZING RAIN OR DRIZZLE
GRTST DEPTH: 0 7 = DUSTSTORM OR SANDSTORM:
VSBY 1/2 MILE OR LESS
8 = SMOKE OR HAZE
[NO. OF DAYS WITH] [WEATHER - DAYS WITH] 9 = BLOWING SNOW
X = TORNADO
MAX 32 OR BELOW: 0 0.01 INCH OR MORE: 7
MAX 90 OR ABOVE: 0 0.10 INCH OR MORE: 6
MIN 32 OR BELOW: 3 0.50 INCH OR MORE: 1
MIN 0 OR BELOW: 0 1.00 INCH OR MORE: 1
[HDD (BASE 65) ]
TOTAL THIS MO. 500 CLEAR (SCALE 0-3) 15
DPTR FM NORMAL -111 PTCLDY (SCALE 4-7) 13
TOTAL FM JUL 1 1442 CLOUDY (SCALE 8-10) 3
DPTR FM NORMAL -302
[CDD (BASE 65) ]
TOTAL THIS MO. 0
DPTR FM NORMAL 0 [PRESSURE DATA]
TOTAL FM JAN 1 0 HIGHEST SLP 30.44 ON 13
DPTR FM NORMAL 0 LOWEST SLP 29.68 ON 19
[REMARKS]
#FINAL-01-21#