000
CXUS53 KFSD 011548
CF6HON
PRELIMINARY LOCAL CLIMATOLOGICAL DATA (WS FORM: F-6)
STATION: HURON
MONTH: SEPTEMBER
YEAR: 2021
LATITUDE: 44 22 N
LONGITUDE: 98 13 W
TEMPERATURE IN F: :PCPN: SNOW: WIND :SUNSHINE: SKY :PK WND
================================================================================
1 2 3 4 5 6A 6B 7 8 9 10 11 12 13 14 15 16 17 18
12Z AVG MX 2MIN
DY MAX MIN AVG DEP HDD CDD WTR SNW DPTH SPD SPD DIR MIN PSBL S-S WX SPD DR
================================================================================
1 80 59 70 2 0 5 T 0.0 0 13.4 25 150 M M 3 40 140
2 70 64 67 -1 0 2 1.84 0.0 0 12.4 26 120 M M 10 13 37 140
3 74 61 68 1 0 3 T 0.0 0 10.3 18 350 M M 7 1 25 330
4 78 55 67 0 0 2 0.00 0.0 0 4.1 14 290 M M 3 1 18 280
5 84 55 70 3 0 5 0.00 0.0 0 5.4 13 320 M M 0 18 350
6 90 54 72 6 0 7 0.00 0.0 0 7.7 16 170 M M 0 27 160
7 80 52 66 0 0 1 0.00 0.0 0 13.4 26 320 M M 0 38 310
8 78 48 63 -3 2 0 0.00 0.0 0 6.7 18 340 M M 1 29 310
9 79 46 63 -2 2 0 0.00 0.0 0 6.9 16 160 M M 0 1 24 140
10 85 56 71 6 0 6 0.00 0.0 0 4.9 15 160 M M 0 23 170
11 81 59 70 5 0 5 T 0.0 0 10.4 20 20 M M 0 25 20
12 75 54 65 1 0 0 0.01 0.0 0 6.4 14 20 M M 2 19 240
13 65 50 58 -6 7 0 0.92 0.0 0 7.4 18 150 M M 5 13 26 150
14 77 56 67 3 0 2 0.00 0.0 0 5.6 13 310 M M 5 12 19 350
15 83 50 67 4 0 2 0.00 0.0 0 12.7 28 180 M M 2 43 170
16 90 57 74 11 0 9 0.28 0.0 0 15.2 29 310 M M 1 13 39 290
17 73 46 60 -2 5 0 0.01 0.0 0 6.6 22 350 M M 1 31 350
18 86 52 69 7 0 4 0.00 0.0 0 15.1 29 180 M M 1 39 180
19 88 70 79 18 0 14 0.00 0.0 0 16.6 29 190 M M 0 37 170
20 75 49 62 1 3 0 0.17 0.0 0 14.0 29 350 M M 5 1 39 360
21 69 43 56 -4 9 0 0.00 0.0 0 8.1 18 330 M M 0 25 330
22 74 42 58 -2 7 0 0.00 0.0 0 10.3 20 170 M M 0 29 170
23 80 51 66 6 0 1 0.00 0.0 0 8.1 21 150 M M 0 29 150
24 68 42 55 -4 10 0 0.04 0.0 0 13.0 28 330 M M 1 38 360
25 81 35 58 -1 7 0 0.00 0.0 0 3.1 9 180 M M 0 15 180
26 89 49 69 11 0 4 0.00 0.0 0 3.9 13 170 M M 0 16 170
27 89 47 68 10 0 3 0.00 0.0 0 6.3 14 140 M M 0 18 130
28 92 59 76 19 0 11 0.00 0.0 0 11.9 23 150 M M 0 32 140
29 84 62 73 16 0 8 0.00 0.0 0 10.4 24 170 M M 2 34 220
30 67 57 62 6 3 0 0.17 0.0 0 8.1 16 320 M M 8 21 320
================================================================================
SM 2384 1580 55 94 3.44 0.0 278.4 M 57
================================================================================
AV 79.5 52.7 9.3 FASTST M M 2 MAX(MPH)
MISC ----> # 29 310 43 170
================================================================================
NOTES:
# LAST OF SEVERAL OCCURRENCES
- COLUMN 17 PEAK WIND IN M.P.H.
- PRECIPITATION AMOUNTS IN COLUMNS 7,8 AND 9 ARE THE OFFICIAL PRECIPITATION
AMOUNTS FOR HURON, SD.
- SNOW DEPTH IN COLUMN 9 IS RECORDED AT 6 AM CST (12Z).
PRELIMINARY LOCAL CLIMATOLOGICAL DATA (WS FORM: F-6) , PAGE 2
STATION: HURON
MONTH: SEPTEMBER
YEAR: 2021
LATITUDE: 44 22 N
LONGITUDE: 98 13 W
[TEMPERATURE DATA] [PRECIPITATION DATA] SYMBOLS USED IN COLUMN 16
AVERAGE MONTHLY: 66.1 TOTAL FOR MONTH: 3.44 1 = FOG OR MIST
DPTR FM NORMAL: 3.5 DPTR FM NORMAL: 1.01 2 = FOG REDUCING VISIBILITY
HIGHEST: 92 ON 28 GRTST 24HR 1.84 ON 2- 2 TO 1/4 MILE OR LESS
LOWEST: 35 ON 25 3 = THUNDER
SNOW, ICE PELLETS, HAIL 4 = ICE PELLETS
TOTAL MONTH: 0.0 INCH 5 = HAIL
GRTST 24HR 0.0 6 = FREEZING RAIN OR DRIZZLE
GRTST DEPTH: 0 7 = DUSTSTORM OR SANDSTORM:
VSBY 1/2 MILE OR LESS
8 = SMOKE OR HAZE
[NO. OF DAYS WITH] [WEATHER - DAYS WITH] 9 = BLOWING SNOW
X = TORNADO
MAX 32 OR BELOW: 0 0.01 INCH OR MORE: 8
MAX 90 OR ABOVE: 3 0.10 INCH OR MORE: 5
MIN 32 OR BELOW: 0 0.50 INCH OR MORE: 2
MIN 0 OR BELOW: 0 1.00 INCH OR MORE: 1
[HDD (BASE 65) ]
TOTAL THIS MO. 55 CLEAR (SCALE 0-3) 24
DPTR FM NORMAL -95 PTCLDY (SCALE 4-7) 5
TOTAL FM JUL 1 56 CLOUDY (SCALE 8-10) 1
DPTR FM NORMAL -119
[CDD (BASE 65) ]
TOTAL THIS MO. 94
DPTR FM NORMAL 17 [PRESSURE DATA]
TOTAL FM JAN 1 1027 HIGHEST SLP 30.37 ON 21
DPTR FM NORMAL 280 LOWEST SLP 29.52 ON 19
[REMARKS]
RECORD HIGH DAILY PRECIPITATION WAS ESTABLISHED ON THE 2ND WITH 1.84 INCHES.
THE PREVIOUS RECORD WAS 1.12 INCHES IN 1962.
#FINAL-09-21#