000
CXUS54 KLZK 011330
CF6HOT
PRELIMINARY LOCAL CLIMATOLOGICAL DATA (WS FORM: F-6)
STATION: HOT SPRINGS MEMORIAL FIELD
MONTH: NOVEMBER
YEAR: 2023
LATITUDE: 34 28 N
LONGITUDE: 93 6 W
TEMPERATURE IN F: :PCPN: SNOW: WIND :SUNSHINE: SKY :PK WND
================================================================================
1 2 3 4 5 6A 6B 7 8 9 10 11 12 13 14 15 16 17 18
12Z AVG MX 2MIN
DY MAX MIN AVG DEP HDD CDD WTR SNW DPTH SPD SPD DIR MIN PSBL S-S WX SPD DR
================================================================================
1 53 29 41 -17 24 0 0.00 M M 3.3 13 80 M M 0 17 80
2 60 31 46 -11 19 0 0.00 M M 3.1 9 190 M M 0 14 230
3 68 34 51 -6 14 0 0.00 M M 2.3 10 230 M M 1 12 17 200
4 74 41 58 2 7 0 0.00 M M 1.8 12 240 M M 1 1 16 230
5 77 47 62 6 3 0 0.00 M M 2.9 10 230 M M 2 128 15 200
6 81 54 68 12 0 3 0.00 M M 6.1 16 210 M M 2 1 27 240
7 80 62 71 16 0 6 0.00 M M 5.8 13 190 M M 3 1 20 210
8 78 66 72 17 0 7 0.00 M M 9.1 20 230 M M 7 30 230
9 69 48 59 4 6 0 0.51 M M 7.4 16 50 M M 9 1 25 60
10 64 43 54 0 11 0 0.23 M M 5.8 17 50 M M 3 1 26 50
11 65 42 54 0 11 0 0.00 M M 6.3 18 80 M M 1 26 80
12 68 39 54 0 11 0 0.00 M M 1.2 7 70 M M 1 10 80
13 69 42 56 3 9 0 0.00 M M 2.5 14 60 M M 0 19 90
14 72 45 59 6 6 0 0.00 M M 2.2 10 120 M M 0 14 80
15 65 42 54 1 11 0 0.00 M M 2.5 9 60 M M 7 18 13 80
16 65 57 61 9 4 0 0.00 M M 3.0 9 110 M M 10 18 15 180
17 67 56 62 10 3 0 0.00 M M 1.8 7 240 M M 9 1 10 10
18 69 43 56 4 9 0 0.00 M M 1.5 13 60 M M 0 1 17 60
19 65 38 52 1 13 0 T M M 3.9 13 90 M M 4 12 19 120
20 57 51 54 3 11 0 0.15 M M 5.8 14 90 M M 10 13 21 120
21 54 48 51 0 14 0 0.00 M M 7.1 15 340 M M 10 27 20
22 55 34 45 -5 20 0 0.00 M M 2.7 9 260 M M 1 15 260
23 59 30 45 -5 20 0 0.00 M M 1.3 9 210 M M 2 12 13 210
24 59 34 47 -3 18 0 0.00 M M 3.5 13 80 M M 2 1 17 50
25 57 35 46 -3 19 0 T M M 4.4 13 80 M M 0 18 80
26 47 31 39 -10 26 0 0.12 M M 4.6 20 310 M M 5 1 36 320
27 53 27 40 -9 25 0 0.00 M M 3.5 10 330 M M 0 12 17 330
28 60 28 44 -5 21 0 0.00 M M 1.6 9 270 M M 0 15 280
29 64 33 49 1 16 0 0.00 M M 3.9 16 250 M M 0 23 240
30 52 44 48 0 17 0 1.91 0.0 0 5.8 16 80 M M 10 13 26 110
================================================================================
SM 1926 1254 368 16 2.92 0.0 116.7 M 100
================================================================================
AV 64.2 41.8 3.9 FASTST M M 3 MAX(MPH)
MISC ----> # 20 230 36 320
================================================================================
NOTES:
# LAST OF SEVERAL OCCURRENCES
COLUMN 17 PEAK WIND IN M.P.H.
PRELIMINARY LOCAL CLIMATOLOGICAL DATA (WS FORM: F-6) , PAGE 2
STATION: HOT SPRINGS MEMORIAL FIELD
MONTH: NOVEMBER
YEAR: 2023
LATITUDE: 34 28 N
LONGITUDE: 93 6 W
[TEMPERATURE DATA] [PRECIPITATION DATA] SYMBOLS USED IN COLUMN 16
AVERAGE MONTHLY: 53.0 TOTAL FOR MONTH: 2.92 1 = FOG OR MIST
DPTR FM NORMAL: 0.5 DPTR FM NORMAL: -1.57 2 = FOG REDUCING VISIBILITY
HIGHEST: 81 ON 6 GRTST 24HR 1.91 ON 30-30 TO 1/4 MILE OR LESS
LOWEST: 27 ON 27 3 = THUNDER
SNOW, ICE PELLETS, HAIL 4 = ICE PELLETS
TOTAL MONTH: 0.0 INCH 5 = HAIL
GRTST 24HR 0.0 6 = FREEZING RAIN OR DRIZZLE
GRTST DEPTH: 0 7 = DUSTSTORM OR SANDSTORM:
VSBY 1/2 MILE OR LESS
8 = SMOKE OR HAZE
[NO. OF DAYS WITH] [WEATHER - DAYS WITH] 9 = BLOWING SNOW
X = TORNADO
MAX 32 OR BELOW: 0 0.01 INCH OR MORE: 5
MAX 90 OR ABOVE: 0 0.10 INCH OR MORE: 5
MIN 32 OR BELOW: 6 0.50 INCH OR MORE: 2
MIN 0 OR BELOW: 0 1.00 INCH OR MORE: 1
[HDD (BASE 65) ]
TOTAL THIS MO. 368 CLEAR (SCALE 0-3) 19
DPTR FM NORMAL -16 PTCLDY (SCALE 4-7) 5
TOTAL FM JUL 1 463 CLOUDY (SCALE 8-10) 6
DPTR FM NORMAL -50
[CDD (BASE 65) ]
TOTAL THIS MO. 16
DPTR FM NORMAL 6 [PRESSURE DATA]
TOTAL FM JAN 1 2422 HIGHEST SLP 30.54 ON 1
DPTR FM NORMAL 216 LOWEST SLP 29.71 ON 20
[REMARKS]
#FINAL-11-23#