000
CXUS52 KMHX 010600
CF6HSE
PRELIMINARY LOCAL CLIMATOLOGICAL DATA (WS FORM: F-6)
STATION: CAPE HATTERAS NC
MONTH: JUNE
YEAR: 2023
LATITUDE: 35 13 N
LONGITUDE: 75 37 W
TEMPERATURE IN F: :PCPN: SNOW: WIND :SUNSHINE: SKY :PK WND
================================================================================
1 2 3 4 5 6A 6B 7 8 9 10 11 12 13 14 15 16 17 18
12Z AVG MX 2MIN
DY MAX MIN AVG DEP HDD CDD WTR SNW DPTH SPD SPD DIR MIN PSBL S-S WX SPD DR
================================================================================
1 70 64 67 -7 0 2 0.01 0.0 0 8.8 14 20 M M 10 1 23 10
2 73 64 69 -5 0 4 T 0.0 0 8.4 14 30 M M 10 1 22 30
3 72 64 68 -6 0 3 0.00 0.0 0 9.3 17 40 M M 10 128 30 30
4 67 58 63 -12 2 0 0.00 0.0 0 11.8 20 40 M M 6 34 30
5 72 59 66 -9 0 1 0.00 0.0 0 5.8 9 160 M M 1 15 50
6 76 58 67 -8 0 2 0.02 0.0 0 8.9 20 230 M M 2 1 29 230
7 77 63 70 -6 0 5 0.18 0.0 0 4.4 12 300 M M 4 138 17 290
8 73 60 67 -9 0 2 0.12 0.0 0 5.2 10 30 M M 5 1 17 30
9 76 57 67 -9 0 2 0.05 0.0 M 3.8 10 330 M M 2 18 21 320
10 80 57 69 -7 0 4 0.00 0.0 M 6.0 13 210 M M 0 18 17 210
11 82 68 75 -1 0 10 0.00 0.0 0 7.8 14 190 M M 1 18 18 190
12 79 71 75 -2 0 10 T 0.0 0 14.3 25 190 M M 4 13 33 190
13 81 71 76 -1 0 11 0.00 0.0 0 6.4 14 110 M M 2 1 20 290
14 82 73 78 1 0 13 T 0.0 M 13.1 23 230 M M 1 1 33 220
15 81 74 78 0 0 13 0.00 0.0 0 9.4 14 220 M M 3 22 240
16 81 66 74 -4 0 9 0.46 0.0 M 9.4 20 220 M M 1 138 27 220
17 80 69 75 -3 0 10 0.00 0.0 0 6.8 14 330 M M 1 1 23 340
18 83 70 77 -1 0 12 0.00 0.0 0 7.5 14 180 M M 0 17 180
19 85 74 80 2 0 15 T 0.0 0 8.7 18 120 M M 1 23 110
20 80 72 76 -3 0 11 0.65 0.0 0 8.1 17 120 M M 5 13 22 40
21 82 70 76 -3 0 11 0.95 0.0 0 6.5 17 190 M M 4 13 23 190
22 77 71 74 -5 0 9 2.02 0.0 0 8.4 20 160 M M 5 123 27 220
23 80 71 76 -3 0 11 0.44 0.0 0 11.5 26 200 M M 3 13 38 180
24 81 73 77 -2 0 12 0.00 0.0 0 9.3 15 230 M M 0 1 22 220
25 81 73 77 -3 0 12 0.00 0.0 0 9.3 15 210 M M 1 1 20 220
26 81 75 78 -2 0 13 0.00 0.0 0 13.6 21 210 M M 1 1 31 200
27 81 66 74 -6 0 9 0.81 0.0 0 10.7 25 190 M M 3 138 33 300
28 83 69 76 -4 0 11 0.00 0.0 0 4.6 9 160 M M 2 18 12 290
29 84 70 77 -3 0 12 0.00 0.0 0 5.6 12 50 M M 1 1 17 70
30 84 71 78 -2 0 13 0.00 0.0 0 5.2 12 90 M M 0 18 15 70
================================================================================
SM 2364 2021 2 252 5.71 0.0 248.6 M 89
================================================================================
AV 78.8 67.4 8.3 FASTST M M 3 MAX(MPH)
MISC ----> 26 200 38 180
================================================================================
NOTES:
# LAST OF SEVERAL OCCURRENCES
COLUMN 17 PEAK WIND IN M.P.H.
PRELIMINARY LOCAL CLIMATOLOGICAL DATA (WS FORM: F-6) , PAGE 2
STATION: CAPE HATTERAS NC
MONTH: JUNE
YEAR: 2023
LATITUDE: 35 13 N
LONGITUDE: 75 37 W
[TEMPERATURE DATA] [PRECIPITATION DATA] SYMBOLS USED IN COLUMN 16
AVERAGE MONTHLY: 73.1 TOTAL FOR MONTH: 5.71 1 = FOG OR MIST
DPTR FM NORMAL: -4.4 DPTR FM NORMAL: 1.30 2 = FOG REDUCING VISIBILITY
HIGHEST: 85 ON 19 GRTST 24HR 2.08 ON 22-23 TO 1/4 MILE OR LESS
LOWEST: 57 ON 10, 9 3 = THUNDER
SNOW, ICE PELLETS, HAIL 4 = ICE PELLETS
TOTAL MONTH: 0.0 INCH 5 = HAIL
GRTST 24HR 0.0 6 = FREEZING RAIN OR DRIZZLE
GRTST DEPTH: 0 7 = DUSTSTORM OR SANDSTORM:
VSBY 1/2 MILE OR LESS
8 = SMOKE OR HAZE
[NO. OF DAYS WITH] [WEATHER - DAYS WITH] 9 = BLOWING SNOW
X = TORNADO
MAX 32 OR BELOW: 0 0.01 INCH OR MORE: 11
MAX 90 OR ABOVE: 0 0.10 INCH OR MORE: 8
MIN 32 OR BELOW: 0 0.50 INCH OR MORE: 4
MIN 0 OR BELOW: 0 1.00 INCH OR MORE: 1
[HDD (BASE 65) ]
TOTAL THIS MO. 2 CLEAR (SCALE 0-3) 18
DPTR FM NORMAL 1 PTCLDY (SCALE 4-7) 9
TOTAL FM JUL 1 1921 CLOUDY (SCALE 8-10) 3
DPTR FM NORMAL -246
[CDD (BASE 65) ]
TOTAL THIS MO. 252
DPTR FM NORMAL -123 [PRESSURE DATA]
TOTAL FM JAN 1 397 HIGHEST SLP M ON M
DPTR FM NORMAL -204 LOWEST SLP 29.63 ON 16
[REMARKS]
#FINAL-06-23#