155
CXUS52 KMHX 041506
CF6HSE
PRELIMINARY LOCAL CLIMATOLOGICAL DATA (WS FORM: F-6)
STATION: CAPE HATTERAS NC
MONTH: APRIL
YEAR: 2020
LATITUDE: 35 13 N
LONGITUDE: 75 37 W
TEMPERATURE IN F: :PCPN: SNOW: WIND :SUNSHINE: SKY :PK WND
================================================================================
1 2 3 4 5 6A 6B 7 8 9 10 11 12 13 14 15 16 17 18
12Z AVG MX 2MIN
DY MAX MIN AVG DEP HDD CDD WTR SNW DPTH SPD SPD DIR MIN PSBL S-S WX SPD DR
================================================================================
1 56 49 53 -3 12 0 0.34 0.0 0 11.0 26 40 M M 8 1 46 40
2 63 52 58 2 7 0 0.00 0.0 0 8.9 16 300 M M 1 25 340
3 68 55 62 6 3 0 0.00 0.0 0 9.9 17 300 M M 0 29 310
4 60 50 55 -1 10 0 0.00 0.0 0 9.2 16 30 M M 1 30 30
5 64 49 57 0 8 0 0.00 0.0 0 6.7 13 30 M M 1 1 20 30
6 70 48 59 2 6 0 0.15 0.0 0 4.6 13 230 M M 4 18 19 280
7 70 54 62 5 3 0 0.21 0.0 0 6.5 22 300 M M 2 138 31 300
8 77 63 70 12 0 5 0.00 0.0 0 10.6 17 240 M M 0 18 27 240
9 74 59 67 9 0 2 0.05 0.0 0 9.5 21 40 M M 1 18 30 40
10 63 53 58 0 7 0 0.00 0.0 0 10.8 20 300 M M 1 32 280
11 63 49 56 -2 9 0 0.00 0.0 0 6.9 14 230 M M 0 23 310
12 77 52 65 6 0 0 0.00 0.0 0 10.7 25 170 M M 1 33 180
13 74 68 71 12 0 6 0.37 0.0 0 22.8 41 200 M M 7 138 56 190
14 69 62 66 7 0 1 0.00 0.0 0 9.0 17 30 M M 4 18 31 30
15 70 48 59 0 6 0 0.16 0.0 0 10.8 21 40 M M 8 1 33 30
16 68 45 57 -3 8 0 0.00 0.0 0 4.8 12 300 M M 0 16 320
17 72 44 58 -2 7 0 0.00 0.0 0 8.7 25 210 M M 0 34 220
18 74 55 65 5 0 0 0.60 0.0 0 13.0 30 300 M M 2 138 51 280
19 75 51 63 3 2 0 0.34 0.0 0 11.3 22 190 M M 4 18 30 220
20 71 53 62 1 3 0 0.48 0.0 0 7.2 22 10 M M 7 18 35 10
21 73 47 60 -1 5 0 0.00 0.0 0 12.5 24 240 M M 1 8 35 230
22 67 53 60 -1 5 0 0.00 0.0 0 9.4 16 20 M M 0 31 20
23 72 63 68 7 0 3 T 0.0 0 12.8 29 210 M M 5 18 41 200
24 74 60 67 5 0 2 0.59 0.0 0 11.4 21 240 M M 5 18 32 220
25 67 56 62 0 3 0 0.00 0.0 0 8.2 15 40 M M 10 1 24 30
26 76 62 69 7 0 4 0.08 0.0 0 11.9 23 230 M M 2 138 35 240
27 69 58 64 2 1 0 T 0.0 0 11.1 17 330 M M 2 28 330
28 73 44 59 -4 6 0 0.00 0.0 0 5.6 12 230 M M 0 17 230
29 78 67 73 10 0 8 0.00 0.0 0 13.6 30 170 M M 1 39 170
30 76 65 71 8 0 6 2.87 0.0 0 20.4 37 160 M M 9 128 50 160
================================================================================
SM 2103 1634 111 37 6.24 0.0 309.8 M 87
================================================================================
AV 70.1 54.5 10.3 FASTST M M 3 MAX(MPH)
MISC ----> # 41 200 # 56 190
================================================================================
NOTES:
# LAST OF SEVERAL OCCURRENCES
COLUMN 17 PEAK WIND IN M.P.H.
PRELIMINARY LOCAL CLIMATOLOGICAL DATA (WS FORM: F-6) , PAGE 2
STATION: CAPE HATTERAS NC
MONTH: APRIL
YEAR: 2020
LATITUDE: 35 13 N
LONGITUDE: 75 37 W
[TEMPERATURE DATA] [PRECIPITATION DATA] SYMBOLS USED IN COLUMN 16
AVERAGE MONTHLY: 62.3 TOTAL FOR MONTH: 6.24 1 = FOG OR MIST
DPTR FM NORMAL: 2.8 DPTR FM NORMAL: 2.60 2 = FOG REDUCING VISIBILITY
HIGHEST: 78 ON 29 GRTST 24HR 2.87 ON 30-30 TO 1/4 MILE OR LESS
LOWEST: 44 ON 28,17 3 = THUNDER
SNOW, ICE PELLETS, HAIL 4 = ICE PELLETS
TOTAL MONTH: 0.0 INCH 5 = HAIL
GRTST 24HR 0.0 6 = FREEZING RAIN OR DRIZZLE
GRTST DEPTH: 0 7 = DUSTSTORM OR SANDSTORM:
VSBY 1/2 MILE OR LESS
8 = SMOKE OR HAZE
[NO. OF DAYS WITH] [WEATHER - DAYS WITH] 9 = BLOWING SNOW
X = TORNADO
MAX 32 OR BELOW: 0 0.01 INCH OR MORE: 12
MAX 90 OR ABOVE: 0 0.10 INCH OR MORE: 10
MIN 32 OR BELOW: 0 0.50 INCH OR MORE: 3
MIN 0 OR BELOW: 0 1.00 INCH OR MORE: 1
[HDD (BASE 65) ]
TOTAL THIS MO. 111 CLEAR (SCALE 0-3) 19
DPTR FM NORMAL -80 PTCLDY (SCALE 4-7) 9
TOTAL FM JUL 1 1553 CLOUDY (SCALE 8-10) 2
DPTR FM NORMAL -981
[CDD (BASE 65) ]
TOTAL THIS MO. 37
DPTR FM NORMAL 12 [PRESSURE DATA]
TOTAL FM JAN 1 77 HIGHEST SLP 30.33 ON 17
DPTR FM NORMAL 49 LOWEST SLP 29.30 ON 1
[REMARKS]
#FINAL-04-20#