000
CXUS53 KGID 010830
CF6HSI
PRELIMINARY LOCAL CLIMATOLOGICAL DATA (WS FORM: F-6)
STATION: HASTINGS NE
MONTH: JULY
YEAR: 2023
LATITUDE: 40 35 N
LONGITUDE: 98 26 W
TEMPERATURE IN F: :PCPN: SNOW: WIND :SUNSHINE: SKY :PK WND
================================================================================
1 2 3 4 5 6A 6B 7 8 9 10 11 12 13 14 15 16 17 18
12Z AVG MX 2MIN
DY MAX MIN AVG DEP HDD CDD WTR SNW DPTH SPD SPD DIR MIN PSBL S-S WX SPD DR
================================================================================
1 77 63 70 -6 0 5 0.00 0.0 0 7.2 18 40 M M 4 1 25 20
2 86 59 73 -3 0 8 0.00 0.0 0 4.8 13 140 M M 0 1 17 170
3 91 65 78 2 0 13 0.00 0.0 0 7.3 14 160 M M 0 21 190
4 92 69 81 5 0 16 T 0.0 0 9.5 26 350 M M 1 3 35 340
5 74 57 66 -11 0 1 T 0.0 0 9.1 17 10 M M 7 23 20
6 74 58 66 -11 0 1 0.00 0.0 0 6.1 14 110 M M 8 23 110
7 81 62 72 -5 0 7 0.05 0.0 0 9.1 17 340 M M 6 13 24 60
8 74 55 65 -12 0 0 T 0.0 0 4.0 12 360 M M 4 15 360
9 81 55 68 -9 0 3 0.00 0.0 0 4.9 12 200 M M 1 1 18 250
10 89 61 75 -2 0 10 T 0.0 0 9.1 18 200 M M 0 3 27 200
11 92 63 78 1 0 13 0.00 0.0 0 7.5 14 150 M M 0 21 130
12 87 66 77 0 0 12 0.00 0.0 0 7.4 26 30 M M 4 38 41 20
13 89 62 76 -1 0 11 0.06 0.0 0 3.7 10 240 M M 1 18 17 220
14 80 63 72 -5 0 7 0.16 0.0 0 6.3 26 120 M M 2 13 36 110
15 86 63 75 -2 0 10 0.00 0.0 0 5.1 12 300 M M 0 8 16 280
16 86 63 75 -2 0 10 0.15 0.0 0 6.9 29 350 M M 1 138 39 360
17 80 64 72 -5 0 7 T 0.0 0 8.9 20 60 M M 0 18 26 40
18 83 62 73 -4 0 8 0.59 T 0 9.6 37 320 M M 3 13 59 320
19 80 65 73 -4 0 8 T 0.0 0 5.8 15 340 M M 5 18 20 40
20 81 65 73 -4 0 8 0.00 0.0 0 6.2 15 360 M M 1 1 22 360
21 83 65 74 -3 0 9 T 0.0 0 3.1 10 330 M M 3 16 10
22 90 62 76 -1 0 11 0.00 0.0 0 4.9 14 250 M M 1 3 22 220
23 92 59 76 -1 0 11 0.00 0.0 0 7.4 14 120 M M 0 19 140
24 98 66 82 5 0 17 0.00 0.0 0 7.6 13 140 M M 0 8 21 140
25 99 73 86 9 0 21 0.00 0.0 0 7.0 22 350 M M 0 1 33 360
26 100 72 86 9 0 21 0.00 0.0 0 6.6 13 160 M M 0 21 170
27 100 72 86 9 0 21 0.04 0.0 0 7.0 29 270 M M 1 3 41 280
28 102 70 86 9 0 21 0.00 0.0 0 5.8 28 60 M M 0 8 40 70
29 86 65 76 -1 0 11 0.33 0.0 0 9.9 43 330 M M 2 13 55 340
30 90 68 79 2 0 14 0.01 0.0 0 11.0 20 120 M M 3 3 27 120
31 84 68 76 -1 0 11 0.15 0.0 0 9.7 25 160 M M 4 13 36 210
================================================================================
SM 2687 1980 0 326 1.54 T 218.5 M 62
================================================================================
AV 86.7 63.9 7.0 FASTST M M 2 MAX(MPH)
MISC ----> 43 330 59 320
================================================================================
NOTES:
# LAST OF SEVERAL OCCURRENCES
COLUMN 17 PEAK WIND IN M.P.H.
PRELIMINARY LOCAL CLIMATOLOGICAL DATA (WS FORM: F-6) , PAGE 2
STATION: HASTINGS NE
MONTH: JULY
YEAR: 2023
LATITUDE: 40 35 N
LONGITUDE: 98 26 W
[TEMPERATURE DATA] [PRECIPITATION DATA] SYMBOLS USED IN COLUMN 16
AVERAGE MONTHLY: 75.3 TOTAL FOR MONTH: 1.54 1 = FOG OR MIST
DPTR FM NORMAL: -1.7 DPTR FM NORMAL: -2.08 2 = FOG REDUCING VISIBILITY
HIGHEST: 102 ON 28 GRTST 24HR 0.59 ON 17-18 TO 1/4 MILE OR LESS
LOWEST: 55 ON 9, 8 3 = THUNDER
SNOW, ICE PELLETS, HAIL 4 = ICE PELLETS
TOTAL MONTH: T 5 = HAIL
GRTST 24HR T ON 18-18 6 = FREEZING RAIN OR DRIZZLE
GRTST DEPTH: 0 7 = DUSTSTORM OR SANDSTORM:
VSBY 1/2 MILE OR LESS
8 = SMOKE OR HAZE
[NO. OF DAYS WITH] [WEATHER - DAYS WITH] 9 = BLOWING SNOW
X = TORNADO
MAX 32 OR BELOW: 0 0.01 INCH OR MORE: 9
MAX 90 OR ABOVE: 11 0.10 INCH OR MORE: 5
MIN 32 OR BELOW: 0 0.50 INCH OR MORE: 1
MIN 0 OR BELOW: 0 1.00 INCH OR MORE: 0
[HDD (BASE 65) ]
TOTAL THIS MO. 0 CLEAR (SCALE 0-3) 22
DPTR FM NORMAL -2 PTCLDY (SCALE 4-7) 8
TOTAL FM JUL 1 0 CLOUDY (SCALE 8-10) 1
DPTR FM NORMAL 0
[CDD (BASE 65) ]
TOTAL THIS MO. 326
DPTR FM NORMAL -47 [PRESSURE DATA]
TOTAL FM JAN 1 655 HIGHEST SLP 30.22 ON 29
DPTR FM NORMAL -39 LOWEST SLP 29.72 ON 12
[REMARKS]
#FINAL-07-23#