000
CXUS53 KGID 012036
CF6HSI
PRELIMINARY LOCAL CLIMATOLOGICAL DATA (WS FORM: F-6)
STATION: HASTINGS NE
MONTH: JANUARY
YEAR: 2024
LATITUDE: 40 35 N
LONGITUDE: 98 26 W
TEMPERATURE IN F: :PCPN: SNOW: WIND :SUNSHINE: SKY :PK WND
================================================================================
1 2 3 4 5 6A 6B 7 8 9 10 11 12 13 14 15 16 17 18
12Z AVG MX 2MIN
DY MAX MIN AVG DEP HDD CDD WTR SNW DPTH SPD SPD DIR MIN PSBL S-S WX SPD DR
================================================================================
1 28 13 21 -5 44 0 0.00 0.0 T 6.3 14 200 M M 5 12 19 190
2 41 20 31 5 34 0 0.00 0.0 T 6.1 15 340 M M 0 19 350
3 42 23 33 7 32 0 0.00 0.0 T 7.3 17 40 M M 3 12 22 40
4 31 24 28 2 37 0 0.00 0.0 0 8.6 14 150 M M 10 1 20 140
5 30 27 29 3 36 0 0.01 0.1 0 4.0 13 160 M M 10 12 18 160
6 34 21 28 2 37 0 T 0.1 T 10.3 23 320 M M 10 1 31 320
7 33 14 24 -2 41 0 0.00 0.0 0 9.7 20 120 M M 2 29 130
8 34 16 25 -1 40 0 0.48 6.1 0 17.7 36 350 M M 8 19 52 350
9 26 15 21 -5 44 0 0.02 0.2 5 17.8 36 350 M M 4 19 51 350
10 38 17 28 2 37 0 0.00 0.0 5 9.5 25 310 M M 2 36 300
11 25 3 14 -12 51 0 0.20 3.2 3 18.5 31 360 M M 5 1 48 10
12 5 -7 -1 -27 66 0 0.22 4.0 9 23.2 33 350 M M 7 1289 48 360
13 -2 -16 -9 -35 74 0 0.03 0.5 10 21.0 33 340 M M 5 18 42 350
14 -2 -15 -8 -34 73 0 0.00 0.0 9 11.8 21 330 M M 2 25 330
15 0 -11 -5 -31 70 0 0.03 0.6 8 15.0 24 320 M M 5 89 31 340
16 12 -12 0 -26 65 0 0.00 0.0 8 10.1 17 280 M M 0 23 280
17 26 5 16 -10 49 0 0.00 0.0 8 7.0 15 60 M M 2 20 80
18 22 1 12 -14 53 0 0.06 0.8 8 13.9 38 350 M M 5 1289 59 340
19 10 -5 3 -23 62 0 0.00 0.0 7 10.7 24 330 M M 0 31 320
20 6 -11 -2 -28 67 0 0.00 0.0 7 7.1 15 170 M M 0 8 23 150
21 30 4 17 -9 48 0 0.00 0.0 7 12.5 18 190 M M 1 31 180
22 33 23 28 2 37 0 0.00 0.0 7 7.5 16 200 M M 7 1 22 190
23 32 31 32 6 33 0 0.00 0.0 6 3.8 9 120 M M 10 1 12 120
24 32 30 31 5 34 0 0.00 0.0 6 5.7 13 270 M M 10 1 19 200
25 32 29 31 4 34 0 0.00 0.0 5 4.5 9 360 M M 10 12 13 260
26 30 27 29 2 36 0 0.00 0.0 5 6.2 12 330 M M 10 12 14 30
27 43 25 34 7 31 0 0.00 0.0 4 5.3 10 310 M M 2 12 12 320
28 44 23 34 7 31 0 0.00 0.0 3 4.5 10 200 M M 0 15 200
29 53 33 43 16 22 0 0.00 0.0 2 8.2 15 320 M M 0 18 330
30 56 32 44 17 21 0 0.00 0.0 1 5.5 12 300 M M 0 16 320
31 62 32 47 20 18 0 0.00 0.0 T 6.1 10 210 M M 0 14 180
================================================================================
SM 886 411 1357 0 1.05 15.6 305.4 M 135
================================================================================
AV 28.6 13.3 9.9 FASTST M M 4 MAX(MPH)
MISC ----> 38 350 59 340
================================================================================
NOTES:
# LAST OF SEVERAL OCCURRENCES
COLUMN 17 PEAK WIND IN M.P.H.
PRELIMINARY LOCAL CLIMATOLOGICAL DATA (WS FORM: F-6) , PAGE 2
STATION: HASTINGS NE
MONTH: JANUARY
YEAR: 2024
LATITUDE: 40 35 N
LONGITUDE: 98 26 W
[TEMPERATURE DATA] [PRECIPITATION DATA] SYMBOLS USED IN COLUMN 16
AVERAGE MONTHLY: 20.9 TOTAL FOR MONTH: 1.05 1 = FOG OR MIST
DPTR FM NORMAL: -5.5 DPTR FM NORMAL: 0.50 2 = FOG REDUCING VISIBILITY
HIGHEST: 62 ON 31 GRTST 24HR 0.48 ON 8- 8 TO 1/4 MILE OR LESS
LOWEST: -16 ON 13 3 = THUNDER
SNOW, ICE PELLETS, HAIL 4 = ICE PELLETS
TOTAL MONTH: 15.6 INCHES 5 = HAIL
GRTST 24HR 6.1 ON 8- 8 6 = FREEZING RAIN OR DRIZZLE
GRTST DEPTH: 10 ON 13 7 = DUSTSTORM OR SANDSTORM:
VSBY 1/2 MILE OR LESS
8 = SMOKE OR HAZE
[NO. OF DAYS WITH] [WEATHER - DAYS WITH] 9 = BLOWING SNOW
X = TORNADO
MAX 32 OR BELOW: 19 0.01 INCH OR MORE: 8
MAX 90 OR ABOVE: 0 0.10 INCH OR MORE: 3
MIN 32 OR BELOW: 30 0.50 INCH OR MORE: 0
MIN 0 OR BELOW: 7 1.00 INCH OR MORE: 0
[HDD (BASE 65) ]
TOTAL THIS MO. 1357 CLEAR (SCALE 0-3) 15
DPTR FM NORMAL 161 PTCLDY (SCALE 4-7) 9
TOTAL FM JUL 1 3355 CLOUDY (SCALE 8-10) 7
DPTR FM NORMAL -182
[CDD (BASE 65) ]
TOTAL THIS MO. 0
DPTR FM NORMAL 0 [PRESSURE DATA]
TOTAL FM JAN 1 0 HIGHEST SLP 30.72 ON 20
DPTR FM NORMAL 0 LOWEST SLP 29.43 ON 10
[REMARKS]
#FINAL-01-24#