000
CXUS53 KIND 010700
CF6HUF
PRELIMINARY LOCAL CLIMATOLOGICAL DATA (WS FORM: F-6)
STATION: TERRE HAUTE IN
MONTH: FEBRUARY
YEAR: 2022
LATITUDE: 39 27 N
LONGITUDE: 87 18 W
TEMPERATURE IN F: :PCPN: SNOW: WIND :SUNSHINE: SKY :PK WND
================================================================================
1 2 3 4 5 6A 6B 7 8 9 10 11 12 13 14 15 16 17 18
12Z AVG MX 2MIN
DY MAX MIN AVG DEP HDD CDD WTR SNW DPTH SPD SPD DIR MIN PSBL S-S WX SPD DR
================================================================================
1 57 31 44 14 21 0 0.03 M M 9.2 18 210 M M 7 29 190
2 46 27 37 7 28 0 1.29 M M 9.1 21 10 M M 10 1246 30 350
3 27 20 24 -6 41 0 0.21 M M 14.8 21 20 M M 10 12 29 30
4 26 14 20 -10 45 0 T M M 9.3 20 300 M M 7 1 27 300
5 20 3 12 -18 53 0 0.00 M M 6.9 17 300 M M 1 25 310
6 36 7 22 -8 43 0 0.00 M M 6.9 16 210 M M 0 1 21 210
7 28 11 20 -11 45 0 0.00 M M 6.4 17 320 M M 1 24 320
8 43 7 25 -6 40 0 0.00 M M 8.8 17 200 M M 2 27 200
9 45 33 39 8 26 0 T M M 8.3 18 260 M M 4 24 260
10 38 27 33 2 32 0 0.00 M M 7.1 15 270 M M 5 20 260
11 44 31 38 6 27 0 0.10 M M 10.7 20 300 M M 8 28 310
12 32 18 25 -7 40 0 T M M 10.9 22 310 M M 10 8 28 290
13 23 10 17 -15 48 0 T M M 5.2 14 320 M M 6 18 20 320
14 31 10 21 -11 44 0 0.00 M M 3.7 12 210 M M 2 15 220
15 51 17 34 1 31 0 0.00 M M 6.9 17 180 M M 0 24 170
16 62 48 55 22 10 0 0.00 M M 17.2 31 190 M M 6 56 180
17 61 22 42 9 23 0 2.20 M M 12.7 26 350 M M 10 12 42 350
18 33 15 24 -10 41 0 0.00 M M 10.4 21 320 M M 1 31 330
19 35 20 28 -6 37 0 T M M 9.0 28 320 M M 1 42 320
20 55 20 38 4 27 0 0.00 M M 12.0 24 200 M M 0 35 200
21 63 33 48 13 17 0 0.11 M M 11.8 32 180 M M 4 13 43 180
22 62 28 45 10 20 0 0.52 M M 11.0 24 280 M M 10 13 35 300
23 28 22 25 -10 40 0 T M M 9.6 20 320 M M 10 27 310
24 33 25 29 -7 36 0 0.29 M M 7.3 20 70 M M 10 16 25 80
25 32 26 29 -7 36 0 T M M 8.5 20 290 M M 10 1 33 290
26 36 20 28 -8 37 0 0.00 M M 3.3 9 270 M M 2 12 260
27 48 21 35 -2 30 0 0.00 M M 3.8 15 260 M M 0 20 260
28 53 24 39 2 26 0 0.00 M M 5.9 18 210 M M 0 1 26 200
================================================================================
SM 1148 590 944 0 4.75 M 246.7 M 137
================================================================================
AV 41.0 21.1 8.8 FASTST M M 5 MAX(MPH)
MISC ----> 32 180 56 180
================================================================================
NOTES:
# LAST OF SEVERAL OCCURRENCES
COLUMN 17 PEAK WIND IN M.P.H.
PRELIMINARY LOCAL CLIMATOLOGICAL DATA (WS FORM: F-6) , PAGE 2
STATION: TERRE HAUTE IN
MONTH: FEBRUARY
YEAR: 2022
LATITUDE: 39 27 N
LONGITUDE: 87 18 W
[TEMPERATURE DATA] [PRECIPITATION DATA] SYMBOLS USED IN COLUMN 16
AVERAGE MONTHLY: 31.0 TOTAL FOR MONTH: 4.75 1 = FOG OR MIST
DPTR FM NORMAL: -1.9 DPTR FM NORMAL: 2.73 2 = FOG REDUCING VISIBILITY
HIGHEST: 63 ON 21 GRTST 24HR 2.20 ON 17-17 TO 1/4 MILE OR LESS
LOWEST: 3 ON 5 3 = THUNDER
SNOW, ICE PELLETS, HAIL 4 = ICE PELLETS
TOTAL MONTH: M 5 = HAIL
GRTST 24HR M ON M 6 = FREEZING RAIN OR DRIZZLE
GRTST DEPTH: M ON M 7 = DUSTSTORM OR SANDSTORM:
VSBY 1/2 MILE OR LESS
8 = SMOKE OR HAZE
[NO. OF DAYS WITH] [WEATHER - DAYS WITH] 9 = BLOWING SNOW
X = TORNADO
MAX 32 OR BELOW: 9 0.01 INCH OR MORE: 8
MAX 90 OR ABOVE: 0 0.10 INCH OR MORE: 7
MIN 32 OR BELOW: 25 0.50 INCH OR MORE: 3
MIN 0 OR BELOW: 0 1.00 INCH OR MORE: 2
[HDD (BASE 65) ]
TOTAL THIS MO. 944 CLEAR (SCALE 0-3) 12
DPTR FM NORMAL 44 PTCLDY (SCALE 4-7) 8
TOTAL FM JUL 1 3755 CLOUDY (SCALE 8-10) 8
DPTR FM NORMAL -307
[CDD (BASE 65) ]
TOTAL THIS MO. 0
DPTR FM NORMAL 0 [PRESSURE DATA]
TOTAL FM JAN 1 0 HIGHEST SLP M ON M
DPTR FM NORMAL 0 LOWEST SLP 29.62 ON 17
[REMARKS]
#FINAL-02-22#