000
CXUS53 KIND 011621
CLMHUF
CLIMATE REPORT
NATIONAL WEATHER SERVICE INDIANAPOLIS IN
1121 AM EST FRI MAR 01 2024
...................................
...THE TERRE HAUTE IN CLIMATE SUMMARY FOR THE MONTH OF FEBRUARY 2024...
CLIMATE NORMAL PERIOD 1991 TO 2020
CLIMATE RECORD PERIOD 9999 TO 9999
WEATHER OBSERVED NORMAL DEPART LAST YEAR`S
VALUE DATE(S) VALUE FROM VALUE DATE(S)
NORMAL
................................................................
TEMPERATURE (F)
HIGHEST 75 02/26 71 02/22
LOWEST 11 02/17 11 02/01
AVG. MAXIMUM 54.2 41.6 12.6 51.5
AVG. MINIMUM 29.7 24.1 5.6 29.2
MEAN 41.9 32.9 9.0 40.4
DAYS MAX >= 90 0 0.0 0.0 0
DAYS MAX <= 32 1 6.6 -5.6 2
DAYS MIN <= 32 22 22.7 -0.7 17
DAYS MIN <= 0 0 0.9 -0.9 0
PRECIPITATION (INCHES)
TOTALS 1.06R 2.02 -0.96 2.07
DAILY AVG. 0.04 NAN NAN 0.07
DAYS >= .01 5 9.0 -4.0 7
DAYS >= .10 3 4.7 -1.7 6
DAYS >= .50 1 1.2 -0.2 1
DAYS >= 1.00 0 0.6 -0.6 0
GREATEST
24 HR. TOTAL 0.69 02/28 TO 02/28
DEGREE DAYS
HEATING TOTAL 658 900 -242 683
SINCE 7/1 3344 4118 -774 MM
COOLING TOTAL 0 0 0 0
SINCE 1/1 0 0 0 MM
................................................................
WIND (MPH)
AVERAGE WIND SPEED 8.4
HIGHEST WIND SPEED/DIRECTION 29/180 DATE 02/08
29/280 02/28
HIGHEST GUST SPEED/DIRECTION 47/290 DATE 02/28
SKY COVER
AVERAGE SKY COVER 0.23
AVERAGE RH (PERCENT) 69
WEATHER CONDITIONS. NUMBER OF DAYS WITH
THUNDERSTORM 3 MIXED PRECIP 0
HEAVY RAIN 1 RAIN 2
LIGHT RAIN 5 FREEZING RAIN 1
LT FREEZING RAIN 0 HAIL 0
HEAVY SNOW 1 SNOW 1
LIGHT SNOW 2 SLEET 0
FOG 8 FOG W/VIS <= 1/4 MILE 2
HAZE 0
- INDICATES NEGATIVE NUMBERS.
R INDICATES RECORD WAS SET OR TIED.
MM INDICATES DATA IS MISSING.
T INDICATES TRACE AMOUNT.
$$