000
CXUS53 KICT 011410
CF6ICT
PRELIMINARY LOCAL CLIMATOLOGICAL DATA (WS FORM: F-6)
STATION: WICHITA EISENHOWER NATIONAL
MONTH: APRIL
YEAR: 2023
LATITUDE: 37 39 N
LONGITUDE: 97 25 W
TEMPERATURE IN F: :PCPN: SNOW: WIND :SUNSHINE: SKY :PK WND
================================================================================
1 2 3 4 5 6A 6B 7 8 9 10 11 12 13 14 15 16 17 18
12Z AVG MX 2MIN
DY MAX MIN AVG DEP HDD CDD WTR SNW DPTH SPD SPD DIR MIN PSBL S-S WX SPD DR
================================================================================
1 62 35 49 -4 16 0 0.00 0.0 0 11.1 28 310 M M 0 36 320
2 83 46 65 12 0 0 0.00 0.0 0 15.6 29 210 M M 1 38 220
3 81 55 68 15 0 3 0.00 0.0 0 9.2 24 180 M M 2 1 32 170
4 89 42 66 13 0 1 0.17 0.0 0 21.1 36 10 M M 5 138 43 350
5 55 29 42 -12 23 0 0.00 0.0 0 13.8 32 340 M M 3 43 340
6 62 34 48 -6 17 0 0.00 0.0 0 7.7 14 100 M M 2 19 90
7 68 36 52 -2 13 0 0.00 0.0 0 8.2 20 140 M M 1 29 130
8 72 38 55 1 10 0 0.00 0.0 0 9.7 18 160 M M 2 25 170
9 74 41 58 3 7 0 0.00 0.0 0 9.1 20 180 M M 5 27 190
10 82 47 65 10 0 0 0.00 0.0 0 10.1 24 120 M M 4 32 130
11 79 46 63 8 2 0 0.00 0.0 0 13.1 26 180 M M 2 33 180
12 81 49 65 9 0 0 0.00 0.0 0 16.4 28 180 M M 1 39 180
13 82 48 65 9 0 0 0.00 0.0 0 15.6 28 180 M M 1 36 170
14 86 59 73 17 0 8 T 0.0 0 18.1 29 170 M M 5 3 40 170
15 70 39 55 -1 10 0 0.01 0.0 0 17.9 33 330 M M 9 3 47 340
16 65 35 50 -7 15 0 0.00 0.0 0 14.4 30 310 M M 1 41 340
17 83 32 58 1 7 0 0.00 0.0 0 11.3 28 210 M M 2 37 210
18 86 53 70 13 0 5 0.00 0.0 0 22.1 36 180 M M 5 46 160
19 88 63 76 19 0 11 0.00 0.0 0 24.4 39 170 M M 8 53 170
20 72 45 59 1 6 0 T 0.0 0 16.4 38 190 M M 6 3 56 180
21 66 42 54 -4 11 0 0.00 0.0 0 9.9 22 350 M M 5 32 340
22 56 37 47 -11 18 0 0.00 0.0 0 12.4 28 340 M M 7 35 340
23 63 32 48 -11 17 0 0.00 0.0 0 5.7 14 160 M M 2 19 170
24 65 35 50 -9 15 0 0.15 0.0 0 11.4 25 180 M M 7 1 35 180
25 53 47 50 -9 15 0 T 0.0 0 11.7 20 140 M M 10 27 150
26 59 48 54 -6 11 0 0.13 0.0 0 10.4 22 90 M M 10 32 110
27 63 47 55 -5 10 0 0.00 0.0 0 5.7 10 160 M M 9 14 60
28 54 46 50 -10 15 0 0.14 0.0 0 12.3 25 340 M M 8 1 34 340
29 79 40 60 0 5 0 0.00 0.0 0 12.4 28 350 M M 2 38 340
30 67 41 54 -7 11 0 0.00 0.0 0 14.1 31 340 M M 3 42 340
================================================================================
SM 2145 1287 254 28 0.60 0.0 391.3 M 128
================================================================================
AV 71.5 42.9 13.0 FASTST M M 4 MAX(MPH)
MISC ----> 39 170 56 180
================================================================================
NOTES:
# LAST OF SEVERAL OCCURRENCES
COLUMN 17 PEAK WIND IN M.P.H.
PRELIMINARY LOCAL CLIMATOLOGICAL DATA (WS FORM: F-6) , PAGE 2
STATION: WICHITA EISENHOWER NATIONAL
MONTH: APRIL
YEAR: 2023
LATITUDE: 37 39 N
LONGITUDE: 97 25 W
[TEMPERATURE DATA] [PRECIPITATION DATA] SYMBOLS USED IN COLUMN 16
AVERAGE MONTHLY: 57.2 TOTAL FOR MONTH: 0.60 1 = FOG OR MIST
DPTR FM NORMAL: 0.7 DPTR FM NORMAL: -2.50 2 = FOG REDUCING VISIBILITY
HIGHEST: 89 ON 4 GRTST 24HR 0.17 ON 4- 4 TO 1/4 MILE OR LESS
LOWEST: 29 ON 5 3 = THUNDER
SNOW, ICE PELLETS, HAIL 4 = ICE PELLETS
TOTAL MONTH: 0.0 INCH 5 = HAIL
GRTST 24HR 0.0 6 = FREEZING RAIN OR DRIZZLE
GRTST DEPTH: 0 7 = DUSTSTORM OR SANDSTORM:
VSBY 1/2 MILE OR LESS
8 = SMOKE OR HAZE
[NO. OF DAYS WITH] [WEATHER - DAYS WITH] 9 = BLOWING SNOW
X = TORNADO
MAX 32 OR BELOW: 0 0.01 INCH OR MORE: 5
MAX 90 OR ABOVE: 0 0.10 INCH OR MORE: 4
MIN 32 OR BELOW: 3 0.50 INCH OR MORE: 0
MIN 0 OR BELOW: 0 1.00 INCH OR MORE: 0
[HDD (BASE 65) ]
TOTAL THIS MO. 254 CLEAR (SCALE 0-3) 15
DPTR FM NORMAL -23 PTCLDY (SCALE 4-7) 9
TOTAL FM JUL 1 4199 CLOUDY (SCALE 8-10) 6
DPTR FM NORMAL -131
[CDD (BASE 65) ]
TOTAL THIS MO. 28
DPTR FM NORMAL 5 [PRESSURE DATA]
TOTAL FM JAN 1 29 HIGHEST SLP 30.45 ON 6
DPTR FM NORMAL 2 LOWEST SLP 29.23 ON 4
[REMARKS]
#FINAL-04-23#