000
CDUS43 KICT 230645
CLIICT


CLIMATE REPORT
NATIONAL WEATHER SERVICE WICHITA KS
145 AM CDT WED MAY 23 2018


...................................

...THE WICHITA EISENHOWER NATIONAL CLIMATE SUMMARY FOR MAY 22 2018...

CLIMATE NORMAL PERIOD 1981 TO 2010
CLIMATE RECORD PERIOD 1888 TO 2018


WEATHER ITEM   OBSERVED TIME   RECORD YEAR NORMAL DEPARTURE LAST
                VALUE   (LST)  VALUE       VALUE  FROM      YEAR
                                                  NORMAL
..................................................................
TEMPERATURE (F)
 YESTERDAY
  MAXIMUM         87    404 PM  95    1956  78      9       69
  MINIMUM         63    315 AM  38    1931  57      6       52
  AVERAGE         75                        68      7       61

PRECIPITATION (IN)
  YESTERDAY        0.00          1.82 1938   0.16  -0.16     0.07
  MONTH TO DATE    2.18                      3.13  -0.95     4.30
  SINCE MAR 1      5.06                      8.41  -3.35    15.08
  SINCE JAN 1      5.54                     10.42  -4.88    18.70

SNOWFALL (IN)
  YESTERDAY        0.0           T    2006   0.0    0.0      0.0
  MONTH TO DATE    0.0                       0.0    0.0      0.0
  SINCE MAR 1      1.0                       2.5   -1.5       T
  SINCE JUL 1      2.0                      14.9  -12.9      2.0
  SNOW DEPTH       0

DEGREE DAYS
 HEATING
  YESTERDAY        0                         2     -2        4
  MONTH TO DATE    0                        70    -70       64
  SINCE MAR 1    921                       938    -17      729
  SINCE JUL 1   4277                      4578   -301     3573

 COOLING
  YESTERDAY       10                         4      6        0
  MONTH TO DATE  196                        60    136       62
  SINCE MAR 1    215                        86    129      107
  SINCE JAN 1    215                        86    129      107
..................................................................


WIND (MPH)
  HIGHEST WIND SPEED    17   HIGHEST WIND DIRECTION    SE (150)
  HIGHEST GUST SPEED    22   HIGHEST GUST DIRECTION     S (160)
  AVERAGE WIND SPEED    10.4


SKY COVER
  POSSIBLE SUNSHINE  MM
  AVERAGE SKY COVER 0.6


WEATHER CONDITIONS
 THE FOLLOWING WEATHER WAS RECORDED YESTERDAY.
  NO SIGNIFICANT WEATHER WAS OBSERVED.


RELATIVE HUMIDITY (PERCENT)
 HIGHEST    93           400 AM
 LOWEST     48           400 PM
 AVERAGE    71

..........................................................


THE WICHITA EISENHOWER NATIONAL CLIMATE NORMALS FOR TODAY
                         NORMAL    RECORD    YEAR
 MAXIMUM TEMPERATURE (F)   79       100      1996
 MINIMUM TEMPERATURE (F)   58        40      1917
                                             1893


SUNRISE AND SUNSET
MAY 23 2018...........SUNRISE   614 AM CDT   SUNSET   839 PM CDT
MAY 24 2018...........SUNRISE   614 AM CDT   SUNSET   840 PM CDT


-  INDICATES NEGATIVE NUMBERS.
R  INDICATES RECORD WAS SET OR TIED.
MM INDICATES DATA IS MISSING.
T  INDICATES TRACE AMOUNT.




$$
