000
CDUS43 KICT 182210
CLIICT


CLIMATE REPORT
NATIONAL WEATHER SERVICE WICHITA KS
510 PM CDT FRI MAY 18 2018


...................................

...THE WICHITA EISENHOWER NATIONAL CLIMATE SUMMARY FOR MAY 18 2018...
VALID TODAY AS OF 0500 PM LOCAL TIME.

CLIMATE NORMAL PERIOD 1981 TO 2010
CLIMATE RECORD PERIOD 1888 TO 2018


WEATHER ITEM   OBSERVED TIME   RECORD YEAR NORMAL DEPARTURE LAST
                VALUE   (LST)  VALUE       VALUE  FROM      YEAR
                                                  NORMAL
..................................................................
TEMPERATURE (F)
 TODAY
  MAXIMUM         88    236 PM  99    1956  77     11       84
  MINIMUM         64    548 AM  38    1976  56      8       58
  AVERAGE         76                        66     10       71

PRECIPITATION (IN)
  TODAY            0.00          2.74 1915   0.15  -0.15     0.26
  MONTH TO DATE    1.44                      2.50  -1.06     3.74
  SINCE MAR 1      4.32                      7.78  -3.46    14.52
  SINCE JAN 1      4.80                      9.79  -4.99    18.14

SNOWFALL (IN)
  TODAY            0.0           0.0  2007   0.0    0.0      0.0
                                      2001
  MONTH TO DATE    0.0                       0.0    0.0      0.0
  SINCE MAR 1      1.0                       2.5   -1.5       T
  SINCE JUL 1      2.0                      14.9  -12.9      2.0
  SNOW DEPTH       0

DEGREE DAYS
 HEATING
  TODAY            0                         2     -2        0
  MONTH TO DATE    0                        62    -62       45
  SINCE MAR 1    921                       930     -9      710
  SINCE JUL 1   4277                      4570   -293     3554

 COOLING
  TODAY           11                         4      7        6
  MONTH TO DATE  173                        44    129       61
  SINCE MAR 1    192                        70    122      106
  SINCE JAN 1    192                        70    122      106
..................................................................


WIND (MPH)
  HIGHEST WIND SPEED    22   HIGHEST WIND DIRECTION    SE (120)
  HIGHEST GUST SPEED    26   HIGHEST GUST DIRECTION     E (90)
  AVERAGE WIND SPEED    13.1


SKY COVER
  POSSIBLE SUNSHINE  MM
  AVERAGE SKY COVER 0.4


WEATHER CONDITIONS
 THE FOLLOWING WEATHER WAS RECORDED TODAY.
  NO SIGNIFICANT WEATHER WAS OBSERVED.


RELATIVE HUMIDITY (PERCENT)
 HIGHEST    87           200 AM
 LOWEST     43           300 PM
 AVERAGE    65

..........................................................


THE WICHITA EISENHOWER NATIONAL CLIMATE NORMALS FOR TOMORROW
                         NORMAL    RECORD    YEAR
 MAXIMUM TEMPERATURE (F)   78        97      2006
                                             1933
 MINIMUM TEMPERATURE (F)   56        38      1894


SUNRISE AND SUNSET
MAY 18 2018...........SUNRISE   618 AM CDT   SUNSET   835 PM CDT
MAY 19 2018...........SUNRISE   617 AM CDT   SUNSET   836 PM CDT


-  INDICATES NEGATIVE NUMBERS.
R  INDICATES RECORD WAS SET OR TIED.
MM INDICATES DATA IS MISSING.
T  INDICATES TRACE AMOUNT.




$$
