000
CDUS43 KICT 170645
CLIICT


CLIMATE REPORT
NATIONAL WEATHER SERVICE WICHITA KS
144 AM CDT THU MAY 17 2018


...................................

...THE WICHITA EISENHOWER NATIONAL CLIMATE SUMMARY FOR MAY 16 2018...

CLIMATE NORMAL PERIOD 1981 TO 2010
CLIMATE RECORD PERIOD 1888 TO 2018


WEATHER ITEM   OBSERVED TIME   RECORD YEAR NORMAL DEPARTURE LAST
                VALUE   (LST)  VALUE       VALUE  FROM      YEAR
                                                  NORMAL
..................................................................
TEMPERATURE (F)
 YESTERDAY
  MAXIMUM         86    343 PM  91    2001  77      9       83
                                      1996
                                      1931
  MINIMUM         65    610 AM  36    1890  55     10       66
  AVERAGE         76                        66     10       75

PRECIPITATION (IN)
  YESTERDAY        0.01          3.59 2015   0.14  -0.13     0.01
  MONTH TO DATE    1.44                      2.20  -0.76     3.32
  SINCE MAR 1      4.32                      7.48  -3.16    14.10
  SINCE JAN 1      4.80                      9.49  -4.69    17.72

SNOWFALL (IN)
  YESTERDAY        0.0           0.0  2007   0.0    0.0      0.0
                                      2001
  MONTH TO DATE    0.0                       0.0    0.0      0.0
  SINCE MAR 1      1.0                       2.5   -1.5       T
  SINCE JUL 1      2.0                      14.9  -12.9      2.0
  SNOW DEPTH       0

DEGREE DAYS
 HEATING
  YESTERDAY        0                         2     -2        0
  MONTH TO DATE    0                        58    -58       45
  SINCE MAR 1    921                       926     -5      710
  SINCE JUL 1   4277                      4566   -289     3554

 COOLING
  YESTERDAY       11                         3      8       10
  MONTH TO DATE  154                        36    118       49
  SINCE MAR 1    173                        62    111       94
  SINCE JAN 1    173                        62    111       94
..................................................................


WIND (MPH)
  HIGHEST WIND SPEED    13   HIGHEST WIND DIRECTION     E (80)
  HIGHEST GUST SPEED    21   HIGHEST GUST DIRECTION    SE (120)
  AVERAGE WIND SPEED     5.3


SKY COVER
  POSSIBLE SUNSHINE  MM
  AVERAGE SKY COVER 0.5


WEATHER CONDITIONS
 THE FOLLOWING WEATHER WAS RECORDED YESTERDAY.
  THUNDERSTORM
  LIGHT RAIN


RELATIVE HUMIDITY (PERCENT)
 HIGHEST    93           600 AM
 LOWEST     37           400 PM
 AVERAGE    65

..........................................................


THE WICHITA EISENHOWER NATIONAL CLIMATE NORMALS FOR TODAY
                         NORMAL    RECORD    YEAR
 MAXIMUM TEMPERATURE (F)   77        93      1996
 MINIMUM TEMPERATURE (F)   56        37      1973
                                             1945


SUNRISE AND SUNSET
MAY 17 2018...........SUNRISE   618 AM CDT   SUNSET   834 PM CDT
MAY 18 2018...........SUNRISE   618 AM CDT   SUNSET   835 PM CDT


-  INDICATES NEGATIVE NUMBERS.
R  INDICATES RECORD WAS SET OR TIED.
MM INDICATES DATA IS MISSING.
T  INDICATES TRACE AMOUNT.




$$
