000
CDUS43 KICT 172203
CLIICT


CLIMATE REPORT
NATIONAL WEATHER SERVICE WICHITA KS
503 PM CDT THU MAY 17 2018


...................................

...THE WICHITA EISENHOWER NATIONAL CLIMATE SUMMARY FOR MAY 17 2018...
VALID TODAY AS OF 0500 PM LOCAL TIME.

CLIMATE NORMAL PERIOD 1981 TO 2010
CLIMATE RECORD PERIOD 1888 TO 2018


WEATHER ITEM   OBSERVED TIME   RECORD YEAR NORMAL DEPARTURE LAST
                VALUE   (LST)  VALUE       VALUE  FROM      YEAR
                                                  NORMAL
..................................................................
TEMPERATURE (F)
 TODAY
  MAXIMUM         87    401 PM  93    1996  77     10       79
  MINIMUM         59    454 AM  37    1973  56      3       62
                                      1945
  AVERAGE         73                        66      7       71

PRECIPITATION (IN)
  TODAY            0.00          2.47 1940   0.15  -0.15     0.16
  MONTH TO DATE    1.44                      2.35  -0.91     3.48
  SINCE MAR 1      4.32                      7.63  -3.31    14.26
  SINCE JAN 1      4.80                      9.64  -4.84    17.88

SNOWFALL (IN)
  TODAY            0.0           0.0  2002   0.0    0.0      0.0
                                      2001
  MONTH TO DATE    0.0                       0.0    0.0      0.0
  SINCE MAR 1      1.0                       2.5   -1.5       T
  SINCE JUL 1      2.0                      14.9  -12.9      2.0
  SNOW DEPTH       0

DEGREE DAYS
 HEATING
  TODAY            0                         2     -2        0
  MONTH TO DATE    0                        60    -60       45
  SINCE MAR 1    921                       928     -7      710
  SINCE JUL 1   4277                      4568   -291     3554

 COOLING
  TODAY            8                         4      4        6
  MONTH TO DATE  162                        40    122       55
  SINCE MAR 1    181                        66    115      100
  SINCE JAN 1    181                        66    115      100
..................................................................


WIND (MPH)
  HIGHEST WIND SPEED    14   HIGHEST WIND DIRECTION     S (180)
  HIGHEST GUST SPEED    17   HIGHEST GUST DIRECTION    SE (120)
  AVERAGE WIND SPEED     4.2


SKY COVER
  POSSIBLE SUNSHINE  MM
  AVERAGE SKY COVER 0.2


WEATHER CONDITIONS
 THE FOLLOWING WEATHER WAS RECORDED TODAY.
  NO SIGNIFICANT WEATHER WAS OBSERVED.


RELATIVE HUMIDITY (PERCENT)
 HIGHEST    97           600 AM
 LOWEST     40           300 PM
 AVERAGE    69

..........................................................


THE WICHITA EISENHOWER NATIONAL CLIMATE NORMALS FOR TOMORROW
                         NORMAL    RECORD    YEAR
 MAXIMUM TEMPERATURE (F)   77        99      1956
 MINIMUM TEMPERATURE (F)   56        38      1976


SUNRISE AND SUNSET
MAY 17 2018...........SUNRISE   618 AM CDT   SUNSET   834 PM CDT
MAY 18 2018...........SUNRISE   618 AM CDT   SUNSET   835 PM CDT


-  INDICATES NEGATIVE NUMBERS.
R  INDICATES RECORD WAS SET OR TIED.
MM INDICATES DATA IS MISSING.
T  INDICATES TRACE AMOUNT.




$$
