620
CDUS43 KICT 192210
CLIICT


CLIMATE REPORT
NATIONAL WEATHER SERVICE WICHITA KS
510 PM CDT SAT MAY 19 2018


...................................

...THE WICHITA EISENHOWER NATIONAL CLIMATE SUMMARY FOR MAY 19 2018...
VALID TODAY AS OF 0500 PM LOCAL TIME.

CLIMATE NORMAL PERIOD 1981 TO 2010
CLIMATE RECORD PERIOD 1888 TO 2018


WEATHER ITEM   OBSERVED TIME   RECORD YEAR NORMAL DEPARTURE LAST
                VALUE   (LST)  VALUE       VALUE  FROM      YEAR
                                                  NORMAL
..................................................................
TEMPERATURE (F)
 TODAY
  MAXIMUM         80    344 PM  97    2006  78      2       76
                                      1933
  MINIMUM         65    715 AM  38    1894  56      9       56
  AVERAGE         73                        67      6       66

PRECIPITATION (IN)
  TODAY            0.05          1.86 1938   0.16  -0.11     0.49
  MONTH TO DATE    2.02                      2.66  -0.64     4.23
  SINCE MAR 1      4.90                      7.94  -3.04    15.01
  SINCE JAN 1      5.38                      9.95  -4.57    18.63

SNOWFALL (IN)
  TODAY            0.0           0.0  2007   0.0    0.0      0.0
                                      2001
  MONTH TO DATE    0.0                       0.0    0.0      0.0
  SINCE MAR 1      1.0                       2.5   -1.5       T
  SINCE JUL 1      2.0                      14.9  -12.9      2.0
  SNOW DEPTH       0

DEGREE DAYS
 HEATING
  TODAY            0                         2     -2        0
  MONTH TO DATE    0                        64    -64       45
  SINCE MAR 1    921                       932    -11      710
  SINCE JUL 1   4277                      4572   -295     3554

 COOLING
  TODAY            8                         4      4        1
  MONTH TO DATE  181                        48    133       62
  SINCE MAR 1    200                        74    126      107
  SINCE JAN 1    200                        74    126      107
..................................................................


WIND (MPH)
  HIGHEST WIND SPEED    22   HIGHEST WIND DIRECTION    SE (130)
  HIGHEST GUST SPEED    27   HIGHEST GUST DIRECTION    SE (130)
  AVERAGE WIND SPEED     9.8


SKY COVER
  POSSIBLE SUNSHINE  MM
  AVERAGE SKY COVER 0.8


WEATHER CONDITIONS
 THE FOLLOWING WEATHER WAS RECORDED TODAY.
  THUNDERSTORM
  RAIN
  LIGHT RAIN
  FOG


RELATIVE HUMIDITY (PERCENT)
 HIGHEST   100          1200 AM
 LOWEST     67          1200 PM
 AVERAGE    84

..........................................................


THE WICHITA EISENHOWER NATIONAL CLIMATE NORMALS FOR TOMORROW
                         NORMAL    RECORD    YEAR
 MAXIMUM TEMPERATURE (F)   78        98      1956
 MINIMUM TEMPERATURE (F)   57        37      1968


SUNRISE AND SUNSET
MAY 19 2018...........SUNRISE   617 AM CDT   SUNSET   836 PM CDT
MAY 20 2018...........SUNRISE   616 AM CDT   SUNSET   837 PM CDT


-  INDICATES NEGATIVE NUMBERS.
R  INDICATES RECORD WAS SET OR TIED.
MM INDICATES DATA IS MISSING.
T  INDICATES TRACE AMOUNT.




$$
