000
CDUS43 KICT 220632
CLIICT


CLIMATE REPORT
NATIONAL WEATHER SERVICE WICHITA KS
132 AM CDT SUN APR 22 2018


...................................

...THE WICHITA EISENHOWER NATIONAL CLIMATE SUMMARY FOR APRIL 21 2018...

CLIMATE NORMAL PERIOD 1981 TO 2010
CLIMATE RECORD PERIOD 1888 TO 2018


WEATHER ITEM   OBSERVED TIME   RECORD YEAR NORMAL DEPARTURE LAST
                VALUE   (LST)  VALUE       VALUE  FROM      YEAR
                                                  NORMAL
..................................................................
TEMPERATURE (F)
 YESTERDAY
  MAXIMUM         56   1239 AM  92    1963  69    -13       63
  MINIMUM         45   1159 PM  28    1966  46     -1       46
  AVERAGE         51                        58     -7       55

PRECIPITATION (IN)
  YESTERDAY        1.16R         1.07 1908   0.09   1.07     0.59
  MONTH TO DATE    1.30                      1.65  -0.35     5.61
  SINCE MAR 1      2.42                      4.34  -1.92     9.11
  SINCE JAN 1      2.90                      6.35  -3.45    12.73

SNOWFALL (IN)
  YESTERDAY       MM             T    1931   0.0   MM        0.0
  MONTH TO DATE    1.0                       0.2    0.8      0.0
  SINCE MAR 1      1.0                       2.5   -1.5       T
  SINCE JUL 1      2.0                      14.9  -12.9      2.0
  SNOW DEPTH       0

DEGREE DAYS
 HEATING
  YESTERDAY       14                         8      6       10
  MONTH TO DATE  374                       231    143      128
  SINCE MAR 1    856                       808     48      557
  SINCE JUL 1   4212                      4448   -236     3401

 COOLING
  YESTERDAY        0                         1     -1        0
  MONTH TO DATE    8                        14     -6       27
  SINCE MAR 1      8                        16     -8       45
  SINCE JAN 1      8                        16     -8       45
..................................................................


WIND (MPH)
  HIGHEST WIND SPEED    20   HIGHEST WIND DIRECTION    NE (60)
  HIGHEST GUST SPEED    22   HIGHEST GUST DIRECTION     E (100)
  AVERAGE WIND SPEED    11.7


SKY COVER
  POSSIBLE SUNSHINE  MM
  AVERAGE SKY COVER 0.9


WEATHER CONDITIONS
 THE FOLLOWING WEATHER WAS RECORDED YESTERDAY.
  RAIN
  LIGHT RAIN
  FOG


RELATIVE HUMIDITY (PERCENT)
 HIGHEST   100           700 AM
 LOWEST     68           200 AM
 AVERAGE    84

..........................................................


THE WICHITA EISENHOWER NATIONAL CLIMATE NORMALS FOR TODAY
                         NORMAL    RECORD    YEAR
 MAXIMUM TEMPERATURE (F)   70        91      2006
                                             1955
 MINIMUM TEMPERATURE (F)   47        32      1959


SUNRISE AND SUNSET
APRIL 22 2018.........SUNRISE   645 AM CDT   SUNSET   812 PM CDT
APRIL 23 2018.........SUNRISE   644 AM CDT   SUNSET   813 PM CDT


-  INDICATES NEGATIVE NUMBERS.
R  INDICATES RECORD WAS SET OR TIED.
MM INDICATES DATA IS MISSING.
T  INDICATES TRACE AMOUNT.




$$
