000
CDUS43 KICT 102245
CLIICT


CLIMATE REPORT
NATIONAL WEATHER SERVICE WICHITA KS
545 PM CDT THU MAY 10 2018


...................................

...THE WICHITA EISENHOWER NATIONAL CLIMATE SUMMARY FOR MAY 10 2018...
VALID TODAY AS OF 0500 PM LOCAL TIME.

CLIMATE NORMAL PERIOD 1981 TO 2010
CLIMATE RECORD PERIOD 1888 TO 2018


WEATHER ITEM   OBSERVED TIME   RECORD YEAR NORMAL DEPARTURE LAST
                VALUE   (LST)  VALUE       VALUE  FROM      YEAR
                                                  NORMAL
..................................................................
TEMPERATURE (F)
 TODAY
  MAXIMUM         88    359 PM 100    1967  75     13       70
  MINIMUM         64    541 AM  37    1946  53     11       62
  AVERAGE         76                        64     12       66

PRECIPITATION (IN)
  TODAY            0.08          1.60 1912   0.14  -0.06     1.46
  MONTH TO DATE    1.17                      1.34  -0.17     2.41
  SINCE MAR 1      4.05                      6.62  -2.57    13.19
  SINCE JAN 1      4.53                      8.63  -4.10    16.81

SNOWFALL (IN)
  TODAY            0.0           0.0  2007   0.0    0.0      0.0
                                      2001
  MONTH TO DATE    0.0                       0.0    0.0      0.0
  SINCE MAR 1      1.0                       2.5   -1.5       T
  SINCE JUL 1      2.0                      14.9  -12.9      2.0
  SNOW DEPTH       0

DEGREE DAYS
 HEATING
  TODAY            0                         3     -3        0
  MONTH TO DATE    0                        41    -41       39
  SINCE MAR 1    921                       909     12      704
  SINCE JUL 1   4277                      4549   -272     3548

 COOLING
  TODAY           11                         2      9        1
  MONTH TO DATE   74                        18     56       20
  SINCE MAR 1     93                        44     49       65
  SINCE JAN 1     93                        44     49       65
..................................................................


WIND (MPH)
  HIGHEST WIND SPEED    33   HIGHEST WIND DIRECTION    NW (330)
  HIGHEST GUST SPEED    46   HIGHEST GUST DIRECTION    NW (310)
  AVERAGE WIND SPEED    11.6


SKY COVER
  POSSIBLE SUNSHINE  MM
  AVERAGE SKY COVER 0.5


WEATHER CONDITIONS
 THE FOLLOWING WEATHER WAS RECORDED TODAY.
  THUNDERSTORM
  LIGHT RAIN
  FOG


RELATIVE HUMIDITY (PERCENT)
 HIGHEST    93           300 AM
 LOWEST     39           300 PM
 AVERAGE    66

..........................................................


THE WICHITA EISENHOWER NATIONAL CLIMATE NORMALS FOR TOMORROW
                         NORMAL    RECORD    YEAR
 MAXIMUM TEMPERATURE (F)   75        94      2000
 MINIMUM TEMPERATURE (F)   54        33      1946


SUNRISE AND SUNSET
MAY 10 2018...........SUNRISE   625 AM CDT   SUNSET   828 PM CDT
MAY 11 2018...........SUNRISE   624 AM CDT   SUNSET   829 PM CDT


-  INDICATES NEGATIVE NUMBERS.
R  INDICATES RECORD WAS SET OR TIED.
MM INDICATES DATA IS MISSING.
T  INDICATES TRACE AMOUNT.




$$
