707
CDUS43 KICT 152204
CLIICT


CLIMATE REPORT
NATIONAL WEATHER SERVICE WICHITA KS
504 PM CDT TUE MAY 15 2018


...................................

...THE WICHITA EISENHOWER NATIONAL CLIMATE SUMMARY FOR MAY 15 2018...
VALID TODAY AS OF 0500 PM LOCAL TIME.

CLIMATE NORMAL PERIOD 1981 TO 2010
CLIMATE RECORD PERIOD 1888 TO 2018


WEATHER ITEM   OBSERVED TIME   RECORD YEAR NORMAL DEPARTURE LAST
                VALUE   (LST)  VALUE       VALUE  FROM      YEAR
                                                  NORMAL
..................................................................
TEMPERATURE (F)
 TODAY
  MAXIMUM         82    342 PM  92    1966  76      6       88
                                      1963
  MINIMUM         63    404 AM  33    1907  55      8       66
  AVERAGE         73                        66      7       77

PRECIPITATION (IN)
  TODAY            0.01          1.81 1900   0.14  -0.13     0.00
  MONTH TO DATE    1.43                      2.06  -0.63     3.31
  SINCE MAR 1      4.31                      7.34  -3.03    14.09
  SINCE JAN 1      4.79                      9.35  -4.56    17.71

SNOWFALL (IN)
  TODAY            0.0           0.0  2007   0.0    0.0      0.0
                                      2001
  MONTH TO DATE    0.0                       0.0    0.0      0.0
  SINCE MAR 1      1.0                       2.5   -1.5       T
  SINCE JUL 1      2.0                      14.9  -12.9      2.0
  SNOW DEPTH       0

DEGREE DAYS
 HEATING
  TODAY            0                         3     -3        0
  MONTH TO DATE    0                        56    -56       45
  SINCE MAR 1    921                       924     -3      710
  SINCE JUL 1   4277                      4564   -287     3554

 COOLING
  TODAY            8                         3      5       12
  MONTH TO DATE  142                        33    109       39
  SINCE MAR 1    161                        59    102       84
  SINCE JAN 1    161                        59    102       84
..................................................................


WIND (MPH)
  HIGHEST WIND SPEED    26   HIGHEST WIND DIRECTION    NE (60)
  HIGHEST GUST SPEED    33   HIGHEST GUST DIRECTION    NE (60)
  AVERAGE WIND SPEED     6.0


SKY COVER
  POSSIBLE SUNSHINE  MM
  AVERAGE SKY COVER 0.7


WEATHER CONDITIONS
 THE FOLLOWING WEATHER WAS RECORDED TODAY.
  THUNDERSTORM
  LIGHT RAIN
  FOG


RELATIVE HUMIDITY (PERCENT)
 HIGHEST    93           300 AM
 LOWEST     67           300 PM
 AVERAGE    80

..........................................................


THE WICHITA EISENHOWER NATIONAL CLIMATE NORMALS FOR TOMORROW
                         NORMAL    RECORD    YEAR
 MAXIMUM TEMPERATURE (F)   77        91      2001
                                             1996
                                             1931
 MINIMUM TEMPERATURE (F)   55        36      1890


SUNRISE AND SUNSET
MAY 15 2018...........SUNRISE   620 AM CDT   SUNSET   832 PM CDT
MAY 16 2018...........SUNRISE   619 AM CDT   SUNSET   833 PM CDT


-  INDICATES NEGATIVE NUMBERS.
R  INDICATES RECORD WAS SET OR TIED.
MM INDICATES DATA IS MISSING.
T  INDICATES TRACE AMOUNT.




$$
