000
CDUS43 KICT 130652
CLIICT


CLIMATE REPORT
NATIONAL WEATHER SERVICE WICHITA KS
151 AM CDT FRI APR 13 2018


...................................

...THE WICHITA EISENHOWER NATIONAL CLIMATE SUMMARY FOR APRIL 12 2018...

CLIMATE NORMAL PERIOD 1981 TO 2010
CLIMATE RECORD PERIOD 1888 TO 2018


WEATHER ITEM   OBSERVED TIME   RECORD YEAR NORMAL DEPARTURE LAST
                VALUE   (LST)  VALUE       VALUE  FROM      YEAR
                                                  NORMAL
..................................................................
TEMPERATURE (F)
 YESTERDAY
  MAXIMUM         87    420 PM  96    1972  67     20       76
  MINIMUM         57    559 AM  21    1940  43     14       47
  AVERAGE         72                        55     17       62

PRECIPITATION (IN)
  YESTERDAY        0.00          1.36 1896   0.08  -0.08      T
  MONTH TO DATE    0.14                      0.90  -0.76     1.72
  SINCE MAR 1      1.26                      3.59  -2.33     5.22
  SINCE JAN 1      1.74                      5.60  -3.86     8.84

SNOWFALL (IN)
  YESTERDAY        0.0           0.8  1959   0.0    0.0      0.0
  MONTH TO DATE    1.0                       0.2    0.8      0.0
  SINCE MAR 1      1.0                       2.5   -1.5       T
  SINCE JUL 1      2.0                      14.9  -12.9      2.0
  SNOW DEPTH       0

DEGREE DAYS
 HEATING
  YESTERDAY        0                        11    -11        3
  MONTH TO DATE  234                       148     86      115
  SINCE MAR 1    716                       725     -9      544
  SINCE JUL 1   4072                      4365   -293     3388

 COOLING
  YESTERDAY        7                         1      6        0
  MONTH TO DATE    7                         5      2        7
  SINCE MAR 1      7                         7      0       25
  SINCE JAN 1      7                         7      0       25
..................................................................


WIND (MPH)
  HIGHEST WIND SPEED    38   HIGHEST WIND DIRECTION     S (170)
  HIGHEST GUST SPEED    46   HIGHEST GUST DIRECTION     S (170)
  AVERAGE WIND SPEED    23.1


SKY COVER
  POSSIBLE SUNSHINE  MM
  AVERAGE SKY COVER 0.4


WEATHER CONDITIONS
 THE FOLLOWING WEATHER WAS RECORDED YESTERDAY.
  NO SIGNIFICANT WEATHER WAS OBSERVED.


RELATIVE HUMIDITY (PERCENT)
 HIGHEST    73          1100 PM
 LOWEST     31           400 PM
 AVERAGE    52

..........................................................


THE WICHITA EISENHOWER NATIONAL CLIMATE NORMALS FOR TODAY
                         NORMAL    RECORD    YEAR
 MAXIMUM TEMPERATURE (F)   67        96      2006
 MINIMUM TEMPERATURE (F)   44        21      1950


SUNRISE AND SUNSET
APRIL 13 2018.........SUNRISE   657 AM CDT   SUNSET   803 PM CDT
APRIL 14 2018.........SUNRISE   656 AM CDT   SUNSET   804 PM CDT


-  INDICATES NEGATIVE NUMBERS.
R  INDICATES RECORD WAS SET OR TIED.
MM INDICATES DATA IS MISSING.
T  INDICATES TRACE AMOUNT.




$$
