000
CXUS53 KICT 010901
CLMICT


CLIMATE REPORT
NATIONAL WEATHER SERVICE WICHITA KS
400 AM CDT TUE MAY 1 2018

...................................

...THE WICHITA EISENHOWER NATIONAL CLIMATE SUMMARY FOR THE MONTH OF APRIL 2018...

CLIMATE NORMAL PERIOD 1981 TO 2010
CLIMATE RECORD PERIOD 1888 TO 2018

WEATHER         OBSERVED          NORMAL  DEPART  LAST YEAR`S
                 VALUE   DATE(S)  VALUE   FROM    VALUE  DATE(S)
                                          NORMAL
................................................................
TEMPERATURE (F)
RECORD
 HIGH              98   04/06/1893
 LOW               15   04/03/1975
HIGHEST            87   04/12                         82  04/19
LOWEST             18   04/07                         34  04/27
AVG. MAXIMUM     64.2              67.7    -3.5     68.2
AVG. MINIMUM     37.3              44.5    -7.2     47.4
MEAN             50.7              56.1    -5.4     57.8
DAYS MAX >= 90      0               0.4    -0.4        0
DAYS MAX <= 32      0               0.0     0.0        0
DAYS MIN <= 32     11               2.4     8.6        0
DAYS MIN <= 0       0               0.0     0.0        0

PRECIPITATION (INCHES)
RECORD
 MAXIMUM        12.42   1944
 MINIMUM         0.22   1963
TOTALS           1.76              2.59   -0.83     7.28
DAILY AVG.       0.06              0.09   -0.03     0.24
DAYS >= .01         7               8.0    -1.0       14
DAYS >= .10         2               4.9    -2.9       11
DAYS >= .50         1               1.6    -0.6        5
DAYS >= 1.00        1               0.6     0.4        3
GREATEST
 24 HR. TOTAL    1.16   04/21 TO 04/21

SNOWFALL (INCHES)
RECORDS
 TOTAL            6.5   1901
TOTALS            1.0               0.2     0.8      0.0
SINCE 7/1         2.0              14.9   -12.9      2.0
SNOWDEPTH AVG.      0                MM      MM        0
DAYS >= 1.0         0               0.0     0.0        0
GREATEST
 SNOW DEPTH         1   04/07                          0  MM
 24 HR TOTAL      0.8   04/06 TO 04/06               0.0

DEGREE_DAYS
HEATING TOTAL     439               291     148      236
 SINCE 7/1       4277              4508    -231     3509
COOLING TOTAL      19                24      -5       27
 SINCE 1/1         19                26      -7       45
.................................................................

WIND (MPH)
AVERAGE WIND SPEED              15.1
HIGHEST WIND SPEED/DIRECTION    39/180    DATE  04/30
HIGHEST GUST SPEED/DIRECTION    49/310    DATE  04/18

SKY COVER
POSSIBLE SUNSHINE (PERCENT)   MM
AVERAGE SKY COVER           0.50
NUMBER OF DAYS FAIR            6
NUMBER OF DAYS PC             16
NUMBER OF DAYS CLOUDY          8

AVERAGE RH (PERCENT)     60

WEATHER CONDITIONS. NUMBER OF DAYS WITH
THUNDERSTORM              0     MIXED PRECIP               0
HEAVY RAIN                0     RAIN                       3
LIGHT RAIN                9     FREEZING RAIN              0
LT FREEZING RAIN          1     HAIL                       0
HEAVY SNOW                0     SNOW                       2
LIGHT SNOW                3     SLEET                      2
FOG                      10     FOG W/VIS <= 1/4 MILE      0
HAZE                      6

-  INDICATES NEGATIVE NUMBERS.
R  INDICATES RECORD WAS SET OR TIED.
MM INDICATES DATA IS MISSING.
T  INDICATES TRACE AMOUNT.

$$
